{"id":35983,"date":"2025-11-05T14:31:06","date_gmt":"2025-11-05T12:31:06","guid":{"rendered":"https:\/\/www.libriparlanti.org\/index.php\/prodotto\/labete-e-la-betulla\/"},"modified":"2025-11-05T16:39:44","modified_gmt":"2025-11-05T14:39:44","slug":"labete-e-la-betulla","status":"publish","type":"product","link":"https:\/\/www.libriparlanti.org\/index.php\/prodotto\/labete-e-la-betulla\/","title":{"rendered":"L&#8217;ABETE E LA BETULLA"},"content":{"rendered":"<p>Francesco Vidotto scrive un racconto delicato e potente che sembra una fiaba ma attinge a recenti studi sull&#8217;intelligenza delle piante: gli scienziati stanno davvero studiando il &#8220;Wood Wide Web&#8221;, una rete sotterranea che mette in comunicazione tra loro le piante del bosco. Queste pagine sommesse eppure piene di poesia ci parlano di noi, del senso della vita, e ci esortano alla semplicit\u00e0 e alla meraviglia, a lasciar rifiorire la gioia di fare foresta insieme.<br \/>\nAbete \u00e8 forte e saldo, le sue radici affondano nella terra e i suoi rami pi\u00f9 alti dominano la foresta, fronteggiando la maest\u00e0 delle montagne. Abete vive un tempo fatto di pazienza, dove le giornate sono istanti e gli anni minuti. Nei suoi aghi sempreverdi e nei cerchi di legno del suo grande cuore conserva la memoria del bosco. Un giorno, per\u00f2, accade una cosa capace di sorprenderlo: il vento porta ai suoi piedi un fragile seme di betulla, quel seme sopravvive sotto la neve e, al disgelo, protende un germoglio proprio verso le sue radici&#8230;<br \/>\nTra il grande abete sempreverde e la betulla dalle foglie decidue nasce cos\u00ec un legame indissolubile. Sono vicini, ma possono solo sfiorarsi; lui ricorda tutto, lei invece ogni inverno si addormenta e dimentica le gioie dell&#8217;estate: \u00e8 un amore difficile, il loro, e come tutti gli amori difficili \u00e8 anche dolcissimo e inimitabile.<\/p>\n","protected":false},"excerpt":{"rendered":"<p><em>Autore:<\/em> FRANCESCO VIDOTTO<br \/>\n<em>Editore:<\/em> BOMPIANI<br \/>\n<em>ISBN:<\/em> 9788830154223<br \/>\n<em>Pubblicazione:<\/em> 04\/11\/2025<\/p>\n","protected":false},"featured_media":35982,"comment_status":"closed","ping_status":"closed","template":"","meta":{"_et_pb_use_builder":"","_et_pb_old_content":"","_et_gb_content_width":"","_joinchat":[]},"product_brand":[],"product_cat":[1736],"product_tag":[],"class_list":{"0":"post-35983","1":"product","2":"type-product","3":"status-publish","4":"has-post-thumbnail","6":"product_cat-narrativa","8":"first","9":"instock","10":"taxable","11":"shipping-taxable","12":"purchasable","13":"product-type-simple"},"yoast_head":"<!-- This site is optimized with the Yoast SEO plugin v27.5 - https:\/\/yoast.com\/product\/yoast-seo-wordpress\/ -->\n<title>L&#039;ABETE E LA BETULLA - Libreria Libri parlanti<\/title>\n<meta name=\"robots\" content=\"index, follow, max-snippet:-1, max-image-preview:large, max-video-preview:-1\" \/>\n<link rel=\"canonical\" href=\"https:\/\/www.libriparlanti.org\/index.php\/prodotto\/labete-e-la-betulla\/\" \/>\n<meta property=\"og:locale\" content=\"it_IT\" \/>\n<meta property=\"og:type\" content=\"article\" \/>\n<meta property=\"og:title\" content=\"L&#039;ABETE E LA BETULLA - Libreria Libri parlanti\" \/>\n<meta property=\"og:description\" content=\"Autore: FRANCESCO VIDOTTO Editore: BOMPIANI ISBN: 9788830154223 Pubblicazione: 04\/11\/2025\" \/>\n<meta property=\"og:url\" content=\"https:\/\/www.libriparlanti.org\/index.php\/prodotto\/labete-e-la-betulla\/\" \/>\n<meta property=\"og:site_name\" content=\"Libreria Libri parlanti\" \/>\n<meta property=\"article:publisher\" content=\"https:\/\/www.facebook.com\/LibriParlanti\" \/>\n<meta property=\"article:modified_time\" content=\"2025-11-05T14:39:44+00:00\" \/>\n<meta name=\"twitter:card\" content=\"summary_large_image\" \/>\n<meta name=\"twitter:label1\" content=\"Tempo di lettura stimato\" \/>\n\t<meta name=\"twitter:data1\" content=\"1 minuto\" \/>\n<script type=\"application\/ld+json\" class=\"yoast-schema-graph\">{\"@context\":\"https:\\\/\\\/schema.org\",\"@graph\":[{\"@type\":\"WebPage\",\"@id\":\"https:\\\/\\\/www.libriparlanti.org\\\/index.php\\\/prodotto\\\/labete-e-la-betulla\\\/\",\"url\":\"https:\\\/\\\/www.libriparlanti.org\\\/index.php\\\/prodotto\\\/labete-e-la-betulla\\\/\",\"name\":\"L'ABETE E LA BETULLA - Libreria Libri parlanti\",\"isPartOf\":{\"@id\":\"https:\\\/\\\/www.libriparlanti.org\\\/#website\"},\"primaryImageOfPage\":{\"@id\":\"https:\\\/\\\/www.libriparlanti.org\\\/index.php\\\/prodotto\\\/labete-e-la-betulla\\\/#primaryimage\"},\"image\":{\"@id\":\"https:\\\/\\\/www.libriparlanti.org\\\/index.php\\\/prodotto\\\/labete-e-la-betulla\\\/#primaryimage\"},\"thumbnailUrl\":\"https:\\\/\\\/www.libriparlanti.org\\\/wp-content\\\/uploads\\\/2025\\\/11\\\/wMyIDN1EDMzgDO4cTO.jpg\",\"datePublished\":\"2025-11-05T12:31:06+00:00\",\"dateModified\":\"2025-11-05T14:39:44+00:00\",\"breadcrumb\":{\"@id\":\"https:\\\/\\\/www.libriparlanti.org\\\/index.php\\\/prodotto\\\/labete-e-la-betulla\\\/#breadcrumb\"},\"inLanguage\":\"it-IT\",\"potentialAction\":[{\"@type\":\"ReadAction\",\"target\":[\"https:\\\/\\\/www.libriparlanti.org\\\/index.php\\\/prodotto\\\/labete-e-la-betulla\\\/\"]}]},{\"@type\":\"ImageObject\",\"inLanguage\":\"it-IT\",\"@id\":\"https:\\\/\\\/www.libriparlanti.org\\\/index.php\\\/prodotto\\\/labete-e-la-betulla\\\/#primaryimage\",\"url\":\"https:\\\/\\\/www.libriparlanti.org\\\/wp-content\\\/uploads\\\/2025\\\/11\\\/wMyIDN1EDMzgDO4cTO.jpg\",\"contentUrl\":\"https:\\\/\\\/www.libriparlanti.org\\\/wp-content\\\/uploads\\\/2025\\\/11\\\/wMyIDN1EDMzgDO4cTO.jpg\",\"width\":214,\"height\":300},{\"@type\":\"BreadcrumbList\",\"@id\":\"https:\\\/\\\/www.libriparlanti.org\\\/index.php\\\/prodotto\\\/labete-e-la-betulla\\\/#breadcrumb\",\"itemListElement\":[{\"@type\":\"ListItem\",\"position\":1,\"name\":\"Home\",\"item\":\"https:\\\/\\\/www.libriparlanti.org\\\/\"},{\"@type\":\"ListItem\",\"position\":2,\"name\":\"Shop\",\"item\":\"https:\\\/\\\/www.libriparlanti.org\\\/index.php\\\/negozio\\\/\"},{\"@type\":\"ListItem\",\"position\":3,\"name\":\"L&#8217;ABETE E LA BETULLA\"}]},{\"@type\":\"WebSite\",\"@id\":\"https:\\\/\\\/www.libriparlanti.org\\\/#website\",\"url\":\"https:\\\/\\\/www.libriparlanti.org\\\/\",\"name\":\"Libreria Libri parlanti\",\"description\":\"Libreria in Castiglione del Lago (Pg)\",\"potentialAction\":[{\"@type\":\"SearchAction\",\"target\":{\"@type\":\"EntryPoint\",\"urlTemplate\":\"https:\\\/\\\/www.libriparlanti.org\\\/?s={search_term_string}\"},\"query-input\":{\"@type\":\"PropertyValueSpecification\",\"valueRequired\":true,\"valueName\":\"search_term_string\"}}],\"inLanguage\":\"it-IT\"}]}<\/script>\n<!-- \/ Yoast SEO plugin. -->","yoast_head_json":{"title":"L'ABETE E LA BETULLA - Libreria Libri parlanti","robots":{"index":"index","follow":"follow","max-snippet":"max-snippet:-1","max-image-preview":"max-image-preview:large","max-video-preview":"max-video-preview:-1"},"canonical":"https:\/\/www.libriparlanti.org\/index.php\/prodotto\/labete-e-la-betulla\/","og_locale":"it_IT","og_type":"article","og_title":"L'ABETE E LA BETULLA - Libreria Libri parlanti","og_description":"Autore: FRANCESCO VIDOTTO Editore: BOMPIANI ISBN: 9788830154223 Pubblicazione: 04\/11\/2025","og_url":"https:\/\/www.libriparlanti.org\/index.php\/prodotto\/labete-e-la-betulla\/","og_site_name":"Libreria Libri parlanti","article_publisher":"https:\/\/www.facebook.com\/LibriParlanti","article_modified_time":"2025-11-05T14:39:44+00:00","twitter_card":"summary_large_image","twitter_misc":{"Tempo di lettura stimato":"1 minuto"},"schema":{"@context":"https:\/\/schema.org","@graph":[{"@type":"WebPage","@id":"https:\/\/www.libriparlanti.org\/index.php\/prodotto\/labete-e-la-betulla\/","url":"https:\/\/www.libriparlanti.org\/index.php\/prodotto\/labete-e-la-betulla\/","name":"L'ABETE E LA BETULLA - Libreria Libri parlanti","isPartOf":{"@id":"https:\/\/www.libriparlanti.org\/#website"},"primaryImageOfPage":{"@id":"https:\/\/www.libriparlanti.org\/index.php\/prodotto\/labete-e-la-betulla\/#primaryimage"},"image":{"@id":"https:\/\/www.libriparlanti.org\/index.php\/prodotto\/labete-e-la-betulla\/#primaryimage"},"thumbnailUrl":"https:\/\/www.libriparlanti.org\/wp-content\/uploads\/2025\/11\/wMyIDN1EDMzgDO4cTO.jpg","datePublished":"2025-11-05T12:31:06+00:00","dateModified":"2025-11-05T14:39:44+00:00","breadcrumb":{"@id":"https:\/\/www.libriparlanti.org\/index.php\/prodotto\/labete-e-la-betulla\/#breadcrumb"},"inLanguage":"it-IT","potentialAction":[{"@type":"ReadAction","target":["https:\/\/www.libriparlanti.org\/index.php\/prodotto\/labete-e-la-betulla\/"]}]},{"@type":"ImageObject","inLanguage":"it-IT","@id":"https:\/\/www.libriparlanti.org\/index.php\/prodotto\/labete-e-la-betulla\/#primaryimage","url":"https:\/\/www.libriparlanti.org\/wp-content\/uploads\/2025\/11\/wMyIDN1EDMzgDO4cTO.jpg","contentUrl":"https:\/\/www.libriparlanti.org\/wp-content\/uploads\/2025\/11\/wMyIDN1EDMzgDO4cTO.jpg","width":214,"height":300},{"@type":"BreadcrumbList","@id":"https:\/\/www.libriparlanti.org\/index.php\/prodotto\/labete-e-la-betulla\/#breadcrumb","itemListElement":[{"@type":"ListItem","position":1,"name":"Home","item":"https:\/\/www.libriparlanti.org\/"},{"@type":"ListItem","position":2,"name":"Shop","item":"https:\/\/www.libriparlanti.org\/index.php\/negozio\/"},{"@type":"ListItem","position":3,"name":"L&#8217;ABETE E LA BETULLA"}]},{"@type":"WebSite","@id":"https:\/\/www.libriparlanti.org\/#website","url":"https:\/\/www.libriparlanti.org\/","name":"Libreria Libri parlanti","description":"Libreria in Castiglione del Lago (Pg)","potentialAction":[{"@type":"SearchAction","target":{"@type":"EntryPoint","urlTemplate":"https:\/\/www.libriparlanti.org\/?s={search_term_string}"},"query-input":{"@type":"PropertyValueSpecification","valueRequired":true,"valueName":"search_term_string"}}],"inLanguage":"it-IT"}]}},"_links":{"self":[{"href":"https:\/\/www.libriparlanti.org\/index.php\/wp-json\/wp\/v2\/product\/35983","targetHints":{"allow":["GET"]}}],"collection":[{"href":"https:\/\/www.libriparlanti.org\/index.php\/wp-json\/wp\/v2\/product"}],"about":[{"href":"https:\/\/www.libriparlanti.org\/index.php\/wp-json\/wp\/v2\/types\/product"}],"replies":[{"embeddable":true,"href":"https:\/\/www.libriparlanti.org\/index.php\/wp-json\/wp\/v2\/comments?post=35983"}],"wp:featuredmedia":[{"embeddable":true,"href":"https:\/\/www.libriparlanti.org\/index.php\/wp-json\/wp\/v2\/media\/35982"}],"wp:attachment":[{"href":"https:\/\/www.libriparlanti.org\/index.php\/wp-json\/wp\/v2\/media?parent=35983"}],"wp:term":[{"taxonomy":"product_brand","embeddable":true,"href":"https:\/\/www.libriparlanti.org\/index.php\/wp-json\/wp\/v2\/product_brand?post=35983"},{"taxonomy":"product_cat","embeddable":true,"href":"https:\/\/www.libriparlanti.org\/index.php\/wp-json\/wp\/v2\/product_cat?post=35983"},{"taxonomy":"product_tag","embeddable":true,"href":"https:\/\/www.libriparlanti.org\/index.php\/wp-json\/wp\/v2\/product_tag?post=35983"}],"curies":[{"name":"wp","href":"https:\/\/api.w.org\/{rel}","templated":true}]}}

<p>Francesco Vidotto scrive un racconto delicato e potente che sembra una fiaba ma attinge a recenti studi sull&#8217;intelligenza delle piante: gli scienziati stanno davvero studiando il &#8220;Wood Wide Web&#8221;, una rete sotterranea che mette in comunicazione tra loro le piante del bosco. Queste pagine sommesse eppure piene di poesia ci parlano di noi, del senso della vita, e ci esortano alla semplicità e alla meraviglia, a lasciar rifiorire la gioia di fare foresta insieme.<br />
Abete è forte e saldo, le sue radici affondano nella terra e i suoi rami più alti dominano la foresta, fronteggiando la maestà delle montagne. Abete vive un tempo fatto di pazienza, dove le giornate sono istanti e gli anni minuti. Nei suoi aghi sempreverdi e nei cerchi di legno del suo grande cuore conserva la memoria del bosco. Un giorno, però, accade una cosa capace di sorprenderlo: il vento porta ai suoi piedi un fragile seme di betulla, quel seme sopravvive sotto la neve e, al disgelo, protende un germoglio proprio verso le sue radici&#8230;<br />
Tra il grande abete sempreverde e la betulla dalle foglie decidue nasce così un legame indissolubile. Sono vicini, ma possono solo sfiorarsi; lui ricorda tutto, lei invece ogni inverno si addormenta e dimentica le gioie dell&#8217;estate: è un amore difficile, il loro, e come tutti gli amori difficili è anche dolcissimo e inimitabile.</p>
