{"id":35908,"date":"2025-11-04T15:37:57","date_gmt":"2025-11-04T13:37:57","guid":{"rendered":"https:\/\/www.libriparlanti.org\/index.php\/prodotto\/caro-giraffa-caro-pinguino\/"},"modified":"2025-11-04T16:16:18","modified_gmt":"2025-11-04T14:16:18","slug":"caro-giraffa-caro-pinguino","status":"publish","type":"product","link":"https:\/\/www.libriparlanti.org\/index.php\/prodotto\/caro-giraffa-caro-pinguino\/","title":{"rendered":"CARO GIRAFFA, CARO PINGUINO"},"content":{"rendered":"<p>Giraffa \u00e8 annoiato, come al solito. Nella savana la vita \u00e8 monotona e vorrebbe un amico con cui condividere le giornate. Cos\u00ec decide di scrivere una lettera: &#8220;Consegnala al primo animale che incontri dall&#8217;altra parte dell&#8217;orizzonte&#8221; dice a Pellicano, che ha appena inaugurato una nuova attivit\u00e0 di consegna postale (anche lui per noia). La lettera giunge a Pinguino che diventa cos\u00ec un vero amico di penna. Giraffa non sa nulla dei pinguini e Pinguino non sa nulla delle giraffe (che cos&#8217;\u00e8 un collo? I pinguini ce l&#8217;hanno? Sono senza collo o forse sono&#8230; tutto-collo?). Un giorno i due decidono di incontrarsi e Giraffa propone all&#8217;amico di presentarsi da lui travestito da pinguino, seguendo le sue indicazioni in un via-vai di lettere esilaranti da un orizzonte all&#8217;altro. Riusciranno nel loro intento? Come sar\u00e0 l&#8217;incontro tra i due? Un libro tutto da ridere, adatto ai primi lettori autonomi. Et\u00e0 di lettura: da 6 anni.<\/p>\n","protected":false},"excerpt":{"rendered":"<p><em>Autore:<\/em> IWASA MEGUMI<br \/>\n<em>Editore:<\/em> LUPOGUIDO<br \/>\n<em>Collana:<\/em> LUPOGUIDO<br \/>\n<em>ISBN:<\/em> 9788885810198<\/p>\n","protected":false},"featured_media":35907,"comment_status":"closed","ping_status":"closed","template":"","meta":{"_et_pb_use_builder":"","_et_pb_old_content":"","_et_gb_content_width":"","_joinchat":[]},"product_brand":[],"product_cat":[959,2377],"product_tag":[],"class_list":{"0":"post-35908","1":"product","2":"type-product","3":"status-publish","4":"has-post-thumbnail","6":"product_cat-senza-categoria","7":"product_cat-ioleggoperche","9":"first","10":"instock","11":"taxable","12":"shipping-taxable","13":"purchasable","14":"product-type-simple"},"yoast_head":"<!-- This site is optimized with the Yoast SEO plugin v27.4 - https:\/\/yoast.com\/product\/yoast-seo-wordpress\/ -->\n<title>CARO GIRAFFA, CARO PINGUINO - Libreria Libri parlanti<\/title>\n<meta name=\"robots\" content=\"index, follow, max-snippet:-1, max-image-preview:large, max-video-preview:-1\" \/>\n<link rel=\"canonical\" href=\"https:\/\/www.libriparlanti.org\/index.php\/prodotto\/caro-giraffa-caro-pinguino\/\" \/>\n<meta property=\"og:locale\" content=\"it_IT\" \/>\n<meta property=\"og:type\" content=\"article\" \/>\n<meta property=\"og:title\" content=\"CARO GIRAFFA, CARO PINGUINO - Libreria Libri parlanti\" \/>\n<meta property=\"og:description\" content=\"Autore: IWASA MEGUMI Editore: LUPOGUIDO Collana: LUPOGUIDO ISBN: 9788885810198\" \/>\n<meta property=\"og:url\" content=\"https:\/\/www.libriparlanti.org\/index.php\/prodotto\/caro-giraffa-caro-pinguino\/\" \/>\n<meta property=\"og:site_name\" content=\"Libreria Libri parlanti\" \/>\n<meta property=\"article:publisher\" content=\"https:\/\/www.facebook.com\/LibriParlanti\" \/>\n<meta property=\"article:modified_time\" content=\"2025-11-04T14:16:18+00:00\" \/>\n<meta property=\"og:image\" content=\"https:\/\/www.libriparlanti.org\/wp-content\/uploads\/2025\/11\/AO5EDMxgTN4gDO4cTO.jpg\" \/>\n\t<meta property=\"og:image:width\" content=\"206\" \/>\n\t<meta property=\"og:image:height\" content=\"300\" \/>\n\t<meta property=\"og:image:type\" content=\"image\/jpeg\" \/>\n<meta name=\"twitter:card\" content=\"summary_large_image\" \/>\n<meta name=\"twitter:label1\" content=\"Tempo di lettura stimato\" \/>\n\t<meta name=\"twitter:data1\" content=\"1 minuto\" \/>\n<script type=\"application\/ld+json\" class=\"yoast-schema-graph\">{\"@context\":\"https:\\\/\\\/schema.org\",\"@graph\":[{\"@type\":\"WebPage\",\"@id\":\"https:\\\/\\\/www.libriparlanti.org\\\/index.php\\\/prodotto\\\/caro-giraffa-caro-pinguino\\\/\",\"url\":\"https:\\\/\\\/www.libriparlanti.org\\\/index.php\\\/prodotto\\\/caro-giraffa-caro-pinguino\\\/\",\"name\":\"CARO GIRAFFA, CARO PINGUINO - Libreria Libri parlanti\",\"isPartOf\":{\"@id\":\"https:\\\/\\\/www.libriparlanti.org\\\/#website\"},\"primaryImageOfPage\":{\"@id\":\"https:\\\/\\\/www.libriparlanti.org\\\/index.php\\\/prodotto\\\/caro-giraffa-caro-pinguino\\\/#primaryimage\"},\"image\":{\"@id\":\"https:\\\/\\\/www.libriparlanti.org\\\/index.php\\\/prodotto\\\/caro-giraffa-caro-pinguino\\\/#primaryimage\"},\"thumbnailUrl\":\"https:\\\/\\\/www.libriparlanti.org\\\/wp-content\\\/uploads\\\/2025\\\/11\\\/AO5EDMxgTN4gDO4cTO.jpg\",\"datePublished\":\"2025-11-04T13:37:57+00:00\",\"dateModified\":\"2025-11-04T14:16:18+00:00\",\"breadcrumb\":{\"@id\":\"https:\\\/\\\/www.libriparlanti.org\\\/index.php\\\/prodotto\\\/caro-giraffa-caro-pinguino\\\/#breadcrumb\"},\"inLanguage\":\"it-IT\",\"potentialAction\":[{\"@type\":\"ReadAction\",\"target\":[\"https:\\\/\\\/www.libriparlanti.org\\\/index.php\\\/prodotto\\\/caro-giraffa-caro-pinguino\\\/\"]}]},{\"@type\":\"ImageObject\",\"inLanguage\":\"it-IT\",\"@id\":\"https:\\\/\\\/www.libriparlanti.org\\\/index.php\\\/prodotto\\\/caro-giraffa-caro-pinguino\\\/#primaryimage\",\"url\":\"https:\\\/\\\/www.libriparlanti.org\\\/wp-content\\\/uploads\\\/2025\\\/11\\\/AO5EDMxgTN4gDO4cTO.jpg\",\"contentUrl\":\"https:\\\/\\\/www.libriparlanti.org\\\/wp-content\\\/uploads\\\/2025\\\/11\\\/AO5EDMxgTN4gDO4cTO.jpg\",\"width\":206,\"height\":300},{\"@type\":\"BreadcrumbList\",\"@id\":\"https:\\\/\\\/www.libriparlanti.org\\\/index.php\\\/prodotto\\\/caro-giraffa-caro-pinguino\\\/#breadcrumb\",\"itemListElement\":[{\"@type\":\"ListItem\",\"position\":1,\"name\":\"Home\",\"item\":\"https:\\\/\\\/www.libriparlanti.org\\\/\"},{\"@type\":\"ListItem\",\"position\":2,\"name\":\"Shop\",\"item\":\"https:\\\/\\\/www.libriparlanti.org\\\/index.php\\\/negozio\\\/\"},{\"@type\":\"ListItem\",\"position\":3,\"name\":\"CARO GIRAFFA, CARO PINGUINO\"}]},{\"@type\":\"WebSite\",\"@id\":\"https:\\\/\\\/www.libriparlanti.org\\\/#website\",\"url\":\"https:\\\/\\\/www.libriparlanti.org\\\/\",\"name\":\"Libreria Libri parlanti\",\"description\":\"Libreria in Castiglione del Lago (Pg)\",\"potentialAction\":[{\"@type\":\"SearchAction\",\"target\":{\"@type\":\"EntryPoint\",\"urlTemplate\":\"https:\\\/\\\/www.libriparlanti.org\\\/?s={search_term_string}\"},\"query-input\":{\"@type\":\"PropertyValueSpecification\",\"valueRequired\":true,\"valueName\":\"search_term_string\"}}],\"inLanguage\":\"it-IT\"}]}<\/script>\n<!-- \/ Yoast SEO plugin. -->","yoast_head_json":{"title":"CARO GIRAFFA, CARO PINGUINO - Libreria Libri parlanti","robots":{"index":"index","follow":"follow","max-snippet":"max-snippet:-1","max-image-preview":"max-image-preview:large","max-video-preview":"max-video-preview:-1"},"canonical":"https:\/\/www.libriparlanti.org\/index.php\/prodotto\/caro-giraffa-caro-pinguino\/","og_locale":"it_IT","og_type":"article","og_title":"CARO GIRAFFA, CARO PINGUINO - Libreria Libri parlanti","og_description":"Autore: IWASA MEGUMI Editore: LUPOGUIDO Collana: LUPOGUIDO ISBN: 9788885810198","og_url":"https:\/\/www.libriparlanti.org\/index.php\/prodotto\/caro-giraffa-caro-pinguino\/","og_site_name":"Libreria Libri parlanti","article_publisher":"https:\/\/www.facebook.com\/LibriParlanti","article_modified_time":"2025-11-04T14:16:18+00:00","og_image":[{"width":206,"height":300,"url":"https:\/\/www.libriparlanti.org\/wp-content\/uploads\/2025\/11\/AO5EDMxgTN4gDO4cTO.jpg","type":"image\/jpeg"}],"twitter_card":"summary_large_image","twitter_misc":{"Tempo di lettura stimato":"1 minuto"},"schema":{"@context":"https:\/\/schema.org","@graph":[{"@type":"WebPage","@id":"https:\/\/www.libriparlanti.org\/index.php\/prodotto\/caro-giraffa-caro-pinguino\/","url":"https:\/\/www.libriparlanti.org\/index.php\/prodotto\/caro-giraffa-caro-pinguino\/","name":"CARO GIRAFFA, CARO PINGUINO - Libreria Libri parlanti","isPartOf":{"@id":"https:\/\/www.libriparlanti.org\/#website"},"primaryImageOfPage":{"@id":"https:\/\/www.libriparlanti.org\/index.php\/prodotto\/caro-giraffa-caro-pinguino\/#primaryimage"},"image":{"@id":"https:\/\/www.libriparlanti.org\/index.php\/prodotto\/caro-giraffa-caro-pinguino\/#primaryimage"},"thumbnailUrl":"https:\/\/www.libriparlanti.org\/wp-content\/uploads\/2025\/11\/AO5EDMxgTN4gDO4cTO.jpg","datePublished":"2025-11-04T13:37:57+00:00","dateModified":"2025-11-04T14:16:18+00:00","breadcrumb":{"@id":"https:\/\/www.libriparlanti.org\/index.php\/prodotto\/caro-giraffa-caro-pinguino\/#breadcrumb"},"inLanguage":"it-IT","potentialAction":[{"@type":"ReadAction","target":["https:\/\/www.libriparlanti.org\/index.php\/prodotto\/caro-giraffa-caro-pinguino\/"]}]},{"@type":"ImageObject","inLanguage":"it-IT","@id":"https:\/\/www.libriparlanti.org\/index.php\/prodotto\/caro-giraffa-caro-pinguino\/#primaryimage","url":"https:\/\/www.libriparlanti.org\/wp-content\/uploads\/2025\/11\/AO5EDMxgTN4gDO4cTO.jpg","contentUrl":"https:\/\/www.libriparlanti.org\/wp-content\/uploads\/2025\/11\/AO5EDMxgTN4gDO4cTO.jpg","width":206,"height":300},{"@type":"BreadcrumbList","@id":"https:\/\/www.libriparlanti.org\/index.php\/prodotto\/caro-giraffa-caro-pinguino\/#breadcrumb","itemListElement":[{"@type":"ListItem","position":1,"name":"Home","item":"https:\/\/www.libriparlanti.org\/"},{"@type":"ListItem","position":2,"name":"Shop","item":"https:\/\/www.libriparlanti.org\/index.php\/negozio\/"},{"@type":"ListItem","position":3,"name":"CARO GIRAFFA, CARO PINGUINO"}]},{"@type":"WebSite","@id":"https:\/\/www.libriparlanti.org\/#website","url":"https:\/\/www.libriparlanti.org\/","name":"Libreria Libri parlanti","description":"Libreria in Castiglione del Lago (Pg)","potentialAction":[{"@type":"SearchAction","target":{"@type":"EntryPoint","urlTemplate":"https:\/\/www.libriparlanti.org\/?s={search_term_string}"},"query-input":{"@type":"PropertyValueSpecification","valueRequired":true,"valueName":"search_term_string"}}],"inLanguage":"it-IT"}]}},"_links":{"self":[{"href":"https:\/\/www.libriparlanti.org\/index.php\/wp-json\/wp\/v2\/product\/35908","targetHints":{"allow":["GET"]}}],"collection":[{"href":"https:\/\/www.libriparlanti.org\/index.php\/wp-json\/wp\/v2\/product"}],"about":[{"href":"https:\/\/www.libriparlanti.org\/index.php\/wp-json\/wp\/v2\/types\/product"}],"replies":[{"embeddable":true,"href":"https:\/\/www.libriparlanti.org\/index.php\/wp-json\/wp\/v2\/comments?post=35908"}],"wp:featuredmedia":[{"embeddable":true,"href":"https:\/\/www.libriparlanti.org\/index.php\/wp-json\/wp\/v2\/media\/35907"}],"wp:attachment":[{"href":"https:\/\/www.libriparlanti.org\/index.php\/wp-json\/wp\/v2\/media?parent=35908"}],"wp:term":[{"taxonomy":"product_brand","embeddable":true,"href":"https:\/\/www.libriparlanti.org\/index.php\/wp-json\/wp\/v2\/product_brand?post=35908"},{"taxonomy":"product_cat","embeddable":true,"href":"https:\/\/www.libriparlanti.org\/index.php\/wp-json\/wp\/v2\/product_cat?post=35908"},{"taxonomy":"product_tag","embeddable":true,"href":"https:\/\/www.libriparlanti.org\/index.php\/wp-json\/wp\/v2\/product_tag?post=35908"}],"curies":[{"name":"wp","href":"https:\/\/api.w.org\/{rel}","templated":true}]}}