{"id":34997,"date":"2025-06-04T13:07:01","date_gmt":"2025-06-04T11:07:01","guid":{"rendered":"https:\/\/www.libriparlanti.org\/index.php\/prodotto\/a-fuoco\/"},"modified":"2025-09-23T12:34:07","modified_gmt":"2025-09-23T10:34:07","slug":"a-fuoco","status":"publish","type":"product","link":"https:\/\/www.libriparlanti.org\/index.php\/prodotto\/a-fuoco\/","title":{"rendered":"A FUOCO"},"content":{"rendered":"<p>Gianluca Grimalda, ricercatore in scienze sociali e attivista climatico, \u00e8 stato il primo lavoratore dipendente licenziato per il suo rifiuto di prendere un aereo. In questo libro racconta il perch\u00e9 della sua scelta, coerente con la sua decennale esperienza di &#8220;viaggiatore lento&#8221; orientata a ridurre le proprie emissioni di CO\u00b2.?La sua vicenda lavorativa e affettiva si intreccia al racconto del viaggio di 28.000 chilometri &#8211; dall&#8217;isola di Bougainville, nelle Isole Salomone, alla Germania &#8211; percorsi in nave, treno, pullman, camion, taxi, per 650 ore di viaggio effettivo in 72 giorni. Il viaggio lento offre la possibilit\u00e0 di mettere cos\u00ec &#8220;a fuoco&#8221; gli abitanti della &#8220;periferia globale&#8221; e di ascoltare le perdite da loro gi\u00e0 sofferte in relazione al cambiamento climatico in corso, le loro paure, speranze, e le loro forme di adattamento.?In queste pagine Grimalda mette in atto la possibilit\u00e0 di cambiamento sociale offerta dalla disobbedienza civile e ci costringe a guardare in faccia la dissonanza che attraversa le nostre vite: sapere ci\u00f2 che andrebbe fatto, ma non farlo.?A fuoco ci interroga su quale sia il confine tra responsabilit\u00e0 individuale e collettiva, ma \u00e8 anche un invito: a cambiare direzione e superare il prima possibile la nostra dipendenza tossica dai combustibili fossili.Un racconto di viaggio.Un&#8217;analisi del cambiamento climatico nel mondo.Un invito all&#8217;azione collettiva.<\/p>\n","protected":false},"excerpt":{"rendered":"<p><em>Autore:<\/em> GRIMALDA GIANLUCA<br \/>\n<em>Editore:<\/em> FELTRINELLI<br \/>\n<em>ISBN:<\/em> 9788807730733<\/p>\n","protected":false},"featured_media":34996,"comment_status":"closed","ping_status":"closed","template":"","meta":{"_et_pb_use_builder":"","_et_pb_old_content":"","_et_gb_content_width":"","_joinchat":[]},"product_brand":[],"product_cat":[1734],"product_tag":[],"class_list":{"0":"post-34997","1":"product","2":"type-product","3":"status-publish","4":"has-post-thumbnail","6":"product_cat-saggistica","8":"first","9":"onbackorder","10":"taxable","11":"shipping-taxable","12":"purchasable","13":"product-type-simple"},"yoast_head":"<!-- This site is optimized with the Yoast SEO plugin v27.5 - https:\/\/yoast.com\/product\/yoast-seo-wordpress\/ -->\n<title>A FUOCO - Libreria Libri parlanti<\/title>\n<meta name=\"robots\" content=\"index, follow, max-snippet:-1, max-image-preview:large, max-video-preview:-1\" \/>\n<link rel=\"canonical\" href=\"https:\/\/www.libriparlanti.org\/index.php\/prodotto\/a-fuoco\/\" \/>\n<meta property=\"og:locale\" content=\"it_IT\" \/>\n<meta property=\"og:type\" content=\"article\" \/>\n<meta property=\"og:title\" content=\"A FUOCO - Libreria Libri parlanti\" \/>\n<meta property=\"og:description\" content=\"Autore: GRIMALDA GIANLUCA Editore: FELTRINELLI ISBN: 9788807730733\" \/>\n<meta property=\"og:url\" content=\"https:\/\/www.libriparlanti.org\/index.php\/prodotto\/a-fuoco\/\" \/>\n<meta property=\"og:site_name\" content=\"Libreria Libri parlanti\" \/>\n<meta property=\"article:publisher\" content=\"https:\/\/www.facebook.com\/LibriParlanti\" \/>\n<meta property=\"article:modified_time\" content=\"2025-09-23T10:34:07+00:00\" \/>\n<meta property=\"og:image\" content=\"https:\/\/www.libriparlanti.org\/wp-content\/uploads\/2025\/06\/wMzcDMzczNwgDO4cTO.jpg\" \/>\n\t<meta property=\"og:image:width\" content=\"188\" \/>\n\t<meta property=\"og:image:height\" content=\"300\" \/>\n\t<meta property=\"og:image:type\" content=\"image\/jpeg\" \/>\n<meta name=\"twitter:card\" content=\"summary_large_image\" \/>\n<meta name=\"twitter:label1\" content=\"Tempo di lettura stimato\" \/>\n\t<meta name=\"twitter:data1\" content=\"1 minuto\" \/>\n<script type=\"application\/ld+json\" class=\"yoast-schema-graph\">{\"@context\":\"https:\\\/\\\/schema.org\",\"@graph\":[{\"@type\":\"WebPage\",\"@id\":\"https:\\\/\\\/www.libriparlanti.org\\\/index.php\\\/prodotto\\\/a-fuoco\\\/\",\"url\":\"https:\\\/\\\/www.libriparlanti.org\\\/index.php\\\/prodotto\\\/a-fuoco\\\/\",\"name\":\"A FUOCO - Libreria Libri parlanti\",\"isPartOf\":{\"@id\":\"https:\\\/\\\/www.libriparlanti.org\\\/#website\"},\"primaryImageOfPage\":{\"@id\":\"https:\\\/\\\/www.libriparlanti.org\\\/index.php\\\/prodotto\\\/a-fuoco\\\/#primaryimage\"},\"image\":{\"@id\":\"https:\\\/\\\/www.libriparlanti.org\\\/index.php\\\/prodotto\\\/a-fuoco\\\/#primaryimage\"},\"thumbnailUrl\":\"https:\\\/\\\/www.libriparlanti.org\\\/wp-content\\\/uploads\\\/2025\\\/06\\\/wMzcDMzczNwgDO4cTO.jpg\",\"datePublished\":\"2025-06-04T11:07:01+00:00\",\"dateModified\":\"2025-09-23T10:34:07+00:00\",\"breadcrumb\":{\"@id\":\"https:\\\/\\\/www.libriparlanti.org\\\/index.php\\\/prodotto\\\/a-fuoco\\\/#breadcrumb\"},\"inLanguage\":\"it-IT\",\"potentialAction\":[{\"@type\":\"ReadAction\",\"target\":[\"https:\\\/\\\/www.libriparlanti.org\\\/index.php\\\/prodotto\\\/a-fuoco\\\/\"]}]},{\"@type\":\"ImageObject\",\"inLanguage\":\"it-IT\",\"@id\":\"https:\\\/\\\/www.libriparlanti.org\\\/index.php\\\/prodotto\\\/a-fuoco\\\/#primaryimage\",\"url\":\"https:\\\/\\\/www.libriparlanti.org\\\/wp-content\\\/uploads\\\/2025\\\/06\\\/wMzcDMzczNwgDO4cTO.jpg\",\"contentUrl\":\"https:\\\/\\\/www.libriparlanti.org\\\/wp-content\\\/uploads\\\/2025\\\/06\\\/wMzcDMzczNwgDO4cTO.jpg\",\"width\":188,\"height\":300},{\"@type\":\"BreadcrumbList\",\"@id\":\"https:\\\/\\\/www.libriparlanti.org\\\/index.php\\\/prodotto\\\/a-fuoco\\\/#breadcrumb\",\"itemListElement\":[{\"@type\":\"ListItem\",\"position\":1,\"name\":\"Home\",\"item\":\"https:\\\/\\\/www.libriparlanti.org\\\/\"},{\"@type\":\"ListItem\",\"position\":2,\"name\":\"Shop\",\"item\":\"https:\\\/\\\/www.libriparlanti.org\\\/index.php\\\/negozio\\\/\"},{\"@type\":\"ListItem\",\"position\":3,\"name\":\"A FUOCO\"}]},{\"@type\":\"WebSite\",\"@id\":\"https:\\\/\\\/www.libriparlanti.org\\\/#website\",\"url\":\"https:\\\/\\\/www.libriparlanti.org\\\/\",\"name\":\"Libreria Libri parlanti\",\"description\":\"Libreria in Castiglione del Lago (Pg)\",\"potentialAction\":[{\"@type\":\"SearchAction\",\"target\":{\"@type\":\"EntryPoint\",\"urlTemplate\":\"https:\\\/\\\/www.libriparlanti.org\\\/?s={search_term_string}\"},\"query-input\":{\"@type\":\"PropertyValueSpecification\",\"valueRequired\":true,\"valueName\":\"search_term_string\"}}],\"inLanguage\":\"it-IT\"}]}<\/script>\n<!-- \/ Yoast SEO plugin. -->","yoast_head_json":{"title":"A FUOCO - Libreria Libri parlanti","robots":{"index":"index","follow":"follow","max-snippet":"max-snippet:-1","max-image-preview":"max-image-preview:large","max-video-preview":"max-video-preview:-1"},"canonical":"https:\/\/www.libriparlanti.org\/index.php\/prodotto\/a-fuoco\/","og_locale":"it_IT","og_type":"article","og_title":"A FUOCO - Libreria Libri parlanti","og_description":"Autore: GRIMALDA GIANLUCA Editore: FELTRINELLI ISBN: 9788807730733","og_url":"https:\/\/www.libriparlanti.org\/index.php\/prodotto\/a-fuoco\/","og_site_name":"Libreria Libri parlanti","article_publisher":"https:\/\/www.facebook.com\/LibriParlanti","article_modified_time":"2025-09-23T10:34:07+00:00","og_image":[{"width":188,"height":300,"url":"https:\/\/www.libriparlanti.org\/wp-content\/uploads\/2025\/06\/wMzcDMzczNwgDO4cTO.jpg","type":"image\/jpeg"}],"twitter_card":"summary_large_image","twitter_misc":{"Tempo di lettura stimato":"1 minuto"},"schema":{"@context":"https:\/\/schema.org","@graph":[{"@type":"WebPage","@id":"https:\/\/www.libriparlanti.org\/index.php\/prodotto\/a-fuoco\/","url":"https:\/\/www.libriparlanti.org\/index.php\/prodotto\/a-fuoco\/","name":"A FUOCO - Libreria Libri parlanti","isPartOf":{"@id":"https:\/\/www.libriparlanti.org\/#website"},"primaryImageOfPage":{"@id":"https:\/\/www.libriparlanti.org\/index.php\/prodotto\/a-fuoco\/#primaryimage"},"image":{"@id":"https:\/\/www.libriparlanti.org\/index.php\/prodotto\/a-fuoco\/#primaryimage"},"thumbnailUrl":"https:\/\/www.libriparlanti.org\/wp-content\/uploads\/2025\/06\/wMzcDMzczNwgDO4cTO.jpg","datePublished":"2025-06-04T11:07:01+00:00","dateModified":"2025-09-23T10:34:07+00:00","breadcrumb":{"@id":"https:\/\/www.libriparlanti.org\/index.php\/prodotto\/a-fuoco\/#breadcrumb"},"inLanguage":"it-IT","potentialAction":[{"@type":"ReadAction","target":["https:\/\/www.libriparlanti.org\/index.php\/prodotto\/a-fuoco\/"]}]},{"@type":"ImageObject","inLanguage":"it-IT","@id":"https:\/\/www.libriparlanti.org\/index.php\/prodotto\/a-fuoco\/#primaryimage","url":"https:\/\/www.libriparlanti.org\/wp-content\/uploads\/2025\/06\/wMzcDMzczNwgDO4cTO.jpg","contentUrl":"https:\/\/www.libriparlanti.org\/wp-content\/uploads\/2025\/06\/wMzcDMzczNwgDO4cTO.jpg","width":188,"height":300},{"@type":"BreadcrumbList","@id":"https:\/\/www.libriparlanti.org\/index.php\/prodotto\/a-fuoco\/#breadcrumb","itemListElement":[{"@type":"ListItem","position":1,"name":"Home","item":"https:\/\/www.libriparlanti.org\/"},{"@type":"ListItem","position":2,"name":"Shop","item":"https:\/\/www.libriparlanti.org\/index.php\/negozio\/"},{"@type":"ListItem","position":3,"name":"A FUOCO"}]},{"@type":"WebSite","@id":"https:\/\/www.libriparlanti.org\/#website","url":"https:\/\/www.libriparlanti.org\/","name":"Libreria Libri parlanti","description":"Libreria in Castiglione del Lago (Pg)","potentialAction":[{"@type":"SearchAction","target":{"@type":"EntryPoint","urlTemplate":"https:\/\/www.libriparlanti.org\/?s={search_term_string}"},"query-input":{"@type":"PropertyValueSpecification","valueRequired":true,"valueName":"search_term_string"}}],"inLanguage":"it-IT"}]}},"_links":{"self":[{"href":"https:\/\/www.libriparlanti.org\/index.php\/wp-json\/wp\/v2\/product\/34997","targetHints":{"allow":["GET"]}}],"collection":[{"href":"https:\/\/www.libriparlanti.org\/index.php\/wp-json\/wp\/v2\/product"}],"about":[{"href":"https:\/\/www.libriparlanti.org\/index.php\/wp-json\/wp\/v2\/types\/product"}],"replies":[{"embeddable":true,"href":"https:\/\/www.libriparlanti.org\/index.php\/wp-json\/wp\/v2\/comments?post=34997"}],"wp:featuredmedia":[{"embeddable":true,"href":"https:\/\/www.libriparlanti.org\/index.php\/wp-json\/wp\/v2\/media\/34996"}],"wp:attachment":[{"href":"https:\/\/www.libriparlanti.org\/index.php\/wp-json\/wp\/v2\/media?parent=34997"}],"wp:term":[{"taxonomy":"product_brand","embeddable":true,"href":"https:\/\/www.libriparlanti.org\/index.php\/wp-json\/wp\/v2\/product_brand?post=34997"},{"taxonomy":"product_cat","embeddable":true,"href":"https:\/\/www.libriparlanti.org\/index.php\/wp-json\/wp\/v2\/product_cat?post=34997"},{"taxonomy":"product_tag","embeddable":true,"href":"https:\/\/www.libriparlanti.org\/index.php\/wp-json\/wp\/v2\/product_tag?post=34997"}],"curies":[{"name":"wp","href":"https:\/\/api.w.org\/{rel}","templated":true}]}}

<p>Gianluca Grimalda, ricercatore in scienze sociali e attivista climatico, è stato il primo lavoratore dipendente licenziato per il suo rifiuto di prendere un aereo. In questo libro racconta il perché della sua scelta, coerente con la sua decennale esperienza di &#8220;viaggiatore lento&#8221; orientata a ridurre le proprie emissioni di CO².?La sua vicenda lavorativa e affettiva si intreccia al racconto del viaggio di 28.000 chilometri &#8211; dall&#8217;isola di Bougainville, nelle Isole Salomone, alla Germania &#8211; percorsi in nave, treno, pullman, camion, taxi, per 650 ore di viaggio effettivo in 72 giorni. Il viaggio lento offre la possibilità di mettere così &#8220;a fuoco&#8221; gli abitanti della &#8220;periferia globale&#8221; e di ascoltare le perdite da loro già sofferte in relazione al cambiamento climatico in corso, le loro paure, speranze, e le loro forme di adattamento.?In queste pagine Grimalda mette in atto la possibilità di cambiamento sociale offerta dalla disobbedienza civile e ci costringe a guardare in faccia la dissonanza che attraversa le nostre vite: sapere ciò che andrebbe fatto, ma non farlo.?A fuoco ci interroga su quale sia il confine tra responsabilità individuale e collettiva, ma è anche un invito: a cambiare direzione e superare il prima possibile la nostra dipendenza tossica dai combustibili fossili.Un racconto di viaggio.Un&#8217;analisi del cambiamento climatico nel mondo.Un invito all&#8217;azione collettiva.</p>
