{"id":34555,"date":"2025-05-07T13:54:44","date_gmt":"2025-05-07T11:54:44","guid":{"rendered":"https:\/\/www.libriparlanti.org\/index.php\/prodotto\/storia-di-frollino-il-nostro-bambino-ma\/"},"modified":"2025-11-07T19:35:57","modified_gmt":"2025-11-07T17:35:57","slug":"storia-di-frollino-il-nostro-bambino-ma","status":"publish","type":"product","link":"https:\/\/www.libriparlanti.org\/index.php\/prodotto\/storia-di-frollino-il-nostro-bambino-ma\/","title":{"rendered":"STORIA DI FROLLINO, IL NOSTRO BAMBINO MA"},"content":{"rendered":"<p>Quando Giada, ad appena ventitr\u00e9 anni, rimane incinta del suo secondo figlio, lei e il compagno Alessio sono ebbri di felicit\u00e0. Gi\u00e0 genitori di Matilde, non vedono l&#8217;ora di allargare la loro famiglia. Quella che stanno costruendo \u00e8 la vita che sognavano fin da quando, ancora ragazzini, si sono messi insieme. A qualche mese dalla nascita di Roberto, per\u00f2, Giada si accorge che qualcosa non va. Dopo una sequela infinita di visite, riesce finalmente ad avere una diagnosi. Il suo secondogenito \u00e8 affetto da una malattia genetica rarissima e degenerativa, la sindrome di Cockayne. Quando guarda il suo bimbo, per\u00f2, Giada non vede un bambino disabile. Vede semplicemente Roberto, o Frollino, come lo ha ribattezzato Matilde quando lo ha incontrato per la prima volta, un piccolo uomo che con il suo sorriso sdentato e il ciuffo biondo da ragazzaccio riesce a scatenare onde d&#8217;amore, a conquistare cuori, a parlare anche senza parole. E questo non pu\u00f2 che provocarle un&#8217;immensa gioia, nonostante la fatica e la sofferenza, bagaglio pesante e onnipresente. In queste pagine c&#8217;\u00e8 la vita vera, fatta di abbracci, risate, pensieri scomodi e speranze. C&#8217;\u00e8 la forza gentile e l&#8217;amore ostinato di una madre e di una famiglia composta da donne tenaci, amici insospettabilmente teneri, un pap\u00e0 imperfetto ma presente e una sorellina che sa essere una piccola leonessa. Il racconto luminoso di una quotidianit\u00e0 fuori dall&#8217;ordinario narrato da una madre che ci accompagna con ironia e sincerit\u00e0 nel mondo di una creatura fatta di cielo, capace di accendere l&#8217;amore ovunque vada.<\/p>\n","protected":false},"excerpt":{"rendered":"<p><em>Autore:<\/em> DI BERARDINO GIADA<br \/>\n<em>Editore:<\/em> MONDADORI ARNOLDO VARIA<br \/>\n<em>ISBN:<\/em> 9788804805052<\/p>\n","protected":false},"featured_media":34554,"comment_status":"closed","ping_status":"closed","template":"","meta":{"_et_pb_use_builder":"","_et_pb_old_content":"","_et_gb_content_width":"","_joinchat":[]},"product_brand":[],"product_cat":[959],"product_tag":[],"class_list":{"0":"post-34555","1":"product","2":"type-product","3":"status-publish","4":"has-post-thumbnail","6":"product_cat-senza-categoria","8":"first","9":"instock","10":"taxable","11":"shipping-taxable","12":"purchasable","13":"product-type-simple"},"yoast_head":"<!-- This site is optimized with the Yoast SEO plugin v27.5 - https:\/\/yoast.com\/product\/yoast-seo-wordpress\/ -->\n<title>STORIA DI FROLLINO, IL NOSTRO BAMBINO MA - Libreria Libri parlanti<\/title>\n<meta name=\"robots\" content=\"index, follow, max-snippet:-1, max-image-preview:large, max-video-preview:-1\" \/>\n<link rel=\"canonical\" href=\"https:\/\/www.libriparlanti.org\/index.php\/prodotto\/storia-di-frollino-il-nostro-bambino-ma\/\" \/>\n<meta property=\"og:locale\" content=\"it_IT\" \/>\n<meta property=\"og:type\" content=\"article\" \/>\n<meta property=\"og:title\" content=\"STORIA DI FROLLINO, IL NOSTRO BAMBINO MA - Libreria Libri parlanti\" \/>\n<meta property=\"og:description\" content=\"Autore: DI BERARDINO GIADA Editore: MONDADORI ARNOLDO VARIA ISBN: 9788804805052\" \/>\n<meta property=\"og:url\" content=\"https:\/\/www.libriparlanti.org\/index.php\/prodotto\/storia-di-frollino-il-nostro-bambino-ma\/\" \/>\n<meta property=\"og:site_name\" content=\"Libreria Libri parlanti\" \/>\n<meta property=\"article:publisher\" content=\"https:\/\/www.facebook.com\/LibriParlanti\" \/>\n<meta property=\"article:modified_time\" content=\"2025-11-07T17:35:57+00:00\" \/>\n<meta property=\"og:image\" content=\"https:\/\/www.libriparlanti.org\/wp-content\/uploads\/2025\/05\/9788804805052.jpg\" \/>\n\t<meta property=\"og:image:width\" content=\"228\" \/>\n\t<meta property=\"og:image:height\" content=\"350\" \/>\n\t<meta property=\"og:image:type\" content=\"image\/jpeg\" \/>\n<meta name=\"twitter:card\" content=\"summary_large_image\" \/>\n<meta name=\"twitter:label1\" content=\"Tempo di lettura stimato\" \/>\n\t<meta name=\"twitter:data1\" content=\"1 minuto\" \/>\n<script type=\"application\/ld+json\" class=\"yoast-schema-graph\">{\"@context\":\"https:\\\/\\\/schema.org\",\"@graph\":[{\"@type\":\"WebPage\",\"@id\":\"https:\\\/\\\/www.libriparlanti.org\\\/index.php\\\/prodotto\\\/storia-di-frollino-il-nostro-bambino-ma\\\/\",\"url\":\"https:\\\/\\\/www.libriparlanti.org\\\/index.php\\\/prodotto\\\/storia-di-frollino-il-nostro-bambino-ma\\\/\",\"name\":\"STORIA DI FROLLINO, IL NOSTRO BAMBINO MA - Libreria Libri parlanti\",\"isPartOf\":{\"@id\":\"https:\\\/\\\/www.libriparlanti.org\\\/#website\"},\"primaryImageOfPage\":{\"@id\":\"https:\\\/\\\/www.libriparlanti.org\\\/index.php\\\/prodotto\\\/storia-di-frollino-il-nostro-bambino-ma\\\/#primaryimage\"},\"image\":{\"@id\":\"https:\\\/\\\/www.libriparlanti.org\\\/index.php\\\/prodotto\\\/storia-di-frollino-il-nostro-bambino-ma\\\/#primaryimage\"},\"thumbnailUrl\":\"https:\\\/\\\/www.libriparlanti.org\\\/wp-content\\\/uploads\\\/2025\\\/05\\\/9788804805052.jpg\",\"datePublished\":\"2025-05-07T11:54:44+00:00\",\"dateModified\":\"2025-11-07T17:35:57+00:00\",\"breadcrumb\":{\"@id\":\"https:\\\/\\\/www.libriparlanti.org\\\/index.php\\\/prodotto\\\/storia-di-frollino-il-nostro-bambino-ma\\\/#breadcrumb\"},\"inLanguage\":\"it-IT\",\"potentialAction\":[{\"@type\":\"ReadAction\",\"target\":[\"https:\\\/\\\/www.libriparlanti.org\\\/index.php\\\/prodotto\\\/storia-di-frollino-il-nostro-bambino-ma\\\/\"]}]},{\"@type\":\"ImageObject\",\"inLanguage\":\"it-IT\",\"@id\":\"https:\\\/\\\/www.libriparlanti.org\\\/index.php\\\/prodotto\\\/storia-di-frollino-il-nostro-bambino-ma\\\/#primaryimage\",\"url\":\"https:\\\/\\\/www.libriparlanti.org\\\/wp-content\\\/uploads\\\/2025\\\/05\\\/9788804805052.jpg\",\"contentUrl\":\"https:\\\/\\\/www.libriparlanti.org\\\/wp-content\\\/uploads\\\/2025\\\/05\\\/9788804805052.jpg\",\"width\":228,\"height\":350},{\"@type\":\"BreadcrumbList\",\"@id\":\"https:\\\/\\\/www.libriparlanti.org\\\/index.php\\\/prodotto\\\/storia-di-frollino-il-nostro-bambino-ma\\\/#breadcrumb\",\"itemListElement\":[{\"@type\":\"ListItem\",\"position\":1,\"name\":\"Home\",\"item\":\"https:\\\/\\\/www.libriparlanti.org\\\/\"},{\"@type\":\"ListItem\",\"position\":2,\"name\":\"Shop\",\"item\":\"https:\\\/\\\/www.libriparlanti.org\\\/index.php\\\/negozio\\\/\"},{\"@type\":\"ListItem\",\"position\":3,\"name\":\"STORIA DI FROLLINO, IL NOSTRO BAMBINO MA\"}]},{\"@type\":\"WebSite\",\"@id\":\"https:\\\/\\\/www.libriparlanti.org\\\/#website\",\"url\":\"https:\\\/\\\/www.libriparlanti.org\\\/\",\"name\":\"Libreria Libri parlanti\",\"description\":\"Libreria in Castiglione del Lago (Pg)\",\"potentialAction\":[{\"@type\":\"SearchAction\",\"target\":{\"@type\":\"EntryPoint\",\"urlTemplate\":\"https:\\\/\\\/www.libriparlanti.org\\\/?s={search_term_string}\"},\"query-input\":{\"@type\":\"PropertyValueSpecification\",\"valueRequired\":true,\"valueName\":\"search_term_string\"}}],\"inLanguage\":\"it-IT\"}]}<\/script>\n<!-- \/ Yoast SEO plugin. -->","yoast_head_json":{"title":"STORIA DI FROLLINO, IL NOSTRO BAMBINO MA - Libreria Libri parlanti","robots":{"index":"index","follow":"follow","max-snippet":"max-snippet:-1","max-image-preview":"max-image-preview:large","max-video-preview":"max-video-preview:-1"},"canonical":"https:\/\/www.libriparlanti.org\/index.php\/prodotto\/storia-di-frollino-il-nostro-bambino-ma\/","og_locale":"it_IT","og_type":"article","og_title":"STORIA DI FROLLINO, IL NOSTRO BAMBINO MA - Libreria Libri parlanti","og_description":"Autore: DI BERARDINO GIADA Editore: MONDADORI ARNOLDO VARIA ISBN: 9788804805052","og_url":"https:\/\/www.libriparlanti.org\/index.php\/prodotto\/storia-di-frollino-il-nostro-bambino-ma\/","og_site_name":"Libreria Libri parlanti","article_publisher":"https:\/\/www.facebook.com\/LibriParlanti","article_modified_time":"2025-11-07T17:35:57+00:00","og_image":[{"width":228,"height":350,"url":"https:\/\/www.libriparlanti.org\/wp-content\/uploads\/2025\/05\/9788804805052.jpg","type":"image\/jpeg"}],"twitter_card":"summary_large_image","twitter_misc":{"Tempo di lettura stimato":"1 minuto"},"schema":{"@context":"https:\/\/schema.org","@graph":[{"@type":"WebPage","@id":"https:\/\/www.libriparlanti.org\/index.php\/prodotto\/storia-di-frollino-il-nostro-bambino-ma\/","url":"https:\/\/www.libriparlanti.org\/index.php\/prodotto\/storia-di-frollino-il-nostro-bambino-ma\/","name":"STORIA DI FROLLINO, IL NOSTRO BAMBINO MA - Libreria Libri parlanti","isPartOf":{"@id":"https:\/\/www.libriparlanti.org\/#website"},"primaryImageOfPage":{"@id":"https:\/\/www.libriparlanti.org\/index.php\/prodotto\/storia-di-frollino-il-nostro-bambino-ma\/#primaryimage"},"image":{"@id":"https:\/\/www.libriparlanti.org\/index.php\/prodotto\/storia-di-frollino-il-nostro-bambino-ma\/#primaryimage"},"thumbnailUrl":"https:\/\/www.libriparlanti.org\/wp-content\/uploads\/2025\/05\/9788804805052.jpg","datePublished":"2025-05-07T11:54:44+00:00","dateModified":"2025-11-07T17:35:57+00:00","breadcrumb":{"@id":"https:\/\/www.libriparlanti.org\/index.php\/prodotto\/storia-di-frollino-il-nostro-bambino-ma\/#breadcrumb"},"inLanguage":"it-IT","potentialAction":[{"@type":"ReadAction","target":["https:\/\/www.libriparlanti.org\/index.php\/prodotto\/storia-di-frollino-il-nostro-bambino-ma\/"]}]},{"@type":"ImageObject","inLanguage":"it-IT","@id":"https:\/\/www.libriparlanti.org\/index.php\/prodotto\/storia-di-frollino-il-nostro-bambino-ma\/#primaryimage","url":"https:\/\/www.libriparlanti.org\/wp-content\/uploads\/2025\/05\/9788804805052.jpg","contentUrl":"https:\/\/www.libriparlanti.org\/wp-content\/uploads\/2025\/05\/9788804805052.jpg","width":228,"height":350},{"@type":"BreadcrumbList","@id":"https:\/\/www.libriparlanti.org\/index.php\/prodotto\/storia-di-frollino-il-nostro-bambino-ma\/#breadcrumb","itemListElement":[{"@type":"ListItem","position":1,"name":"Home","item":"https:\/\/www.libriparlanti.org\/"},{"@type":"ListItem","position":2,"name":"Shop","item":"https:\/\/www.libriparlanti.org\/index.php\/negozio\/"},{"@type":"ListItem","position":3,"name":"STORIA DI FROLLINO, IL NOSTRO BAMBINO MA"}]},{"@type":"WebSite","@id":"https:\/\/www.libriparlanti.org\/#website","url":"https:\/\/www.libriparlanti.org\/","name":"Libreria Libri parlanti","description":"Libreria in Castiglione del Lago (Pg)","potentialAction":[{"@type":"SearchAction","target":{"@type":"EntryPoint","urlTemplate":"https:\/\/www.libriparlanti.org\/?s={search_term_string}"},"query-input":{"@type":"PropertyValueSpecification","valueRequired":true,"valueName":"search_term_string"}}],"inLanguage":"it-IT"}]}},"_links":{"self":[{"href":"https:\/\/www.libriparlanti.org\/index.php\/wp-json\/wp\/v2\/product\/34555","targetHints":{"allow":["GET"]}}],"collection":[{"href":"https:\/\/www.libriparlanti.org\/index.php\/wp-json\/wp\/v2\/product"}],"about":[{"href":"https:\/\/www.libriparlanti.org\/index.php\/wp-json\/wp\/v2\/types\/product"}],"replies":[{"embeddable":true,"href":"https:\/\/www.libriparlanti.org\/index.php\/wp-json\/wp\/v2\/comments?post=34555"}],"wp:featuredmedia":[{"embeddable":true,"href":"https:\/\/www.libriparlanti.org\/index.php\/wp-json\/wp\/v2\/media\/34554"}],"wp:attachment":[{"href":"https:\/\/www.libriparlanti.org\/index.php\/wp-json\/wp\/v2\/media?parent=34555"}],"wp:term":[{"taxonomy":"product_brand","embeddable":true,"href":"https:\/\/www.libriparlanti.org\/index.php\/wp-json\/wp\/v2\/product_brand?post=34555"},{"taxonomy":"product_cat","embeddable":true,"href":"https:\/\/www.libriparlanti.org\/index.php\/wp-json\/wp\/v2\/product_cat?post=34555"},{"taxonomy":"product_tag","embeddable":true,"href":"https:\/\/www.libriparlanti.org\/index.php\/wp-json\/wp\/v2\/product_tag?post=34555"}],"curies":[{"name":"wp","href":"https:\/\/api.w.org\/{rel}","templated":true}]}}

<p>Quando Giada, ad appena ventitré anni, rimane incinta del suo secondo figlio, lei e il compagno Alessio sono ebbri di felicità. Già genitori di Matilde, non vedono l&#8217;ora di allargare la loro famiglia. Quella che stanno costruendo è la vita che sognavano fin da quando, ancora ragazzini, si sono messi insieme. A qualche mese dalla nascita di Roberto, però, Giada si accorge che qualcosa non va. Dopo una sequela infinita di visite, riesce finalmente ad avere una diagnosi. Il suo secondogenito è affetto da una malattia genetica rarissima e degenerativa, la sindrome di Cockayne. Quando guarda il suo bimbo, però, Giada non vede un bambino disabile. Vede semplicemente Roberto, o Frollino, come lo ha ribattezzato Matilde quando lo ha incontrato per la prima volta, un piccolo uomo che con il suo sorriso sdentato e il ciuffo biondo da ragazzaccio riesce a scatenare onde d&#8217;amore, a conquistare cuori, a parlare anche senza parole. E questo non può che provocarle un&#8217;immensa gioia, nonostante la fatica e la sofferenza, bagaglio pesante e onnipresente. In queste pagine c&#8217;è la vita vera, fatta di abbracci, risate, pensieri scomodi e speranze. C&#8217;è la forza gentile e l&#8217;amore ostinato di una madre e di una famiglia composta da donne tenaci, amici insospettabilmente teneri, un papà imperfetto ma presente e una sorellina che sa essere una piccola leonessa. Il racconto luminoso di una quotidianità fuori dall&#8217;ordinario narrato da una madre che ci accompagna con ironia e sincerità nel mondo di una creatura fatta di cielo, capace di accendere l&#8217;amore ovunque vada.</p>
