{"id":30333,"date":"2024-02-12T13:16:46","date_gmt":"2024-02-12T11:16:46","guid":{"rendered":"https:\/\/www.libriparlanti.org\/index.php\/prodotto\/la-vita-inizia-quando-smetti-d\/"},"modified":"2024-05-07T17:41:57","modified_gmt":"2024-05-07T15:41:57","slug":"la-vita-inizia-quando-smetti-d","status":"publish","type":"product","link":"https:\/\/www.libriparlanti.org\/index.php\/prodotto\/la-vita-inizia-quando-smetti-d\/","title":{"rendered":"LA VITA INIZIA QUANDO SMETTI D"},"content":{"rendered":"<p>\u00ab\u00c8 tutto a posto!\u00bb Una bugia che Joy ripete ogni giorno in ufficio. Perch\u00e9 sa benissimo che, in un&#8217;agenzia creativa, \u00e8 l&#8217;unica risposta ammessa. E perch\u00e9, anche quando non \u00e8 vero, riesce sempre a cavarsela. Un giorno, per\u00f2, uno sconosciuto le fa una domanda diversa dal solito, semplice ma capace di far crollare il castello di carte che ha costruito con tanta cura: \u00abCome stai?\u00bb. Ed \u00e8 la domanda pi\u00f9 terrificante che potesse sentirsi rivolgere. \u00c8 tutto a posto. Mentre Joy cerca di propinare al suo interlocutore la sua magica menzogna, capisce che, questa volta, non sa nemmeno da dove cominciare. Lo sconosciuto che l&#8217;ha messa in crisi \u00e8 Benjamin, un organizzatore di eventi con cui dovr\u00e0 occuparsi della festa aziendale. Benjamin \u00e8 una persona speciale, che ha deciso di imperniare sulla gioia ogni aspetto della sua vita. Lavorare insieme a lui si rivela un corso accelerato di felicit\u00e0. Joy capisce che, nell&#8217;ansia di piacere a tutti, stava smettendo di piacere a s\u00e9 stessa. Benjamin le insegna tecniche infallibili per non farsi mettere i piedi in testa, la convince che spegnere il telefono, ogni tanto, \u00e8 l&#8217;unico modo per connettersi davvero con il mondo. Joy impara a dire di no a ci\u00f2 che non la fa sentire bene, e a dire di s\u00ec alle cose nuove e belle, anche se fanno paura. E capisce che \u00e8 arrivato il momento di smettere di subire la vita: \u00e8 ora di cominciare a viverla. Un passo dopo l&#8217;altro. Perch\u00e9 non pu\u00f2 esserci alcun \u00ab\u00e8 tutto a posto\u00bb se prima non impara a voler bene a s\u00e9 stessa.\u00c8 difficile non notarla. Perch\u00e9 ogni volta che Rapha\u00eblle Giordano scrive un libro va subito in cima alle classifiche. Con oltre due milioni e mezzo di copie vendute, ha trovato una formula vincente. Chiunque abbia letto un suo romanzo non pu\u00f2 fare a meno di leggerli e rileggerli tutti, e consigliarli alle persone che ama. Anche quest&#8217;ultimo contiene tanti piccoli segreti per coltivare la gioia. Perch\u00e9 la vita non smetter\u00e0 mai di sorprenderci se ci lasciamo trasportare dallo slancio della meraviglia.<\/p>\n","protected":false},"excerpt":{"rendered":"<p><em>Autore:<\/em> GIORDANO RAPHAELLE<br \/>\n<em>Editore:<\/em> GARZANTI<br \/>\n<em>ISBN:<\/em> 9788811008330<\/p>\n","protected":false},"featured_media":0,"comment_status":"closed","ping_status":"closed","template":"","meta":{"_et_pb_use_builder":"","_et_pb_old_content":"","_et_gb_content_width":"","_joinchat":[]},"product_brand":[],"product_cat":[1736],"product_tag":[],"class_list":{"0":"post-30333","1":"product","2":"type-product","3":"status-publish","5":"product_cat-narrativa","7":"first","8":"onbackorder","9":"taxable","10":"shipping-taxable","11":"purchasable","12":"product-type-simple"},"yoast_head":"<!-- This site is optimized with the Yoast SEO plugin v27.5 - https:\/\/yoast.com\/product\/yoast-seo-wordpress\/ -->\n<title>LA VITA INIZIA QUANDO SMETTI D - Libreria Libri parlanti<\/title>\n<meta name=\"robots\" content=\"index, follow, max-snippet:-1, max-image-preview:large, max-video-preview:-1\" \/>\n<link rel=\"canonical\" href=\"https:\/\/www.libriparlanti.org\/index.php\/prodotto\/la-vita-inizia-quando-smetti-d\/\" \/>\n<meta property=\"og:locale\" content=\"it_IT\" \/>\n<meta property=\"og:type\" content=\"article\" \/>\n<meta property=\"og:title\" content=\"LA VITA INIZIA QUANDO SMETTI D - Libreria Libri parlanti\" \/>\n<meta property=\"og:description\" content=\"Autore: GIORDANO RAPHAELLE Editore: GARZANTI ISBN: 9788811008330\" \/>\n<meta property=\"og:url\" content=\"https:\/\/www.libriparlanti.org\/index.php\/prodotto\/la-vita-inizia-quando-smetti-d\/\" \/>\n<meta property=\"og:site_name\" content=\"Libreria Libri parlanti\" \/>\n<meta property=\"article:publisher\" content=\"https:\/\/www.facebook.com\/LibriParlanti\" \/>\n<meta property=\"article:modified_time\" content=\"2024-05-07T15:41:57+00:00\" \/>\n<meta name=\"twitter:card\" content=\"summary_large_image\" \/>\n<meta name=\"twitter:label1\" content=\"Tempo di lettura stimato\" \/>\n\t<meta name=\"twitter:data1\" content=\"2 minuti\" \/>\n<script type=\"application\/ld+json\" class=\"yoast-schema-graph\">{\"@context\":\"https:\\\/\\\/schema.org\",\"@graph\":[{\"@type\":\"WebPage\",\"@id\":\"https:\\\/\\\/www.libriparlanti.org\\\/index.php\\\/prodotto\\\/la-vita-inizia-quando-smetti-d\\\/\",\"url\":\"https:\\\/\\\/www.libriparlanti.org\\\/index.php\\\/prodotto\\\/la-vita-inizia-quando-smetti-d\\\/\",\"name\":\"LA VITA INIZIA QUANDO SMETTI D - Libreria Libri parlanti\",\"isPartOf\":{\"@id\":\"https:\\\/\\\/www.libriparlanti.org\\\/#website\"},\"datePublished\":\"2024-02-12T11:16:46+00:00\",\"dateModified\":\"2024-05-07T15:41:57+00:00\",\"breadcrumb\":{\"@id\":\"https:\\\/\\\/www.libriparlanti.org\\\/index.php\\\/prodotto\\\/la-vita-inizia-quando-smetti-d\\\/#breadcrumb\"},\"inLanguage\":\"it-IT\",\"potentialAction\":[{\"@type\":\"ReadAction\",\"target\":[\"https:\\\/\\\/www.libriparlanti.org\\\/index.php\\\/prodotto\\\/la-vita-inizia-quando-smetti-d\\\/\"]}]},{\"@type\":\"BreadcrumbList\",\"@id\":\"https:\\\/\\\/www.libriparlanti.org\\\/index.php\\\/prodotto\\\/la-vita-inizia-quando-smetti-d\\\/#breadcrumb\",\"itemListElement\":[{\"@type\":\"ListItem\",\"position\":1,\"name\":\"Home\",\"item\":\"https:\\\/\\\/www.libriparlanti.org\\\/\"},{\"@type\":\"ListItem\",\"position\":2,\"name\":\"Shop\",\"item\":\"https:\\\/\\\/www.libriparlanti.org\\\/index.php\\\/negozio\\\/\"},{\"@type\":\"ListItem\",\"position\":3,\"name\":\"LA VITA INIZIA QUANDO SMETTI D\"}]},{\"@type\":\"WebSite\",\"@id\":\"https:\\\/\\\/www.libriparlanti.org\\\/#website\",\"url\":\"https:\\\/\\\/www.libriparlanti.org\\\/\",\"name\":\"Libreria Libri parlanti\",\"description\":\"Libreria in Castiglione del Lago (Pg)\",\"potentialAction\":[{\"@type\":\"SearchAction\",\"target\":{\"@type\":\"EntryPoint\",\"urlTemplate\":\"https:\\\/\\\/www.libriparlanti.org\\\/?s={search_term_string}\"},\"query-input\":{\"@type\":\"PropertyValueSpecification\",\"valueRequired\":true,\"valueName\":\"search_term_string\"}}],\"inLanguage\":\"it-IT\"}]}<\/script>\n<!-- \/ Yoast SEO plugin. -->","yoast_head_json":{"title":"LA VITA INIZIA QUANDO SMETTI D - Libreria Libri parlanti","robots":{"index":"index","follow":"follow","max-snippet":"max-snippet:-1","max-image-preview":"max-image-preview:large","max-video-preview":"max-video-preview:-1"},"canonical":"https:\/\/www.libriparlanti.org\/index.php\/prodotto\/la-vita-inizia-quando-smetti-d\/","og_locale":"it_IT","og_type":"article","og_title":"LA VITA INIZIA QUANDO SMETTI D - Libreria Libri parlanti","og_description":"Autore: GIORDANO RAPHAELLE Editore: GARZANTI ISBN: 9788811008330","og_url":"https:\/\/www.libriparlanti.org\/index.php\/prodotto\/la-vita-inizia-quando-smetti-d\/","og_site_name":"Libreria Libri parlanti","article_publisher":"https:\/\/www.facebook.com\/LibriParlanti","article_modified_time":"2024-05-07T15:41:57+00:00","twitter_card":"summary_large_image","twitter_misc":{"Tempo di lettura stimato":"2 minuti"},"schema":{"@context":"https:\/\/schema.org","@graph":[{"@type":"WebPage","@id":"https:\/\/www.libriparlanti.org\/index.php\/prodotto\/la-vita-inizia-quando-smetti-d\/","url":"https:\/\/www.libriparlanti.org\/index.php\/prodotto\/la-vita-inizia-quando-smetti-d\/","name":"LA VITA INIZIA QUANDO SMETTI D - Libreria Libri parlanti","isPartOf":{"@id":"https:\/\/www.libriparlanti.org\/#website"},"datePublished":"2024-02-12T11:16:46+00:00","dateModified":"2024-05-07T15:41:57+00:00","breadcrumb":{"@id":"https:\/\/www.libriparlanti.org\/index.php\/prodotto\/la-vita-inizia-quando-smetti-d\/#breadcrumb"},"inLanguage":"it-IT","potentialAction":[{"@type":"ReadAction","target":["https:\/\/www.libriparlanti.org\/index.php\/prodotto\/la-vita-inizia-quando-smetti-d\/"]}]},{"@type":"BreadcrumbList","@id":"https:\/\/www.libriparlanti.org\/index.php\/prodotto\/la-vita-inizia-quando-smetti-d\/#breadcrumb","itemListElement":[{"@type":"ListItem","position":1,"name":"Home","item":"https:\/\/www.libriparlanti.org\/"},{"@type":"ListItem","position":2,"name":"Shop","item":"https:\/\/www.libriparlanti.org\/index.php\/negozio\/"},{"@type":"ListItem","position":3,"name":"LA VITA INIZIA QUANDO SMETTI D"}]},{"@type":"WebSite","@id":"https:\/\/www.libriparlanti.org\/#website","url":"https:\/\/www.libriparlanti.org\/","name":"Libreria Libri parlanti","description":"Libreria in Castiglione del Lago (Pg)","potentialAction":[{"@type":"SearchAction","target":{"@type":"EntryPoint","urlTemplate":"https:\/\/www.libriparlanti.org\/?s={search_term_string}"},"query-input":{"@type":"PropertyValueSpecification","valueRequired":true,"valueName":"search_term_string"}}],"inLanguage":"it-IT"}]}},"_links":{"self":[{"href":"https:\/\/www.libriparlanti.org\/index.php\/wp-json\/wp\/v2\/product\/30333","targetHints":{"allow":["GET"]}}],"collection":[{"href":"https:\/\/www.libriparlanti.org\/index.php\/wp-json\/wp\/v2\/product"}],"about":[{"href":"https:\/\/www.libriparlanti.org\/index.php\/wp-json\/wp\/v2\/types\/product"}],"replies":[{"embeddable":true,"href":"https:\/\/www.libriparlanti.org\/index.php\/wp-json\/wp\/v2\/comments?post=30333"}],"wp:attachment":[{"href":"https:\/\/www.libriparlanti.org\/index.php\/wp-json\/wp\/v2\/media?parent=30333"}],"wp:term":[{"taxonomy":"product_brand","embeddable":true,"href":"https:\/\/www.libriparlanti.org\/index.php\/wp-json\/wp\/v2\/product_brand?post=30333"},{"taxonomy":"product_cat","embeddable":true,"href":"https:\/\/www.libriparlanti.org\/index.php\/wp-json\/wp\/v2\/product_cat?post=30333"},{"taxonomy":"product_tag","embeddable":true,"href":"https:\/\/www.libriparlanti.org\/index.php\/wp-json\/wp\/v2\/product_tag?post=30333"}],"curies":[{"name":"wp","href":"https:\/\/api.w.org\/{rel}","templated":true}]}}