{"id":27943,"date":"2023-06-01T18:32:47","date_gmt":"2023-06-01T16:32:47","guid":{"rendered":"https:\/\/www.libriparlanti.org\/index.php\/prodotto\/il-figlio-sbagliato\/"},"modified":"2024-02-08T13:56:48","modified_gmt":"2024-02-08T11:56:48","slug":"il-figlio-sbagliato","status":"publish","type":"product","link":"https:\/\/www.libriparlanti.org\/index.php\/prodotto\/il-figlio-sbagliato\/","title":{"rendered":"IL FIGLIO SBAGLIATO"},"content":{"rendered":"<p>A Fj\u00e4llbacka \u00e8 arrivato l&#8217;autunno e una fitta nebbia grigia si rifiuta di mollare la stretta sulla costa. Anche se la maggior parte dei turisti \u00e8 gi\u00e0 andata via, in paese sono in corso i preparativi per un&#8217;importante mostra fotografica: Rolf Stenklo, noto artista dello scatto, sta per esporre le sue opere pi\u00f9 personali, e la curiosit\u00e0 per cosa sveler\u00e0 l&#8217;allestimento \u00e8 grande. Ma quando mancano solo due giorni all&#8217;inaugurazione, qualcuno entra nella galleria e lo uccide. Poco dopo, anche la casa del celebre scrittore Henning Bauer, candidato al premio Nobel per la letteratura in pieno blocco creativo, \u00e8 sconvolta da un&#8217;aggressione brutale. Difficile non pensare che i crimini siano in qualche modo legati. Tanto pi\u00f9 che i due uomini si conoscevano bene, essendo entrambi tra i fondatori del Blanche, un club culturale aperto a un ristretto numero di prescelti. Luogo di potere e contatti necessari a farsi strada nel cangiante mondo delle arti, il Blanche \u00e8 una tappa obbligata per chiunque sulla scena svedese voglia ottenere fama e visibilit\u00e0 con un romanzo, una raccolta di poesie o un&#8217;installazione. Mentre le indagini di Patrik Hedstr\u00f6m e della sua squadra procedono a fatica, Erica \u00e8 alle prese con un nuovo libro. E nelle sue ricerche su un caso di omicidio che risale al 1980, riesce a trovare un collegamento proprio con il Blanche e le persone coinvolte negli eventi che hanno di recente scosso Fj\u00e4llbacka. A riprova che l&#8217;eco delle menzogne risuona sempre a lungo.<\/p>\n","protected":false},"excerpt":{"rendered":"<p><em>Autore:<\/em> CAMILLA L\u00c4CKBERG<br \/>\n<em>Editore:<\/em> MARSILIO<br \/>\n<em>ISBN:<\/em> 9788829708598<br \/>\n<em>Pubblicazione:<\/em> 30\/05\/2023<\/p>\n","protected":false},"featured_media":27942,"comment_status":"closed","ping_status":"closed","template":"","meta":{"_et_pb_use_builder":"","_et_pb_old_content":"","_et_gb_content_width":"","_joinchat":[]},"product_brand":[],"product_cat":[1737],"product_tag":[],"class_list":{"0":"post-27943","1":"product","2":"type-product","3":"status-publish","4":"has-post-thumbnail","6":"product_cat-gialli-thriller","8":"first","9":"onbackorder","10":"taxable","11":"shipping-taxable","12":"purchasable","13":"product-type-simple"},"yoast_head":"<!-- This site is optimized with the Yoast SEO plugin v27.5 - https:\/\/yoast.com\/product\/yoast-seo-wordpress\/ -->\n<title>IL FIGLIO SBAGLIATO - Libreria Libri parlanti<\/title>\n<meta name=\"robots\" content=\"index, follow, max-snippet:-1, max-image-preview:large, max-video-preview:-1\" \/>\n<link rel=\"canonical\" href=\"https:\/\/www.libriparlanti.org\/index.php\/prodotto\/il-figlio-sbagliato\/\" \/>\n<meta property=\"og:locale\" content=\"it_IT\" \/>\n<meta property=\"og:type\" content=\"article\" \/>\n<meta property=\"og:title\" content=\"IL FIGLIO SBAGLIATO - Libreria Libri parlanti\" \/>\n<meta property=\"og:description\" content=\"Autore: CAMILLA L\u00c4CKBERG Editore: MARSILIO ISBN: 9788829708598 Pubblicazione: 30\/05\/2023\" \/>\n<meta property=\"og:url\" content=\"https:\/\/www.libriparlanti.org\/index.php\/prodotto\/il-figlio-sbagliato\/\" \/>\n<meta property=\"og:site_name\" content=\"Libreria Libri parlanti\" \/>\n<meta property=\"article:publisher\" content=\"https:\/\/www.facebook.com\/LibriParlanti\" \/>\n<meta property=\"article:modified_time\" content=\"2024-02-08T11:56:48+00:00\" \/>\n<meta property=\"og:image\" content=\"https:\/\/www.libriparlanti.org\/wp-content\/uploads\/2023\/06\/AO5UDOwcTOygDO4cTO.jpg\" \/>\n\t<meta property=\"og:image:width\" content=\"195\" \/>\n\t<meta property=\"og:image:height\" content=\"300\" \/>\n\t<meta property=\"og:image:type\" content=\"image\/jpeg\" \/>\n<meta name=\"twitter:card\" content=\"summary_large_image\" \/>\n<meta name=\"twitter:label1\" content=\"Tempo di lettura stimato\" \/>\n\t<meta name=\"twitter:data1\" content=\"1 minuto\" \/>\n<script type=\"application\/ld+json\" class=\"yoast-schema-graph\">{\"@context\":\"https:\\\/\\\/schema.org\",\"@graph\":[{\"@type\":\"WebPage\",\"@id\":\"https:\\\/\\\/www.libriparlanti.org\\\/index.php\\\/prodotto\\\/il-figlio-sbagliato\\\/\",\"url\":\"https:\\\/\\\/www.libriparlanti.org\\\/index.php\\\/prodotto\\\/il-figlio-sbagliato\\\/\",\"name\":\"IL FIGLIO SBAGLIATO - Libreria Libri parlanti\",\"isPartOf\":{\"@id\":\"https:\\\/\\\/www.libriparlanti.org\\\/#website\"},\"primaryImageOfPage\":{\"@id\":\"https:\\\/\\\/www.libriparlanti.org\\\/index.php\\\/prodotto\\\/il-figlio-sbagliato\\\/#primaryimage\"},\"image\":{\"@id\":\"https:\\\/\\\/www.libriparlanti.org\\\/index.php\\\/prodotto\\\/il-figlio-sbagliato\\\/#primaryimage\"},\"thumbnailUrl\":\"https:\\\/\\\/www.libriparlanti.org\\\/wp-content\\\/uploads\\\/2023\\\/06\\\/AO5UDOwcTOygDO4cTO.jpg\",\"datePublished\":\"2023-06-01T16:32:47+00:00\",\"dateModified\":\"2024-02-08T11:56:48+00:00\",\"breadcrumb\":{\"@id\":\"https:\\\/\\\/www.libriparlanti.org\\\/index.php\\\/prodotto\\\/il-figlio-sbagliato\\\/#breadcrumb\"},\"inLanguage\":\"it-IT\",\"potentialAction\":[{\"@type\":\"ReadAction\",\"target\":[\"https:\\\/\\\/www.libriparlanti.org\\\/index.php\\\/prodotto\\\/il-figlio-sbagliato\\\/\"]}]},{\"@type\":\"ImageObject\",\"inLanguage\":\"it-IT\",\"@id\":\"https:\\\/\\\/www.libriparlanti.org\\\/index.php\\\/prodotto\\\/il-figlio-sbagliato\\\/#primaryimage\",\"url\":\"https:\\\/\\\/www.libriparlanti.org\\\/wp-content\\\/uploads\\\/2023\\\/06\\\/AO5UDOwcTOygDO4cTO.jpg\",\"contentUrl\":\"https:\\\/\\\/www.libriparlanti.org\\\/wp-content\\\/uploads\\\/2023\\\/06\\\/AO5UDOwcTOygDO4cTO.jpg\",\"width\":195,\"height\":300},{\"@type\":\"BreadcrumbList\",\"@id\":\"https:\\\/\\\/www.libriparlanti.org\\\/index.php\\\/prodotto\\\/il-figlio-sbagliato\\\/#breadcrumb\",\"itemListElement\":[{\"@type\":\"ListItem\",\"position\":1,\"name\":\"Home\",\"item\":\"https:\\\/\\\/www.libriparlanti.org\\\/\"},{\"@type\":\"ListItem\",\"position\":2,\"name\":\"Shop\",\"item\":\"https:\\\/\\\/www.libriparlanti.org\\\/index.php\\\/negozio\\\/\"},{\"@type\":\"ListItem\",\"position\":3,\"name\":\"IL FIGLIO SBAGLIATO\"}]},{\"@type\":\"WebSite\",\"@id\":\"https:\\\/\\\/www.libriparlanti.org\\\/#website\",\"url\":\"https:\\\/\\\/www.libriparlanti.org\\\/\",\"name\":\"Libreria Libri parlanti\",\"description\":\"Libreria in Castiglione del Lago (Pg)\",\"potentialAction\":[{\"@type\":\"SearchAction\",\"target\":{\"@type\":\"EntryPoint\",\"urlTemplate\":\"https:\\\/\\\/www.libriparlanti.org\\\/?s={search_term_string}\"},\"query-input\":{\"@type\":\"PropertyValueSpecification\",\"valueRequired\":true,\"valueName\":\"search_term_string\"}}],\"inLanguage\":\"it-IT\"}]}<\/script>\n<!-- \/ Yoast SEO plugin. -->","yoast_head_json":{"title":"IL FIGLIO SBAGLIATO - Libreria Libri parlanti","robots":{"index":"index","follow":"follow","max-snippet":"max-snippet:-1","max-image-preview":"max-image-preview:large","max-video-preview":"max-video-preview:-1"},"canonical":"https:\/\/www.libriparlanti.org\/index.php\/prodotto\/il-figlio-sbagliato\/","og_locale":"it_IT","og_type":"article","og_title":"IL FIGLIO SBAGLIATO - Libreria Libri parlanti","og_description":"Autore: CAMILLA L\u00c4CKBERG Editore: MARSILIO ISBN: 9788829708598 Pubblicazione: 30\/05\/2023","og_url":"https:\/\/www.libriparlanti.org\/index.php\/prodotto\/il-figlio-sbagliato\/","og_site_name":"Libreria Libri parlanti","article_publisher":"https:\/\/www.facebook.com\/LibriParlanti","article_modified_time":"2024-02-08T11:56:48+00:00","og_image":[{"width":195,"height":300,"url":"https:\/\/www.libriparlanti.org\/wp-content\/uploads\/2023\/06\/AO5UDOwcTOygDO4cTO.jpg","type":"image\/jpeg"}],"twitter_card":"summary_large_image","twitter_misc":{"Tempo di lettura stimato":"1 minuto"},"schema":{"@context":"https:\/\/schema.org","@graph":[{"@type":"WebPage","@id":"https:\/\/www.libriparlanti.org\/index.php\/prodotto\/il-figlio-sbagliato\/","url":"https:\/\/www.libriparlanti.org\/index.php\/prodotto\/il-figlio-sbagliato\/","name":"IL FIGLIO SBAGLIATO - Libreria Libri parlanti","isPartOf":{"@id":"https:\/\/www.libriparlanti.org\/#website"},"primaryImageOfPage":{"@id":"https:\/\/www.libriparlanti.org\/index.php\/prodotto\/il-figlio-sbagliato\/#primaryimage"},"image":{"@id":"https:\/\/www.libriparlanti.org\/index.php\/prodotto\/il-figlio-sbagliato\/#primaryimage"},"thumbnailUrl":"https:\/\/www.libriparlanti.org\/wp-content\/uploads\/2023\/06\/AO5UDOwcTOygDO4cTO.jpg","datePublished":"2023-06-01T16:32:47+00:00","dateModified":"2024-02-08T11:56:48+00:00","breadcrumb":{"@id":"https:\/\/www.libriparlanti.org\/index.php\/prodotto\/il-figlio-sbagliato\/#breadcrumb"},"inLanguage":"it-IT","potentialAction":[{"@type":"ReadAction","target":["https:\/\/www.libriparlanti.org\/index.php\/prodotto\/il-figlio-sbagliato\/"]}]},{"@type":"ImageObject","inLanguage":"it-IT","@id":"https:\/\/www.libriparlanti.org\/index.php\/prodotto\/il-figlio-sbagliato\/#primaryimage","url":"https:\/\/www.libriparlanti.org\/wp-content\/uploads\/2023\/06\/AO5UDOwcTOygDO4cTO.jpg","contentUrl":"https:\/\/www.libriparlanti.org\/wp-content\/uploads\/2023\/06\/AO5UDOwcTOygDO4cTO.jpg","width":195,"height":300},{"@type":"BreadcrumbList","@id":"https:\/\/www.libriparlanti.org\/index.php\/prodotto\/il-figlio-sbagliato\/#breadcrumb","itemListElement":[{"@type":"ListItem","position":1,"name":"Home","item":"https:\/\/www.libriparlanti.org\/"},{"@type":"ListItem","position":2,"name":"Shop","item":"https:\/\/www.libriparlanti.org\/index.php\/negozio\/"},{"@type":"ListItem","position":3,"name":"IL FIGLIO SBAGLIATO"}]},{"@type":"WebSite","@id":"https:\/\/www.libriparlanti.org\/#website","url":"https:\/\/www.libriparlanti.org\/","name":"Libreria Libri parlanti","description":"Libreria in Castiglione del Lago (Pg)","potentialAction":[{"@type":"SearchAction","target":{"@type":"EntryPoint","urlTemplate":"https:\/\/www.libriparlanti.org\/?s={search_term_string}"},"query-input":{"@type":"PropertyValueSpecification","valueRequired":true,"valueName":"search_term_string"}}],"inLanguage":"it-IT"}]}},"_links":{"self":[{"href":"https:\/\/www.libriparlanti.org\/index.php\/wp-json\/wp\/v2\/product\/27943","targetHints":{"allow":["GET"]}}],"collection":[{"href":"https:\/\/www.libriparlanti.org\/index.php\/wp-json\/wp\/v2\/product"}],"about":[{"href":"https:\/\/www.libriparlanti.org\/index.php\/wp-json\/wp\/v2\/types\/product"}],"replies":[{"embeddable":true,"href":"https:\/\/www.libriparlanti.org\/index.php\/wp-json\/wp\/v2\/comments?post=27943"}],"wp:featuredmedia":[{"embeddable":true,"href":"https:\/\/www.libriparlanti.org\/index.php\/wp-json\/wp\/v2\/media\/27942"}],"wp:attachment":[{"href":"https:\/\/www.libriparlanti.org\/index.php\/wp-json\/wp\/v2\/media?parent=27943"}],"wp:term":[{"taxonomy":"product_brand","embeddable":true,"href":"https:\/\/www.libriparlanti.org\/index.php\/wp-json\/wp\/v2\/product_brand?post=27943"},{"taxonomy":"product_cat","embeddable":true,"href":"https:\/\/www.libriparlanti.org\/index.php\/wp-json\/wp\/v2\/product_cat?post=27943"},{"taxonomy":"product_tag","embeddable":true,"href":"https:\/\/www.libriparlanti.org\/index.php\/wp-json\/wp\/v2\/product_tag?post=27943"}],"curies":[{"name":"wp","href":"https:\/\/api.w.org\/{rel}","templated":true}]}}

<p>A Fjällbacka è arrivato l&#8217;autunno e una fitta nebbia grigia si rifiuta di mollare la stretta sulla costa. Anche se la maggior parte dei turisti è già andata via, in paese sono in corso i preparativi per un&#8217;importante mostra fotografica: Rolf Stenklo, noto artista dello scatto, sta per esporre le sue opere più personali, e la curiosità per cosa svelerà l&#8217;allestimento è grande. Ma quando mancano solo due giorni all&#8217;inaugurazione, qualcuno entra nella galleria e lo uccide. Poco dopo, anche la casa del celebre scrittore Henning Bauer, candidato al premio Nobel per la letteratura in pieno blocco creativo, è sconvolta da un&#8217;aggressione brutale. Difficile non pensare che i crimini siano in qualche modo legati. Tanto più che i due uomini si conoscevano bene, essendo entrambi tra i fondatori del Blanche, un club culturale aperto a un ristretto numero di prescelti. Luogo di potere e contatti necessari a farsi strada nel cangiante mondo delle arti, il Blanche è una tappa obbligata per chiunque sulla scena svedese voglia ottenere fama e visibilità con un romanzo, una raccolta di poesie o un&#8217;installazione. Mentre le indagini di Patrik Hedström e della sua squadra procedono a fatica, Erica è alle prese con un nuovo libro. E nelle sue ricerche su un caso di omicidio che risale al 1980, riesce a trovare un collegamento proprio con il Blanche e le persone coinvolte negli eventi che hanno di recente scosso Fjällbacka. A riprova che l&#8217;eco delle menzogne risuona sempre a lungo.</p>

<p><em>Autore:</em> CAMILLA LÄCKBERG<br />
<em>Editore:</em> MARSILIO<br />
<em>ISBN:</em> 9788829708598<br />
<em>Pubblicazione:</em> 30/05/2023</p>

<!-- This site is optimized with the Yoast SEO plugin v27.5 - https://yoast.com/product/yoast-seo-wordpress/ -->
<title>IL FIGLIO SBAGLIATO - Libreria Libri parlanti</title>
<meta name="robots" content="index, follow, max-snippet:-1, max-image-preview:large, max-video-preview:-1" />
<link rel="canonical" href="https://www.libriparlanti.org/index.php/prodotto/il-figlio-sbagliato/" />
<meta property="og:locale" content="it_IT" />
<meta property="og:type" content="article" />
<meta property="og:title" content="IL FIGLIO SBAGLIATO - Libreria Libri parlanti" />
<meta property="og:description" content="Autore: CAMILLA LÄCKBERG Editore: MARSILIO ISBN: 9788829708598 Pubblicazione: 30/05/2023" />
<meta property="og:url" content="https://www.libriparlanti.org/index.php/prodotto/il-figlio-sbagliato/" />
<meta property="og:site_name" content="Libreria Libri parlanti" />
<meta property="article:publisher" content="https://www.facebook.com/LibriParlanti" />
<meta property="article:modified_time" content="2024-02-08T11:56:48+00:00" />
<meta property="og:image" content="https://www.libriparlanti.org/wp-content/uploads/2023/06/AO5UDOwcTOygDO4cTO.jpg" />
	<meta property="og:image:width" content="195" />
	<meta property="og:image:height" content="300" />
	<meta property="og:image:type" content="image/jpeg" />
<meta name="twitter:card" content="summary_large_image" />
<meta name="twitter:label1" content="Tempo di lettura stimato" />
	<meta name="twitter:data1" content="1 minuto" />
<script type="application/ld+json" class="yoast-schema-graph">{"@context":"https:\/\/schema.org","@graph":[{"@type":"WebPage","@id":"https:\/\/www.libriparlanti.org\/index.php\/prodotto\/il-figlio-sbagliato\/","url":"https:\/\/www.libriparlanti.org\/index.php\/prodotto\/il-figlio-sbagliato\/","name":"IL FIGLIO SBAGLIATO - Libreria Libri parlanti","isPartOf":{"@id":"https:\/\/www.libriparlanti.org\/#website"},"primaryImageOfPage":{"@id":"https:\/\/www.libriparlanti.org\/index.php\/prodotto\/il-figlio-sbagliato\/#primaryimage"},"image":{"@id":"https:\/\/www.libriparlanti.org\/index.php\/prodotto\/il-figlio-sbagliato\/#primaryimage"},"thumbnailUrl":"https:\/\/www.libriparlanti.org\/wp-content\/uploads\/2023\/06\/AO5UDOwcTOygDO4cTO.jpg","datePublished":"2023-06-01T16:32:47+00:00","dateModified":"2024-02-08T11:56:48+00:00","breadcrumb":{"@id":"https:\/\/www.libriparlanti.org\/index.php\/prodotto\/il-figlio-sbagliato\/#breadcrumb"},"inLanguage":"it-IT","potentialAction":[{"@type":"ReadAction","target":["https:\/\/www.libriparlanti.org\/index.php\/prodotto\/il-figlio-sbagliato\/"]}]},{"@type":"ImageObject","inLanguage":"it-IT","@id":"https:\/\/www.libriparlanti.org\/index.php\/prodotto\/il-figlio-sbagliato\/#primaryimage","url":"https:\/\/www.libriparlanti.org\/wp-content\/uploads\/2023\/06\/AO5UDOwcTOygDO4cTO.jpg","contentUrl":"https:\/\/www.libriparlanti.org\/wp-content\/uploads\/2023\/06\/AO5UDOwcTOygDO4cTO.jpg","width":195,"height":300},{"@type":"BreadcrumbList","@id":"https:\/\/www.libriparlanti.org\/index.php\/prodotto\/il-figlio-sbagliato\/#breadcrumb","itemListElement":[{"@type":"ListItem","position":1,"name":"Home","item":"https:\/\/www.libriparlanti.org\/"},{"@type":"ListItem","position":2,"name":"Shop","item":"https:\/\/www.libriparlanti.org\/index.php\/negozio\/"},{"@type":"ListItem","position":3,"name":"IL FIGLIO SBAGLIATO"}]},{"@type":"WebSite","@id":"https:\/\/www.libriparlanti.org\/#website","url":"https:\/\/www.libriparlanti.org\/","name":"Libreria Libri parlanti","description":"Libreria in Castiglione del Lago (Pg)","potentialAction":[{"@type":"SearchAction","target":{"@type":"EntryPoint","urlTemplate":"https:\/\/www.libriparlanti.org\/?s={search_term_string}"},"query-input":{"@type":"PropertyValueSpecification","valueRequired":true,"valueName":"search_term_string"}}],"inLanguage":"it-IT"}]}</script>
<!-- / Yoast SEO plugin. -->

Autore: CAMILLA LÄCKBERG Editore: MARSILIO ISBN: 9788829708598 Pubblicazione: 30/05/2023
