{"id":27636,"date":"2023-05-17T17:37:11","date_gmt":"2023-05-17T15:37:11","guid":{"rendered":"https:\/\/www.libriparlanti.org\/index.php\/prodotto\/rubare-la-notte\/"},"modified":"2023-08-05T15:57:29","modified_gmt":"2023-08-05T13:57:29","slug":"rubare-la-notte","status":"publish","type":"product","link":"https:\/\/www.libriparlanti.org\/index.php\/prodotto\/rubare-la-notte\/","title":{"rendered":"RUBARE LA NOTTE"},"content":{"rendered":"<p>Tutti lo sanno: Antoine de Saint-Exup\u00e9ry ha scritto &#8220;Il piccolo principe&#8221;, uno dei romanzi pi\u00f9 popolari del mondo. Quello che tutti non sanno \u00e8 che Antoine, famigliarmente Tonio, \u00e8 un personaggio che vale da solo una grande storia. Ed \u00e8 la storia che Romana Petri ha scritto con la febbre e la furia di chi si lascia catturare da un carattere e lo fa suo, anzi lo ruba, tanto che il documento prende pi\u00f9 che spesso la forma dell&#8217;immaginazione. Orfano di padre, Tonio vive un&#8217;infanzia felice nel castello di Saint-Maurice-de-R\u00e9mens, amato, celebrato, avviluppato al mostruoso quasi ossessivo amore per la madre; un&#8217;infanzia che gli resta incollata all&#8217;anima per tutta la vita, fin da quando, straziato, vede morire il fratello pi\u00f9 giovane. L&#8217;infanzia lo tallona come un destino quando, esaltato, comincia a volare, pilota civile e pilota militare, quando si innamora tanto e tante volte, quando si trasferisce in America, quando scrive, persino quando si schiera e sceglie di combattere per un&#8217;idea di Francia che forse \u00e8 sua e solo sua. Dove sia andato Tonio, non sappiamo, nei cieli in fiamme del 1944. Sappiamo che ci ha lasciato le stelle della notte, il sogno di una meraviglia che non si \u00e8 mai consumata, il bambino che lui ci invita a riconoscere eterno dentro di noi. Romana Petri costruisce e decostruisce, sgretola le regole della biografia, evoca e racconta amori, amicizie e sgomenti come dettagli di un appetito d&#8217;avventura mai sazio, si muove fra le date e dentro la Storia alla sola ricerca del principe che ha sconfitto la notte ed \u00e8 entrato volando nell&#8217;infinito.<\/p>\n","protected":false},"excerpt":{"rendered":"<p><em>Autore:<\/em> ROMANA PETRI<br \/>\n<em>Editore:<\/em> MONDADORI ARNOLDO VARIA<br \/>\n<em>ISBN:<\/em> 9788804764526<\/p>\n","protected":false},"featured_media":27635,"comment_status":"closed","ping_status":"closed","template":"","meta":{"_et_pb_use_builder":"","_et_pb_old_content":"","_et_gb_content_width":"","_joinchat":[]},"product_brand":[],"product_cat":[1736],"product_tag":[],"class_list":{"0":"post-27636","1":"product","2":"type-product","3":"status-publish","4":"has-post-thumbnail","6":"product_cat-narrativa","8":"first","9":"onbackorder","10":"taxable","11":"shipping-taxable","12":"purchasable","13":"product-type-simple"},"yoast_head":"<!-- This site is optimized with the Yoast SEO plugin v27.5 - https:\/\/yoast.com\/product\/yoast-seo-wordpress\/ -->\n<title>RUBARE LA NOTTE - Libreria Libri parlanti<\/title>\n<meta name=\"robots\" content=\"index, follow, max-snippet:-1, max-image-preview:large, max-video-preview:-1\" \/>\n<link rel=\"canonical\" href=\"https:\/\/www.libriparlanti.org\/index.php\/prodotto\/rubare-la-notte\/\" \/>\n<meta property=\"og:locale\" content=\"it_IT\" \/>\n<meta property=\"og:type\" content=\"article\" \/>\n<meta property=\"og:title\" content=\"RUBARE LA NOTTE - Libreria Libri parlanti\" \/>\n<meta property=\"og:description\" content=\"Autore: ROMANA PETRI Editore: MONDADORI ARNOLDO VARIA ISBN: 9788804764526\" \/>\n<meta property=\"og:url\" content=\"https:\/\/www.libriparlanti.org\/index.php\/prodotto\/rubare-la-notte\/\" \/>\n<meta property=\"og:site_name\" content=\"Libreria Libri parlanti\" \/>\n<meta property=\"article:publisher\" content=\"https:\/\/www.facebook.com\/LibriParlanti\" \/>\n<meta property=\"article:modified_time\" content=\"2023-08-05T13:57:29+00:00\" \/>\n<meta property=\"og:image\" content=\"https:\/\/www.libriparlanti.org\/wp-content\/uploads\/2023\/05\/gNyUDN2cDNwgDO4cTO.jpg\" \/>\n\t<meta property=\"og:image:width\" content=\"195\" \/>\n\t<meta property=\"og:image:height\" content=\"300\" \/>\n\t<meta property=\"og:image:type\" content=\"image\/jpeg\" \/>\n<meta name=\"twitter:card\" content=\"summary_large_image\" \/>\n<meta name=\"twitter:label1\" content=\"Tempo di lettura stimato\" \/>\n\t<meta name=\"twitter:data1\" content=\"1 minuto\" \/>\n<script type=\"application\/ld+json\" class=\"yoast-schema-graph\">{\"@context\":\"https:\\\/\\\/schema.org\",\"@graph\":[{\"@type\":\"WebPage\",\"@id\":\"https:\\\/\\\/www.libriparlanti.org\\\/index.php\\\/prodotto\\\/rubare-la-notte\\\/\",\"url\":\"https:\\\/\\\/www.libriparlanti.org\\\/index.php\\\/prodotto\\\/rubare-la-notte\\\/\",\"name\":\"RUBARE LA NOTTE - Libreria Libri parlanti\",\"isPartOf\":{\"@id\":\"https:\\\/\\\/www.libriparlanti.org\\\/#website\"},\"primaryImageOfPage\":{\"@id\":\"https:\\\/\\\/www.libriparlanti.org\\\/index.php\\\/prodotto\\\/rubare-la-notte\\\/#primaryimage\"},\"image\":{\"@id\":\"https:\\\/\\\/www.libriparlanti.org\\\/index.php\\\/prodotto\\\/rubare-la-notte\\\/#primaryimage\"},\"thumbnailUrl\":\"https:\\\/\\\/www.libriparlanti.org\\\/wp-content\\\/uploads\\\/2023\\\/05\\\/gNyUDN2cDNwgDO4cTO.jpg\",\"datePublished\":\"2023-05-17T15:37:11+00:00\",\"dateModified\":\"2023-08-05T13:57:29+00:00\",\"breadcrumb\":{\"@id\":\"https:\\\/\\\/www.libriparlanti.org\\\/index.php\\\/prodotto\\\/rubare-la-notte\\\/#breadcrumb\"},\"inLanguage\":\"it-IT\",\"potentialAction\":[{\"@type\":\"ReadAction\",\"target\":[\"https:\\\/\\\/www.libriparlanti.org\\\/index.php\\\/prodotto\\\/rubare-la-notte\\\/\"]}]},{\"@type\":\"ImageObject\",\"inLanguage\":\"it-IT\",\"@id\":\"https:\\\/\\\/www.libriparlanti.org\\\/index.php\\\/prodotto\\\/rubare-la-notte\\\/#primaryimage\",\"url\":\"https:\\\/\\\/www.libriparlanti.org\\\/wp-content\\\/uploads\\\/2023\\\/05\\\/gNyUDN2cDNwgDO4cTO.jpg\",\"contentUrl\":\"https:\\\/\\\/www.libriparlanti.org\\\/wp-content\\\/uploads\\\/2023\\\/05\\\/gNyUDN2cDNwgDO4cTO.jpg\",\"width\":195,\"height\":300},{\"@type\":\"BreadcrumbList\",\"@id\":\"https:\\\/\\\/www.libriparlanti.org\\\/index.php\\\/prodotto\\\/rubare-la-notte\\\/#breadcrumb\",\"itemListElement\":[{\"@type\":\"ListItem\",\"position\":1,\"name\":\"Home\",\"item\":\"https:\\\/\\\/www.libriparlanti.org\\\/\"},{\"@type\":\"ListItem\",\"position\":2,\"name\":\"Shop\",\"item\":\"https:\\\/\\\/www.libriparlanti.org\\\/index.php\\\/negozio\\\/\"},{\"@type\":\"ListItem\",\"position\":3,\"name\":\"RUBARE LA NOTTE\"}]},{\"@type\":\"WebSite\",\"@id\":\"https:\\\/\\\/www.libriparlanti.org\\\/#website\",\"url\":\"https:\\\/\\\/www.libriparlanti.org\\\/\",\"name\":\"Libreria Libri parlanti\",\"description\":\"Libreria in Castiglione del Lago (Pg)\",\"potentialAction\":[{\"@type\":\"SearchAction\",\"target\":{\"@type\":\"EntryPoint\",\"urlTemplate\":\"https:\\\/\\\/www.libriparlanti.org\\\/?s={search_term_string}\"},\"query-input\":{\"@type\":\"PropertyValueSpecification\",\"valueRequired\":true,\"valueName\":\"search_term_string\"}}],\"inLanguage\":\"it-IT\"}]}<\/script>\n<!-- \/ Yoast SEO plugin. -->","yoast_head_json":{"title":"RUBARE LA NOTTE - Libreria Libri parlanti","robots":{"index":"index","follow":"follow","max-snippet":"max-snippet:-1","max-image-preview":"max-image-preview:large","max-video-preview":"max-video-preview:-1"},"canonical":"https:\/\/www.libriparlanti.org\/index.php\/prodotto\/rubare-la-notte\/","og_locale":"it_IT","og_type":"article","og_title":"RUBARE LA NOTTE - Libreria Libri parlanti","og_description":"Autore: ROMANA PETRI Editore: MONDADORI ARNOLDO VARIA ISBN: 9788804764526","og_url":"https:\/\/www.libriparlanti.org\/index.php\/prodotto\/rubare-la-notte\/","og_site_name":"Libreria Libri parlanti","article_publisher":"https:\/\/www.facebook.com\/LibriParlanti","article_modified_time":"2023-08-05T13:57:29+00:00","og_image":[{"width":195,"height":300,"url":"https:\/\/www.libriparlanti.org\/wp-content\/uploads\/2023\/05\/gNyUDN2cDNwgDO4cTO.jpg","type":"image\/jpeg"}],"twitter_card":"summary_large_image","twitter_misc":{"Tempo di lettura stimato":"1 minuto"},"schema":{"@context":"https:\/\/schema.org","@graph":[{"@type":"WebPage","@id":"https:\/\/www.libriparlanti.org\/index.php\/prodotto\/rubare-la-notte\/","url":"https:\/\/www.libriparlanti.org\/index.php\/prodotto\/rubare-la-notte\/","name":"RUBARE LA NOTTE - Libreria Libri parlanti","isPartOf":{"@id":"https:\/\/www.libriparlanti.org\/#website"},"primaryImageOfPage":{"@id":"https:\/\/www.libriparlanti.org\/index.php\/prodotto\/rubare-la-notte\/#primaryimage"},"image":{"@id":"https:\/\/www.libriparlanti.org\/index.php\/prodotto\/rubare-la-notte\/#primaryimage"},"thumbnailUrl":"https:\/\/www.libriparlanti.org\/wp-content\/uploads\/2023\/05\/gNyUDN2cDNwgDO4cTO.jpg","datePublished":"2023-05-17T15:37:11+00:00","dateModified":"2023-08-05T13:57:29+00:00","breadcrumb":{"@id":"https:\/\/www.libriparlanti.org\/index.php\/prodotto\/rubare-la-notte\/#breadcrumb"},"inLanguage":"it-IT","potentialAction":[{"@type":"ReadAction","target":["https:\/\/www.libriparlanti.org\/index.php\/prodotto\/rubare-la-notte\/"]}]},{"@type":"ImageObject","inLanguage":"it-IT","@id":"https:\/\/www.libriparlanti.org\/index.php\/prodotto\/rubare-la-notte\/#primaryimage","url":"https:\/\/www.libriparlanti.org\/wp-content\/uploads\/2023\/05\/gNyUDN2cDNwgDO4cTO.jpg","contentUrl":"https:\/\/www.libriparlanti.org\/wp-content\/uploads\/2023\/05\/gNyUDN2cDNwgDO4cTO.jpg","width":195,"height":300},{"@type":"BreadcrumbList","@id":"https:\/\/www.libriparlanti.org\/index.php\/prodotto\/rubare-la-notte\/#breadcrumb","itemListElement":[{"@type":"ListItem","position":1,"name":"Home","item":"https:\/\/www.libriparlanti.org\/"},{"@type":"ListItem","position":2,"name":"Shop","item":"https:\/\/www.libriparlanti.org\/index.php\/negozio\/"},{"@type":"ListItem","position":3,"name":"RUBARE LA NOTTE"}]},{"@type":"WebSite","@id":"https:\/\/www.libriparlanti.org\/#website","url":"https:\/\/www.libriparlanti.org\/","name":"Libreria Libri parlanti","description":"Libreria in Castiglione del Lago (Pg)","potentialAction":[{"@type":"SearchAction","target":{"@type":"EntryPoint","urlTemplate":"https:\/\/www.libriparlanti.org\/?s={search_term_string}"},"query-input":{"@type":"PropertyValueSpecification","valueRequired":true,"valueName":"search_term_string"}}],"inLanguage":"it-IT"}]}},"_links":{"self":[{"href":"https:\/\/www.libriparlanti.org\/index.php\/wp-json\/wp\/v2\/product\/27636","targetHints":{"allow":["GET"]}}],"collection":[{"href":"https:\/\/www.libriparlanti.org\/index.php\/wp-json\/wp\/v2\/product"}],"about":[{"href":"https:\/\/www.libriparlanti.org\/index.php\/wp-json\/wp\/v2\/types\/product"}],"replies":[{"embeddable":true,"href":"https:\/\/www.libriparlanti.org\/index.php\/wp-json\/wp\/v2\/comments?post=27636"}],"wp:featuredmedia":[{"embeddable":true,"href":"https:\/\/www.libriparlanti.org\/index.php\/wp-json\/wp\/v2\/media\/27635"}],"wp:attachment":[{"href":"https:\/\/www.libriparlanti.org\/index.php\/wp-json\/wp\/v2\/media?parent=27636"}],"wp:term":[{"taxonomy":"product_brand","embeddable":true,"href":"https:\/\/www.libriparlanti.org\/index.php\/wp-json\/wp\/v2\/product_brand?post=27636"},{"taxonomy":"product_cat","embeddable":true,"href":"https:\/\/www.libriparlanti.org\/index.php\/wp-json\/wp\/v2\/product_cat?post=27636"},{"taxonomy":"product_tag","embeddable":true,"href":"https:\/\/www.libriparlanti.org\/index.php\/wp-json\/wp\/v2\/product_tag?post=27636"}],"curies":[{"name":"wp","href":"https:\/\/api.w.org\/{rel}","templated":true}]}}

<p>Tutti lo sanno: Antoine de Saint-Exupéry ha scritto &#8220;Il piccolo principe&#8221;, uno dei romanzi più popolari del mondo. Quello che tutti non sanno è che Antoine, famigliarmente Tonio, è un personaggio che vale da solo una grande storia. Ed è la storia che Romana Petri ha scritto con la febbre e la furia di chi si lascia catturare da un carattere e lo fa suo, anzi lo ruba, tanto che il documento prende più che spesso la forma dell&#8217;immaginazione. Orfano di padre, Tonio vive un&#8217;infanzia felice nel castello di Saint-Maurice-de-Rémens, amato, celebrato, avviluppato al mostruoso quasi ossessivo amore per la madre; un&#8217;infanzia che gli resta incollata all&#8217;anima per tutta la vita, fin da quando, straziato, vede morire il fratello più giovane. L&#8217;infanzia lo tallona come un destino quando, esaltato, comincia a volare, pilota civile e pilota militare, quando si innamora tanto e tante volte, quando si trasferisce in America, quando scrive, persino quando si schiera e sceglie di combattere per un&#8217;idea di Francia che forse è sua e solo sua. Dove sia andato Tonio, non sappiamo, nei cieli in fiamme del 1944. Sappiamo che ci ha lasciato le stelle della notte, il sogno di una meraviglia che non si è mai consumata, il bambino che lui ci invita a riconoscere eterno dentro di noi. Romana Petri costruisce e decostruisce, sgretola le regole della biografia, evoca e racconta amori, amicizie e sgomenti come dettagli di un appetito d&#8217;avventura mai sazio, si muove fra le date e dentro la Storia alla sola ricerca del principe che ha sconfitto la notte ed è entrato volando nell&#8217;infinito.</p>
