{"id":26481,"date":"2023-03-24T16:38:52","date_gmt":"2023-03-24T14:38:52","guid":{"rendered":"https:\/\/www.libriparlanti.org\/index.php\/prodotto\/il-re-degli-ultimi-i-sette\/"},"modified":"2023-10-25T14:19:37","modified_gmt":"2023-10-25T12:19:37","slug":"il-re-degli-ultimi-i-sette","status":"publish","type":"product","link":"https:\/\/www.libriparlanti.org\/index.php\/prodotto\/il-re-degli-ultimi-i-sette\/","title":{"rendered":"IL RE DEGLI ULTIMI. I SETTE"},"content":{"rendered":"<p>La sua missione era precisa: rendere felici gli ultimi, fare vincere i perdenti, dimostrare che l&#8217;impossibile \u00e8 a portata di mano. 5 luglio 1984 &#8211; 1 aprile 1991. I sette anni di Maradona a Napoli sono la storia della sua vita. Re e popolo. Approda in una squadra che sta per retrocedere e l&#8217;accompagna alla gloria, vincitore dove non si era vinto mai. La magia del condottiero in pantaloncini e maglietta \u00e8 far sognare tutti: il destino di milioni di persone dipende da lui, da una giocata del numero 10, da un suo gol. Va tutto male? In compenso il Napoli \u00e8 primo in classifica. Un miracolo. Infatti lo pregano pi\u00f9 di san Gennaro. Il Pibe \u00e8 il campione del mondo che nel tempo libero gioca per beneficenza in mezzo alle pozzanghere, e di notte, in gran segreto, porta un sorriso ai bambini malati in ospedale. \u00c8 il prestigiatore con gli scarpini slacciati che durante gli allenamenti ferma il tempo a ogni casuale palleggio. \u00c8 il fuoriclasse che sognano tutti i club, perch\u00e9 vince le partite da solo, \u00e8 il compagno che quando si svuota lo spogliatoio trova le parole giuste per correggerti e spingerti oltre i tuoi limiti. \u00c8 anche il divo capriccioso avvolto in morbide pellicce che esce all&#8217;alba dalle discoteche per poi restare a dormire fino al pomeriggio. Napoli era la citt\u00e0 perfetta per Diego. Le cattive frequentazioni della camorra e i demoni della cocaina sono la parte buia di questa storia incredibile, nella quale il pi\u00f9 grande calciatore di tutti i tempi si consegna agli errori della vita come un comune mortale. In fondo, per\u00f2, viene da chiedersi: cosa sarebbe stato Maradona senza Napoli? Prefazione di Fabrizio Roncone.<\/p>\n","protected":false},"excerpt":{"rendered":"<p><em>Editore:<\/em> ULTRA<br \/>\n<em>ISBN:<\/em> 9788892780644<\/p>\n","protected":false},"featured_media":26480,"comment_status":"closed","ping_status":"closed","template":"","meta":{"_et_pb_use_builder":"","_et_pb_old_content":"","_et_gb_content_width":"","_joinchat":[]},"product_brand":[],"product_cat":[1736],"product_tag":[],"class_list":{"0":"post-26481","1":"product","2":"type-product","3":"status-publish","4":"has-post-thumbnail","6":"product_cat-narrativa","8":"first","9":"instock","10":"taxable","11":"shipping-taxable","12":"purchasable","13":"product-type-simple"},"yoast_head":"<!-- This site is optimized with the Yoast SEO plugin v27.5 - https:\/\/yoast.com\/product\/yoast-seo-wordpress\/ -->\n<title>IL RE DEGLI ULTIMI. I SETTE - Libreria Libri parlanti<\/title>\n<meta name=\"robots\" content=\"index, follow, max-snippet:-1, max-image-preview:large, max-video-preview:-1\" \/>\n<link rel=\"canonical\" href=\"https:\/\/www.libriparlanti.org\/index.php\/prodotto\/il-re-degli-ultimi-i-sette\/\" \/>\n<meta property=\"og:locale\" content=\"it_IT\" \/>\n<meta property=\"og:type\" content=\"article\" \/>\n<meta property=\"og:title\" content=\"IL RE DEGLI ULTIMI. I SETTE - Libreria Libri parlanti\" \/>\n<meta property=\"og:description\" content=\"Editore: ULTRA ISBN: 9788892780644\" \/>\n<meta property=\"og:url\" content=\"https:\/\/www.libriparlanti.org\/index.php\/prodotto\/il-re-degli-ultimi-i-sette\/\" \/>\n<meta property=\"og:site_name\" content=\"Libreria Libri parlanti\" \/>\n<meta property=\"article:publisher\" content=\"https:\/\/www.facebook.com\/LibriParlanti\" \/>\n<meta property=\"article:modified_time\" content=\"2023-10-25T12:19:37+00:00\" \/>\n<meta property=\"og:image\" content=\"https:\/\/www.libriparlanti.org\/wp-content\/uploads\/2023\/03\/9788892780644.jpg\" \/>\n\t<meta property=\"og:image:width\" content=\"128\" \/>\n\t<meta property=\"og:image:height\" content=\"184\" \/>\n\t<meta property=\"og:image:type\" content=\"image\/jpeg\" \/>\n<meta name=\"twitter:card\" content=\"summary_large_image\" \/>\n<meta name=\"twitter:label1\" content=\"Tempo di lettura stimato\" \/>\n\t<meta name=\"twitter:data1\" content=\"1 minuto\" \/>\n<script type=\"application\/ld+json\" class=\"yoast-schema-graph\">{\"@context\":\"https:\\\/\\\/schema.org\",\"@graph\":[{\"@type\":\"WebPage\",\"@id\":\"https:\\\/\\\/www.libriparlanti.org\\\/index.php\\\/prodotto\\\/il-re-degli-ultimi-i-sette\\\/\",\"url\":\"https:\\\/\\\/www.libriparlanti.org\\\/index.php\\\/prodotto\\\/il-re-degli-ultimi-i-sette\\\/\",\"name\":\"IL RE DEGLI ULTIMI. I SETTE - Libreria Libri parlanti\",\"isPartOf\":{\"@id\":\"https:\\\/\\\/www.libriparlanti.org\\\/#website\"},\"primaryImageOfPage\":{\"@id\":\"https:\\\/\\\/www.libriparlanti.org\\\/index.php\\\/prodotto\\\/il-re-degli-ultimi-i-sette\\\/#primaryimage\"},\"image\":{\"@id\":\"https:\\\/\\\/www.libriparlanti.org\\\/index.php\\\/prodotto\\\/il-re-degli-ultimi-i-sette\\\/#primaryimage\"},\"thumbnailUrl\":\"https:\\\/\\\/www.libriparlanti.org\\\/wp-content\\\/uploads\\\/2023\\\/03\\\/9788892780644.jpg\",\"datePublished\":\"2023-03-24T14:38:52+00:00\",\"dateModified\":\"2023-10-25T12:19:37+00:00\",\"breadcrumb\":{\"@id\":\"https:\\\/\\\/www.libriparlanti.org\\\/index.php\\\/prodotto\\\/il-re-degli-ultimi-i-sette\\\/#breadcrumb\"},\"inLanguage\":\"it-IT\",\"potentialAction\":[{\"@type\":\"ReadAction\",\"target\":[\"https:\\\/\\\/www.libriparlanti.org\\\/index.php\\\/prodotto\\\/il-re-degli-ultimi-i-sette\\\/\"]}]},{\"@type\":\"ImageObject\",\"inLanguage\":\"it-IT\",\"@id\":\"https:\\\/\\\/www.libriparlanti.org\\\/index.php\\\/prodotto\\\/il-re-degli-ultimi-i-sette\\\/#primaryimage\",\"url\":\"https:\\\/\\\/www.libriparlanti.org\\\/wp-content\\\/uploads\\\/2023\\\/03\\\/9788892780644.jpg\",\"contentUrl\":\"https:\\\/\\\/www.libriparlanti.org\\\/wp-content\\\/uploads\\\/2023\\\/03\\\/9788892780644.jpg\",\"width\":128,\"height\":184},{\"@type\":\"BreadcrumbList\",\"@id\":\"https:\\\/\\\/www.libriparlanti.org\\\/index.php\\\/prodotto\\\/il-re-degli-ultimi-i-sette\\\/#breadcrumb\",\"itemListElement\":[{\"@type\":\"ListItem\",\"position\":1,\"name\":\"Home\",\"item\":\"https:\\\/\\\/www.libriparlanti.org\\\/\"},{\"@type\":\"ListItem\",\"position\":2,\"name\":\"Shop\",\"item\":\"https:\\\/\\\/www.libriparlanti.org\\\/index.php\\\/negozio\\\/\"},{\"@type\":\"ListItem\",\"position\":3,\"name\":\"IL RE DEGLI ULTIMI. I SETTE\"}]},{\"@type\":\"WebSite\",\"@id\":\"https:\\\/\\\/www.libriparlanti.org\\\/#website\",\"url\":\"https:\\\/\\\/www.libriparlanti.org\\\/\",\"name\":\"Libreria Libri parlanti\",\"description\":\"Libreria in Castiglione del Lago (Pg)\",\"potentialAction\":[{\"@type\":\"SearchAction\",\"target\":{\"@type\":\"EntryPoint\",\"urlTemplate\":\"https:\\\/\\\/www.libriparlanti.org\\\/?s={search_term_string}\"},\"query-input\":{\"@type\":\"PropertyValueSpecification\",\"valueRequired\":true,\"valueName\":\"search_term_string\"}}],\"inLanguage\":\"it-IT\"}]}<\/script>\n<!-- \/ Yoast SEO plugin. -->","yoast_head_json":{"title":"IL RE DEGLI ULTIMI. I SETTE - Libreria Libri parlanti","robots":{"index":"index","follow":"follow","max-snippet":"max-snippet:-1","max-image-preview":"max-image-preview:large","max-video-preview":"max-video-preview:-1"},"canonical":"https:\/\/www.libriparlanti.org\/index.php\/prodotto\/il-re-degli-ultimi-i-sette\/","og_locale":"it_IT","og_type":"article","og_title":"IL RE DEGLI ULTIMI. I SETTE - Libreria Libri parlanti","og_description":"Editore: ULTRA ISBN: 9788892780644","og_url":"https:\/\/www.libriparlanti.org\/index.php\/prodotto\/il-re-degli-ultimi-i-sette\/","og_site_name":"Libreria Libri parlanti","article_publisher":"https:\/\/www.facebook.com\/LibriParlanti","article_modified_time":"2023-10-25T12:19:37+00:00","og_image":[{"width":128,"height":184,"url":"https:\/\/www.libriparlanti.org\/wp-content\/uploads\/2023\/03\/9788892780644.jpg","type":"image\/jpeg"}],"twitter_card":"summary_large_image","twitter_misc":{"Tempo di lettura stimato":"1 minuto"},"schema":{"@context":"https:\/\/schema.org","@graph":[{"@type":"WebPage","@id":"https:\/\/www.libriparlanti.org\/index.php\/prodotto\/il-re-degli-ultimi-i-sette\/","url":"https:\/\/www.libriparlanti.org\/index.php\/prodotto\/il-re-degli-ultimi-i-sette\/","name":"IL RE DEGLI ULTIMI. I SETTE - Libreria Libri parlanti","isPartOf":{"@id":"https:\/\/www.libriparlanti.org\/#website"},"primaryImageOfPage":{"@id":"https:\/\/www.libriparlanti.org\/index.php\/prodotto\/il-re-degli-ultimi-i-sette\/#primaryimage"},"image":{"@id":"https:\/\/www.libriparlanti.org\/index.php\/prodotto\/il-re-degli-ultimi-i-sette\/#primaryimage"},"thumbnailUrl":"https:\/\/www.libriparlanti.org\/wp-content\/uploads\/2023\/03\/9788892780644.jpg","datePublished":"2023-03-24T14:38:52+00:00","dateModified":"2023-10-25T12:19:37+00:00","breadcrumb":{"@id":"https:\/\/www.libriparlanti.org\/index.php\/prodotto\/il-re-degli-ultimi-i-sette\/#breadcrumb"},"inLanguage":"it-IT","potentialAction":[{"@type":"ReadAction","target":["https:\/\/www.libriparlanti.org\/index.php\/prodotto\/il-re-degli-ultimi-i-sette\/"]}]},{"@type":"ImageObject","inLanguage":"it-IT","@id":"https:\/\/www.libriparlanti.org\/index.php\/prodotto\/il-re-degli-ultimi-i-sette\/#primaryimage","url":"https:\/\/www.libriparlanti.org\/wp-content\/uploads\/2023\/03\/9788892780644.jpg","contentUrl":"https:\/\/www.libriparlanti.org\/wp-content\/uploads\/2023\/03\/9788892780644.jpg","width":128,"height":184},{"@type":"BreadcrumbList","@id":"https:\/\/www.libriparlanti.org\/index.php\/prodotto\/il-re-degli-ultimi-i-sette\/#breadcrumb","itemListElement":[{"@type":"ListItem","position":1,"name":"Home","item":"https:\/\/www.libriparlanti.org\/"},{"@type":"ListItem","position":2,"name":"Shop","item":"https:\/\/www.libriparlanti.org\/index.php\/negozio\/"},{"@type":"ListItem","position":3,"name":"IL RE DEGLI ULTIMI. I SETTE"}]},{"@type":"WebSite","@id":"https:\/\/www.libriparlanti.org\/#website","url":"https:\/\/www.libriparlanti.org\/","name":"Libreria Libri parlanti","description":"Libreria in Castiglione del Lago (Pg)","potentialAction":[{"@type":"SearchAction","target":{"@type":"EntryPoint","urlTemplate":"https:\/\/www.libriparlanti.org\/?s={search_term_string}"},"query-input":{"@type":"PropertyValueSpecification","valueRequired":true,"valueName":"search_term_string"}}],"inLanguage":"it-IT"}]}},"_links":{"self":[{"href":"https:\/\/www.libriparlanti.org\/index.php\/wp-json\/wp\/v2\/product\/26481","targetHints":{"allow":["GET"]}}],"collection":[{"href":"https:\/\/www.libriparlanti.org\/index.php\/wp-json\/wp\/v2\/product"}],"about":[{"href":"https:\/\/www.libriparlanti.org\/index.php\/wp-json\/wp\/v2\/types\/product"}],"replies":[{"embeddable":true,"href":"https:\/\/www.libriparlanti.org\/index.php\/wp-json\/wp\/v2\/comments?post=26481"}],"wp:featuredmedia":[{"embeddable":true,"href":"https:\/\/www.libriparlanti.org\/index.php\/wp-json\/wp\/v2\/media\/26480"}],"wp:attachment":[{"href":"https:\/\/www.libriparlanti.org\/index.php\/wp-json\/wp\/v2\/media?parent=26481"}],"wp:term":[{"taxonomy":"product_brand","embeddable":true,"href":"https:\/\/www.libriparlanti.org\/index.php\/wp-json\/wp\/v2\/product_brand?post=26481"},{"taxonomy":"product_cat","embeddable":true,"href":"https:\/\/www.libriparlanti.org\/index.php\/wp-json\/wp\/v2\/product_cat?post=26481"},{"taxonomy":"product_tag","embeddable":true,"href":"https:\/\/www.libriparlanti.org\/index.php\/wp-json\/wp\/v2\/product_tag?post=26481"}],"curies":[{"name":"wp","href":"https:\/\/api.w.org\/{rel}","templated":true}]}}

<p>La sua missione era precisa: rendere felici gli ultimi, fare vincere i perdenti, dimostrare che l&#8217;impossibile è a portata di mano. 5 luglio 1984 &#8211; 1 aprile 1991. I sette anni di Maradona a Napoli sono la storia della sua vita. Re e popolo. Approda in una squadra che sta per retrocedere e l&#8217;accompagna alla gloria, vincitore dove non si era vinto mai. La magia del condottiero in pantaloncini e maglietta è far sognare tutti: il destino di milioni di persone dipende da lui, da una giocata del numero 10, da un suo gol. Va tutto male? In compenso il Napoli è primo in classifica. Un miracolo. Infatti lo pregano più di san Gennaro. Il Pibe è il campione del mondo che nel tempo libero gioca per beneficenza in mezzo alle pozzanghere, e di notte, in gran segreto, porta un sorriso ai bambini malati in ospedale. È il prestigiatore con gli scarpini slacciati che durante gli allenamenti ferma il tempo a ogni casuale palleggio. È il fuoriclasse che sognano tutti i club, perché vince le partite da solo, è il compagno che quando si svuota lo spogliatoio trova le parole giuste per correggerti e spingerti oltre i tuoi limiti. È anche il divo capriccioso avvolto in morbide pellicce che esce all&#8217;alba dalle discoteche per poi restare a dormire fino al pomeriggio. Napoli era la città perfetta per Diego. Le cattive frequentazioni della camorra e i demoni della cocaina sono la parte buia di questa storia incredibile, nella quale il più grande calciatore di tutti i tempi si consegna agli errori della vita come un comune mortale. In fondo, però, viene da chiedersi: cosa sarebbe stato Maradona senza Napoli? Prefazione di Fabrizio Roncone.</p>
