{"id":24931,"date":"2022-11-07T15:49:25","date_gmt":"2022-11-07T13:49:25","guid":{"rendered":"https:\/\/www.libriparlanti.org\/index.php\/prodotto\/la-casa-delle-luci\/"},"modified":"2025-07-26T13:57:28","modified_gmt":"2025-07-26T11:57:28","slug":"la-casa-delle-luci","status":"publish","type":"product","link":"https:\/\/www.libriparlanti.org\/index.php\/prodotto\/la-casa-delle-luci\/","title":{"rendered":"LA CASA DELLE LUCI"},"content":{"rendered":"<p>Nella grande casa spenta in cima alla collina, vive sempre sola una bambina&#8230; Si chiama Eva, ha dieci anni, e con lei ci sono soltanto una governante e una ragazza finlandese au pair, Maja Salo. Dei genitori nessuna traccia. \u00c8 proprio Maja a cercare disperatamente l&#8217;aiuto di Pietro Gerber, il miglior ipnotista di Firenze, l&#8217;addormentatore di bambini. Da qualche tempo Eva non \u00e8 pi\u00f9 davvero sola. Con lei c&#8217;\u00e8 un amichetto immaginario, senza nome e senza volto. E a causa di questa presenza, forse Eva \u00e8 in pericolo. Ma la reputazione di Pietro Gerber \u00e8 in rovina e, per certi versi, lo \u00e8 lui stesso. Confuso e incerto sul proprio destino, Pietro accetta, pur con mille riserve, di confrontarsi con Eva. O meglio, con il suo amico immaginario. \u00c8 in quel momento che si spalanca una porta invisibile davanti a lui. La voce del bambino perduto che parla attraverso Eva, quando lei \u00e8 sotto ipno?si, non gli \u00e8 sconosciuta. E, soprattutto, quella voce conosce Pietro. Conosce il suo passato, e sembra possedere una verit\u00e0 rimasta celata troppo a lungo su qualcosa che \u00e8 avvenuto in una calda estate di quando lui era un bambino. Perch\u00e9 a undici anni Pietro Gerber \u00e8 morto. E il misterioso fatto accaduto dopo la sua morte ancora lo tormenta.<\/p>\n","protected":false},"excerpt":{"rendered":"<p><em>Editore:<\/em> LONGANESI<br \/>\n<em>ISBN:<\/em> 9788830453524<\/p>\n","protected":false},"featured_media":24930,"comment_status":"closed","ping_status":"closed","template":"","meta":{"_et_pb_use_builder":"","_et_pb_old_content":"","_et_gb_content_width":"","_joinchat":[]},"product_brand":[],"product_cat":[1737],"product_tag":[],"class_list":{"0":"post-24931","1":"product","2":"type-product","3":"status-publish","4":"has-post-thumbnail","6":"product_cat-gialli-thriller","8":"first","9":"onbackorder","10":"taxable","11":"shipping-taxable","12":"purchasable","13":"product-type-simple"},"yoast_head":"<!-- This site is optimized with the Yoast SEO plugin v27.5 - https:\/\/yoast.com\/product\/yoast-seo-wordpress\/ -->\n<title>LA CASA DELLE LUCI - Libreria Libri parlanti<\/title>\n<meta name=\"robots\" content=\"index, follow, max-snippet:-1, max-image-preview:large, max-video-preview:-1\" \/>\n<link rel=\"canonical\" href=\"https:\/\/www.libriparlanti.org\/index.php\/prodotto\/la-casa-delle-luci\/\" \/>\n<meta property=\"og:locale\" content=\"it_IT\" \/>\n<meta property=\"og:type\" content=\"article\" \/>\n<meta property=\"og:title\" content=\"LA CASA DELLE LUCI - Libreria Libri parlanti\" \/>\n<meta property=\"og:description\" content=\"Editore: LONGANESI ISBN: 9788830453524\" \/>\n<meta property=\"og:url\" content=\"https:\/\/www.libriparlanti.org\/index.php\/prodotto\/la-casa-delle-luci\/\" \/>\n<meta property=\"og:site_name\" content=\"Libreria Libri parlanti\" \/>\n<meta property=\"article:publisher\" content=\"https:\/\/www.facebook.com\/LibriParlanti\" \/>\n<meta property=\"article:modified_time\" content=\"2025-07-26T11:57:28+00:00\" \/>\n<meta property=\"og:image\" content=\"https:\/\/www.libriparlanti.org\/wp-content\/uploads\/2022\/11\/9788830453524.jpg\" \/>\n\t<meta property=\"og:image:width\" content=\"184\" \/>\n\t<meta property=\"og:image:height\" content=\"274\" \/>\n\t<meta property=\"og:image:type\" content=\"image\/jpeg\" \/>\n<meta name=\"twitter:card\" content=\"summary_large_image\" \/>\n<meta name=\"twitter:label1\" content=\"Tempo di lettura stimato\" \/>\n\t<meta name=\"twitter:data1\" content=\"1 minuto\" \/>\n<script type=\"application\/ld+json\" class=\"yoast-schema-graph\">{\"@context\":\"https:\\\/\\\/schema.org\",\"@graph\":[{\"@type\":\"WebPage\",\"@id\":\"https:\\\/\\\/www.libriparlanti.org\\\/index.php\\\/prodotto\\\/la-casa-delle-luci\\\/\",\"url\":\"https:\\\/\\\/www.libriparlanti.org\\\/index.php\\\/prodotto\\\/la-casa-delle-luci\\\/\",\"name\":\"LA CASA DELLE LUCI - Libreria Libri parlanti\",\"isPartOf\":{\"@id\":\"https:\\\/\\\/www.libriparlanti.org\\\/#website\"},\"primaryImageOfPage\":{\"@id\":\"https:\\\/\\\/www.libriparlanti.org\\\/index.php\\\/prodotto\\\/la-casa-delle-luci\\\/#primaryimage\"},\"image\":{\"@id\":\"https:\\\/\\\/www.libriparlanti.org\\\/index.php\\\/prodotto\\\/la-casa-delle-luci\\\/#primaryimage\"},\"thumbnailUrl\":\"https:\\\/\\\/www.libriparlanti.org\\\/wp-content\\\/uploads\\\/2022\\\/11\\\/9788830453524.jpg\",\"datePublished\":\"2022-11-07T13:49:25+00:00\",\"dateModified\":\"2025-07-26T11:57:28+00:00\",\"breadcrumb\":{\"@id\":\"https:\\\/\\\/www.libriparlanti.org\\\/index.php\\\/prodotto\\\/la-casa-delle-luci\\\/#breadcrumb\"},\"inLanguage\":\"it-IT\",\"potentialAction\":[{\"@type\":\"ReadAction\",\"target\":[\"https:\\\/\\\/www.libriparlanti.org\\\/index.php\\\/prodotto\\\/la-casa-delle-luci\\\/\"]}]},{\"@type\":\"ImageObject\",\"inLanguage\":\"it-IT\",\"@id\":\"https:\\\/\\\/www.libriparlanti.org\\\/index.php\\\/prodotto\\\/la-casa-delle-luci\\\/#primaryimage\",\"url\":\"https:\\\/\\\/www.libriparlanti.org\\\/wp-content\\\/uploads\\\/2022\\\/11\\\/9788830453524.jpg\",\"contentUrl\":\"https:\\\/\\\/www.libriparlanti.org\\\/wp-content\\\/uploads\\\/2022\\\/11\\\/9788830453524.jpg\",\"width\":184,\"height\":274},{\"@type\":\"BreadcrumbList\",\"@id\":\"https:\\\/\\\/www.libriparlanti.org\\\/index.php\\\/prodotto\\\/la-casa-delle-luci\\\/#breadcrumb\",\"itemListElement\":[{\"@type\":\"ListItem\",\"position\":1,\"name\":\"Home\",\"item\":\"https:\\\/\\\/www.libriparlanti.org\\\/\"},{\"@type\":\"ListItem\",\"position\":2,\"name\":\"Shop\",\"item\":\"https:\\\/\\\/www.libriparlanti.org\\\/index.php\\\/negozio\\\/\"},{\"@type\":\"ListItem\",\"position\":3,\"name\":\"LA CASA DELLE LUCI\"}]},{\"@type\":\"WebSite\",\"@id\":\"https:\\\/\\\/www.libriparlanti.org\\\/#website\",\"url\":\"https:\\\/\\\/www.libriparlanti.org\\\/\",\"name\":\"Libreria Libri parlanti\",\"description\":\"Libreria in Castiglione del Lago (Pg)\",\"potentialAction\":[{\"@type\":\"SearchAction\",\"target\":{\"@type\":\"EntryPoint\",\"urlTemplate\":\"https:\\\/\\\/www.libriparlanti.org\\\/?s={search_term_string}\"},\"query-input\":{\"@type\":\"PropertyValueSpecification\",\"valueRequired\":true,\"valueName\":\"search_term_string\"}}],\"inLanguage\":\"it-IT\"}]}<\/script>\n<!-- \/ Yoast SEO plugin. -->","yoast_head_json":{"title":"LA CASA DELLE LUCI - Libreria Libri parlanti","robots":{"index":"index","follow":"follow","max-snippet":"max-snippet:-1","max-image-preview":"max-image-preview:large","max-video-preview":"max-video-preview:-1"},"canonical":"https:\/\/www.libriparlanti.org\/index.php\/prodotto\/la-casa-delle-luci\/","og_locale":"it_IT","og_type":"article","og_title":"LA CASA DELLE LUCI - Libreria Libri parlanti","og_description":"Editore: LONGANESI ISBN: 9788830453524","og_url":"https:\/\/www.libriparlanti.org\/index.php\/prodotto\/la-casa-delle-luci\/","og_site_name":"Libreria Libri parlanti","article_publisher":"https:\/\/www.facebook.com\/LibriParlanti","article_modified_time":"2025-07-26T11:57:28+00:00","og_image":[{"width":184,"height":274,"url":"https:\/\/www.libriparlanti.org\/wp-content\/uploads\/2022\/11\/9788830453524.jpg","type":"image\/jpeg"}],"twitter_card":"summary_large_image","twitter_misc":{"Tempo di lettura stimato":"1 minuto"},"schema":{"@context":"https:\/\/schema.org","@graph":[{"@type":"WebPage","@id":"https:\/\/www.libriparlanti.org\/index.php\/prodotto\/la-casa-delle-luci\/","url":"https:\/\/www.libriparlanti.org\/index.php\/prodotto\/la-casa-delle-luci\/","name":"LA CASA DELLE LUCI - Libreria Libri parlanti","isPartOf":{"@id":"https:\/\/www.libriparlanti.org\/#website"},"primaryImageOfPage":{"@id":"https:\/\/www.libriparlanti.org\/index.php\/prodotto\/la-casa-delle-luci\/#primaryimage"},"image":{"@id":"https:\/\/www.libriparlanti.org\/index.php\/prodotto\/la-casa-delle-luci\/#primaryimage"},"thumbnailUrl":"https:\/\/www.libriparlanti.org\/wp-content\/uploads\/2022\/11\/9788830453524.jpg","datePublished":"2022-11-07T13:49:25+00:00","dateModified":"2025-07-26T11:57:28+00:00","breadcrumb":{"@id":"https:\/\/www.libriparlanti.org\/index.php\/prodotto\/la-casa-delle-luci\/#breadcrumb"},"inLanguage":"it-IT","potentialAction":[{"@type":"ReadAction","target":["https:\/\/www.libriparlanti.org\/index.php\/prodotto\/la-casa-delle-luci\/"]}]},{"@type":"ImageObject","inLanguage":"it-IT","@id":"https:\/\/www.libriparlanti.org\/index.php\/prodotto\/la-casa-delle-luci\/#primaryimage","url":"https:\/\/www.libriparlanti.org\/wp-content\/uploads\/2022\/11\/9788830453524.jpg","contentUrl":"https:\/\/www.libriparlanti.org\/wp-content\/uploads\/2022\/11\/9788830453524.jpg","width":184,"height":274},{"@type":"BreadcrumbList","@id":"https:\/\/www.libriparlanti.org\/index.php\/prodotto\/la-casa-delle-luci\/#breadcrumb","itemListElement":[{"@type":"ListItem","position":1,"name":"Home","item":"https:\/\/www.libriparlanti.org\/"},{"@type":"ListItem","position":2,"name":"Shop","item":"https:\/\/www.libriparlanti.org\/index.php\/negozio\/"},{"@type":"ListItem","position":3,"name":"LA CASA DELLE LUCI"}]},{"@type":"WebSite","@id":"https:\/\/www.libriparlanti.org\/#website","url":"https:\/\/www.libriparlanti.org\/","name":"Libreria Libri parlanti","description":"Libreria in Castiglione del Lago (Pg)","potentialAction":[{"@type":"SearchAction","target":{"@type":"EntryPoint","urlTemplate":"https:\/\/www.libriparlanti.org\/?s={search_term_string}"},"query-input":{"@type":"PropertyValueSpecification","valueRequired":true,"valueName":"search_term_string"}}],"inLanguage":"it-IT"}]}},"_links":{"self":[{"href":"https:\/\/www.libriparlanti.org\/index.php\/wp-json\/wp\/v2\/product\/24931","targetHints":{"allow":["GET"]}}],"collection":[{"href":"https:\/\/www.libriparlanti.org\/index.php\/wp-json\/wp\/v2\/product"}],"about":[{"href":"https:\/\/www.libriparlanti.org\/index.php\/wp-json\/wp\/v2\/types\/product"}],"replies":[{"embeddable":true,"href":"https:\/\/www.libriparlanti.org\/index.php\/wp-json\/wp\/v2\/comments?post=24931"}],"wp:featuredmedia":[{"embeddable":true,"href":"https:\/\/www.libriparlanti.org\/index.php\/wp-json\/wp\/v2\/media\/24930"}],"wp:attachment":[{"href":"https:\/\/www.libriparlanti.org\/index.php\/wp-json\/wp\/v2\/media?parent=24931"}],"wp:term":[{"taxonomy":"product_brand","embeddable":true,"href":"https:\/\/www.libriparlanti.org\/index.php\/wp-json\/wp\/v2\/product_brand?post=24931"},{"taxonomy":"product_cat","embeddable":true,"href":"https:\/\/www.libriparlanti.org\/index.php\/wp-json\/wp\/v2\/product_cat?post=24931"},{"taxonomy":"product_tag","embeddable":true,"href":"https:\/\/www.libriparlanti.org\/index.php\/wp-json\/wp\/v2\/product_tag?post=24931"}],"curies":[{"name":"wp","href":"https:\/\/api.w.org\/{rel}","templated":true}]}}

<p>Nella grande casa spenta in cima alla collina, vive sempre sola una bambina&#8230; Si chiama Eva, ha dieci anni, e con lei ci sono soltanto una governante e una ragazza finlandese au pair, Maja Salo. Dei genitori nessuna traccia. È proprio Maja a cercare disperatamente l&#8217;aiuto di Pietro Gerber, il miglior ipnotista di Firenze, l&#8217;addormentatore di bambini. Da qualche tempo Eva non è più davvero sola. Con lei c&#8217;è un amichetto immaginario, senza nome e senza volto. E a causa di questa presenza, forse Eva è in pericolo. Ma la reputazione di Pietro Gerber è in rovina e, per certi versi, lo è lui stesso. Confuso e incerto sul proprio destino, Pietro accetta, pur con mille riserve, di confrontarsi con Eva. O meglio, con il suo amico immaginario. È in quel momento che si spalanca una porta invisibile davanti a lui. La voce del bambino perduto che parla attraverso Eva, quando lei è sotto ipno?si, non gli è sconosciuta. E, soprattutto, quella voce conosce Pietro. Conosce il suo passato, e sembra possedere una verità rimasta celata troppo a lungo su qualcosa che è avvenuto in una calda estate di quando lui era un bambino. Perché a undici anni Pietro Gerber è morto. E il misterioso fatto accaduto dopo la sua morte ancora lo tormenta.</p>
