{"id":23912,"date":"2022-10-15T13:18:31","date_gmt":"2022-10-15T11:18:31","guid":{"rendered":"https:\/\/www.libriparlanti.org\/index.php\/prodotto\/chi-si-ferma-e-perduto\/"},"modified":"2025-08-08T12:54:55","modified_gmt":"2025-08-08T10:54:55","slug":"chi-si-ferma-e-perduto","status":"publish","type":"product","link":"https:\/\/www.libriparlanti.org\/index.php\/prodotto\/chi-si-ferma-e-perduto\/","title":{"rendered":"CHI SI FERMA \u00c8 PERDUTO"},"content":{"rendered":"<p>Serena, casalinga ultraindaffarata di un borgo vicino a Pisa, si imbatte casualmente in un cadavere. \u00c8 quello del professor Caroselli, ottimo musicista e rigoroso insegnante nella scuola locale gestita dalle suore. Serena ha una solida formazione da chimica e un buon lavoro, ma ha scelto di licenziarsi stanca della discriminazione maschilista. Ma la sua identit\u00e0 non si esaurisce nel ruolo di madre di famiglia. Inoltre, la multitasking mamma di due figli e moglie di un distratto scienziato possiede quello che lei chiama \u00absuperpotere\u00bb, un olfatto formidabile e professionalmente coltivato che le consente di distinguere perfino i singoli componenti chimici delle sostanze. Il passaggio da testimone in un caso di omicidio a investigatrice \u00e8 cos\u00ec inevitabile. L&#8217;inchiesta ufficiale \u00e8 invece condotta da Corinna Stelea, sovrintendente di polizia alta quanto un giocatore di pallacanestro. La coppia indirizza i sospetti verso i traffici del convento che gestisce la scuola. Molti pettegolezzi accompagnano l&#8217;indagine e molti segreti saranno svelati. Ma la soluzione sar\u00e0 la pi\u00f9 triste.<\/p>\n","protected":false},"excerpt":{"rendered":"<p><em>Autore:<\/em> MARCO MALVALDI<br \/>\n<em>Editore:<\/em> SELLERIO<br \/>\n<em>ISBN:<\/em> 9788838943720<br \/>\n<em>Pubblicazione:<\/em> 18\/10\/2022<\/p>\n","protected":false},"featured_media":23911,"comment_status":"closed","ping_status":"closed","template":"","meta":{"_et_pb_use_builder":"","_et_pb_old_content":"","_et_gb_content_width":"","_joinchat":[]},"product_brand":[],"product_cat":[1737],"product_tag":[],"class_list":{"0":"post-23912","1":"product","2":"type-product","3":"status-publish","4":"has-post-thumbnail","6":"product_cat-gialli-thriller","8":"first","9":"instock","10":"taxable","11":"shipping-taxable","12":"purchasable","13":"product-type-simple"},"yoast_head":"<!-- This site is optimized with the Yoast SEO plugin v27.5 - https:\/\/yoast.com\/product\/yoast-seo-wordpress\/ -->\n<title>CHI SI FERMA \u00c8 PERDUTO - Libreria Libri parlanti<\/title>\n<meta name=\"robots\" content=\"index, follow, max-snippet:-1, max-image-preview:large, max-video-preview:-1\" \/>\n<link rel=\"canonical\" href=\"https:\/\/www.libriparlanti.org\/index.php\/prodotto\/chi-si-ferma-e-perduto\/\" \/>\n<meta property=\"og:locale\" content=\"it_IT\" \/>\n<meta property=\"og:type\" content=\"article\" \/>\n<meta property=\"og:title\" content=\"CHI SI FERMA \u00c8 PERDUTO - Libreria Libri parlanti\" \/>\n<meta property=\"og:description\" content=\"Autore: MARCO MALVALDI Editore: SELLERIO ISBN: 9788838943720 Pubblicazione: 18\/10\/2022\" \/>\n<meta property=\"og:url\" content=\"https:\/\/www.libriparlanti.org\/index.php\/prodotto\/chi-si-ferma-e-perduto\/\" \/>\n<meta property=\"og:site_name\" content=\"Libreria Libri parlanti\" \/>\n<meta property=\"article:publisher\" content=\"https:\/\/www.facebook.com\/LibriParlanti\" \/>\n<meta property=\"article:modified_time\" content=\"2025-08-08T10:54:55+00:00\" \/>\n<meta property=\"og:image\" content=\"https:\/\/www.libriparlanti.org\/wp-content\/uploads\/2022\/10\/AMyczM0kDOzgDO4cTO.jpg\" \/>\n\t<meta property=\"og:image:width\" content=\"214\" \/>\n\t<meta property=\"og:image:height\" content=\"300\" \/>\n\t<meta property=\"og:image:type\" content=\"image\/jpeg\" \/>\n<meta name=\"twitter:card\" content=\"summary_large_image\" \/>\n<meta name=\"twitter:label1\" content=\"Tempo di lettura stimato\" \/>\n\t<meta name=\"twitter:data1\" content=\"1 minuto\" \/>\n<script type=\"application\/ld+json\" class=\"yoast-schema-graph\">{\"@context\":\"https:\\\/\\\/schema.org\",\"@graph\":[{\"@type\":\"WebPage\",\"@id\":\"https:\\\/\\\/www.libriparlanti.org\\\/index.php\\\/prodotto\\\/chi-si-ferma-e-perduto\\\/\",\"url\":\"https:\\\/\\\/www.libriparlanti.org\\\/index.php\\\/prodotto\\\/chi-si-ferma-e-perduto\\\/\",\"name\":\"CHI SI FERMA \u00c8 PERDUTO - Libreria Libri parlanti\",\"isPartOf\":{\"@id\":\"https:\\\/\\\/www.libriparlanti.org\\\/#website\"},\"primaryImageOfPage\":{\"@id\":\"https:\\\/\\\/www.libriparlanti.org\\\/index.php\\\/prodotto\\\/chi-si-ferma-e-perduto\\\/#primaryimage\"},\"image\":{\"@id\":\"https:\\\/\\\/www.libriparlanti.org\\\/index.php\\\/prodotto\\\/chi-si-ferma-e-perduto\\\/#primaryimage\"},\"thumbnailUrl\":\"https:\\\/\\\/www.libriparlanti.org\\\/wp-content\\\/uploads\\\/2022\\\/10\\\/AMyczM0kDOzgDO4cTO.jpg\",\"datePublished\":\"2022-10-15T11:18:31+00:00\",\"dateModified\":\"2025-08-08T10:54:55+00:00\",\"breadcrumb\":{\"@id\":\"https:\\\/\\\/www.libriparlanti.org\\\/index.php\\\/prodotto\\\/chi-si-ferma-e-perduto\\\/#breadcrumb\"},\"inLanguage\":\"it-IT\",\"potentialAction\":[{\"@type\":\"ReadAction\",\"target\":[\"https:\\\/\\\/www.libriparlanti.org\\\/index.php\\\/prodotto\\\/chi-si-ferma-e-perduto\\\/\"]}]},{\"@type\":\"ImageObject\",\"inLanguage\":\"it-IT\",\"@id\":\"https:\\\/\\\/www.libriparlanti.org\\\/index.php\\\/prodotto\\\/chi-si-ferma-e-perduto\\\/#primaryimage\",\"url\":\"https:\\\/\\\/www.libriparlanti.org\\\/wp-content\\\/uploads\\\/2022\\\/10\\\/AMyczM0kDOzgDO4cTO.jpg\",\"contentUrl\":\"https:\\\/\\\/www.libriparlanti.org\\\/wp-content\\\/uploads\\\/2022\\\/10\\\/AMyczM0kDOzgDO4cTO.jpg\",\"width\":214,\"height\":300},{\"@type\":\"BreadcrumbList\",\"@id\":\"https:\\\/\\\/www.libriparlanti.org\\\/index.php\\\/prodotto\\\/chi-si-ferma-e-perduto\\\/#breadcrumb\",\"itemListElement\":[{\"@type\":\"ListItem\",\"position\":1,\"name\":\"Home\",\"item\":\"https:\\\/\\\/www.libriparlanti.org\\\/\"},{\"@type\":\"ListItem\",\"position\":2,\"name\":\"Shop\",\"item\":\"https:\\\/\\\/www.libriparlanti.org\\\/index.php\\\/negozio\\\/\"},{\"@type\":\"ListItem\",\"position\":3,\"name\":\"CHI SI FERMA \u00c8 PERDUTO\"}]},{\"@type\":\"WebSite\",\"@id\":\"https:\\\/\\\/www.libriparlanti.org\\\/#website\",\"url\":\"https:\\\/\\\/www.libriparlanti.org\\\/\",\"name\":\"Libreria Libri parlanti\",\"description\":\"Libreria in Castiglione del Lago (Pg)\",\"potentialAction\":[{\"@type\":\"SearchAction\",\"target\":{\"@type\":\"EntryPoint\",\"urlTemplate\":\"https:\\\/\\\/www.libriparlanti.org\\\/?s={search_term_string}\"},\"query-input\":{\"@type\":\"PropertyValueSpecification\",\"valueRequired\":true,\"valueName\":\"search_term_string\"}}],\"inLanguage\":\"it-IT\"}]}<\/script>\n<!-- \/ Yoast SEO plugin. -->","yoast_head_json":{"title":"CHI SI FERMA \u00c8 PERDUTO - Libreria Libri parlanti","robots":{"index":"index","follow":"follow","max-snippet":"max-snippet:-1","max-image-preview":"max-image-preview:large","max-video-preview":"max-video-preview:-1"},"canonical":"https:\/\/www.libriparlanti.org\/index.php\/prodotto\/chi-si-ferma-e-perduto\/","og_locale":"it_IT","og_type":"article","og_title":"CHI SI FERMA \u00c8 PERDUTO - Libreria Libri parlanti","og_description":"Autore: MARCO MALVALDI Editore: SELLERIO ISBN: 9788838943720 Pubblicazione: 18\/10\/2022","og_url":"https:\/\/www.libriparlanti.org\/index.php\/prodotto\/chi-si-ferma-e-perduto\/","og_site_name":"Libreria Libri parlanti","article_publisher":"https:\/\/www.facebook.com\/LibriParlanti","article_modified_time":"2025-08-08T10:54:55+00:00","og_image":[{"width":214,"height":300,"url":"https:\/\/www.libriparlanti.org\/wp-content\/uploads\/2022\/10\/AMyczM0kDOzgDO4cTO.jpg","type":"image\/jpeg"}],"twitter_card":"summary_large_image","twitter_misc":{"Tempo di lettura stimato":"1 minuto"},"schema":{"@context":"https:\/\/schema.org","@graph":[{"@type":"WebPage","@id":"https:\/\/www.libriparlanti.org\/index.php\/prodotto\/chi-si-ferma-e-perduto\/","url":"https:\/\/www.libriparlanti.org\/index.php\/prodotto\/chi-si-ferma-e-perduto\/","name":"CHI SI FERMA \u00c8 PERDUTO - Libreria Libri parlanti","isPartOf":{"@id":"https:\/\/www.libriparlanti.org\/#website"},"primaryImageOfPage":{"@id":"https:\/\/www.libriparlanti.org\/index.php\/prodotto\/chi-si-ferma-e-perduto\/#primaryimage"},"image":{"@id":"https:\/\/www.libriparlanti.org\/index.php\/prodotto\/chi-si-ferma-e-perduto\/#primaryimage"},"thumbnailUrl":"https:\/\/www.libriparlanti.org\/wp-content\/uploads\/2022\/10\/AMyczM0kDOzgDO4cTO.jpg","datePublished":"2022-10-15T11:18:31+00:00","dateModified":"2025-08-08T10:54:55+00:00","breadcrumb":{"@id":"https:\/\/www.libriparlanti.org\/index.php\/prodotto\/chi-si-ferma-e-perduto\/#breadcrumb"},"inLanguage":"it-IT","potentialAction":[{"@type":"ReadAction","target":["https:\/\/www.libriparlanti.org\/index.php\/prodotto\/chi-si-ferma-e-perduto\/"]}]},{"@type":"ImageObject","inLanguage":"it-IT","@id":"https:\/\/www.libriparlanti.org\/index.php\/prodotto\/chi-si-ferma-e-perduto\/#primaryimage","url":"https:\/\/www.libriparlanti.org\/wp-content\/uploads\/2022\/10\/AMyczM0kDOzgDO4cTO.jpg","contentUrl":"https:\/\/www.libriparlanti.org\/wp-content\/uploads\/2022\/10\/AMyczM0kDOzgDO4cTO.jpg","width":214,"height":300},{"@type":"BreadcrumbList","@id":"https:\/\/www.libriparlanti.org\/index.php\/prodotto\/chi-si-ferma-e-perduto\/#breadcrumb","itemListElement":[{"@type":"ListItem","position":1,"name":"Home","item":"https:\/\/www.libriparlanti.org\/"},{"@type":"ListItem","position":2,"name":"Shop","item":"https:\/\/www.libriparlanti.org\/index.php\/negozio\/"},{"@type":"ListItem","position":3,"name":"CHI SI FERMA \u00c8 PERDUTO"}]},{"@type":"WebSite","@id":"https:\/\/www.libriparlanti.org\/#website","url":"https:\/\/www.libriparlanti.org\/","name":"Libreria Libri parlanti","description":"Libreria in Castiglione del Lago (Pg)","potentialAction":[{"@type":"SearchAction","target":{"@type":"EntryPoint","urlTemplate":"https:\/\/www.libriparlanti.org\/?s={search_term_string}"},"query-input":{"@type":"PropertyValueSpecification","valueRequired":true,"valueName":"search_term_string"}}],"inLanguage":"it-IT"}]}},"_links":{"self":[{"href":"https:\/\/www.libriparlanti.org\/index.php\/wp-json\/wp\/v2\/product\/23912","targetHints":{"allow":["GET"]}}],"collection":[{"href":"https:\/\/www.libriparlanti.org\/index.php\/wp-json\/wp\/v2\/product"}],"about":[{"href":"https:\/\/www.libriparlanti.org\/index.php\/wp-json\/wp\/v2\/types\/product"}],"replies":[{"embeddable":true,"href":"https:\/\/www.libriparlanti.org\/index.php\/wp-json\/wp\/v2\/comments?post=23912"}],"wp:featuredmedia":[{"embeddable":true,"href":"https:\/\/www.libriparlanti.org\/index.php\/wp-json\/wp\/v2\/media\/23911"}],"wp:attachment":[{"href":"https:\/\/www.libriparlanti.org\/index.php\/wp-json\/wp\/v2\/media?parent=23912"}],"wp:term":[{"taxonomy":"product_brand","embeddable":true,"href":"https:\/\/www.libriparlanti.org\/index.php\/wp-json\/wp\/v2\/product_brand?post=23912"},{"taxonomy":"product_cat","embeddable":true,"href":"https:\/\/www.libriparlanti.org\/index.php\/wp-json\/wp\/v2\/product_cat?post=23912"},{"taxonomy":"product_tag","embeddable":true,"href":"https:\/\/www.libriparlanti.org\/index.php\/wp-json\/wp\/v2\/product_tag?post=23912"}],"curies":[{"name":"wp","href":"https:\/\/api.w.org\/{rel}","templated":true}]}}

CHI SI FERMA È PERDUTO

<p>Serena, casalinga ultraindaffarata di un borgo vicino a Pisa, si imbatte casualmente in un cadavere. È quello del professor Caroselli, ottimo musicista e rigoroso insegnante nella scuola locale gestita dalle suore. Serena ha una solida formazione da chimica e un buon lavoro, ma ha scelto di licenziarsi stanca della discriminazione maschilista. Ma la sua identità non si esaurisce nel ruolo di madre di famiglia. Inoltre, la multitasking mamma di due figli e moglie di un distratto scienziato possiede quello che lei chiama «superpotere», un olfatto formidabile e professionalmente coltivato che le consente di distinguere perfino i singoli componenti chimici delle sostanze. Il passaggio da testimone in un caso di omicidio a investigatrice è così inevitabile. L&#8217;inchiesta ufficiale è invece condotta da Corinna Stelea, sovrintendente di polizia alta quanto un giocatore di pallacanestro. La coppia indirizza i sospetti verso i traffici del convento che gestisce la scuola. Molti pettegolezzi accompagnano l&#8217;indagine e molti segreti saranno svelati. Ma la soluzione sarà la più triste.</p>

<!-- This site is optimized with the Yoast SEO plugin v27.5 - https://yoast.com/product/yoast-seo-wordpress/ -->
<title>CHI SI FERMA È PERDUTO - Libreria Libri parlanti</title>
<meta name="robots" content="index, follow, max-snippet:-1, max-image-preview:large, max-video-preview:-1" />
<link rel="canonical" href="https://www.libriparlanti.org/index.php/prodotto/chi-si-ferma-e-perduto/" />
<meta property="og:locale" content="it_IT" />
<meta property="og:type" content="article" />
<meta property="og:title" content="CHI SI FERMA È PERDUTO - Libreria Libri parlanti" />
<meta property="og:description" content="Autore: MARCO MALVALDI Editore: SELLERIO ISBN: 9788838943720 Pubblicazione: 18/10/2022" />
<meta property="og:url" content="https://www.libriparlanti.org/index.php/prodotto/chi-si-ferma-e-perduto/" />
<meta property="og:site_name" content="Libreria Libri parlanti" />
<meta property="article:publisher" content="https://www.facebook.com/LibriParlanti" />
<meta property="article:modified_time" content="2025-08-08T10:54:55+00:00" />
<meta property="og:image" content="https://www.libriparlanti.org/wp-content/uploads/2022/10/AMyczM0kDOzgDO4cTO.jpg" />
	<meta property="og:image:width" content="214" />
	<meta property="og:image:height" content="300" />
	<meta property="og:image:type" content="image/jpeg" />
<meta name="twitter:card" content="summary_large_image" />
<meta name="twitter:label1" content="Tempo di lettura stimato" />
	<meta name="twitter:data1" content="1 minuto" />
<script type="application/ld+json" class="yoast-schema-graph">{"@context":"https:\/\/schema.org","@graph":[{"@type":"WebPage","@id":"https:\/\/www.libriparlanti.org\/index.php\/prodotto\/chi-si-ferma-e-perduto\/","url":"https:\/\/www.libriparlanti.org\/index.php\/prodotto\/chi-si-ferma-e-perduto\/","name":"CHI SI FERMA È PERDUTO - Libreria Libri parlanti","isPartOf":{"@id":"https:\/\/www.libriparlanti.org\/#website"},"primaryImageOfPage":{"@id":"https:\/\/www.libriparlanti.org\/index.php\/prodotto\/chi-si-ferma-e-perduto\/#primaryimage"},"image":{"@id":"https:\/\/www.libriparlanti.org\/index.php\/prodotto\/chi-si-ferma-e-perduto\/#primaryimage"},"thumbnailUrl":"https:\/\/www.libriparlanti.org\/wp-content\/uploads\/2022\/10\/AMyczM0kDOzgDO4cTO.jpg","datePublished":"2022-10-15T11:18:31+00:00","dateModified":"2025-08-08T10:54:55+00:00","breadcrumb":{"@id":"https:\/\/www.libriparlanti.org\/index.php\/prodotto\/chi-si-ferma-e-perduto\/#breadcrumb"},"inLanguage":"it-IT","potentialAction":[{"@type":"ReadAction","target":["https:\/\/www.libriparlanti.org\/index.php\/prodotto\/chi-si-ferma-e-perduto\/"]}]},{"@type":"ImageObject","inLanguage":"it-IT","@id":"https:\/\/www.libriparlanti.org\/index.php\/prodotto\/chi-si-ferma-e-perduto\/#primaryimage","url":"https:\/\/www.libriparlanti.org\/wp-content\/uploads\/2022\/10\/AMyczM0kDOzgDO4cTO.jpg","contentUrl":"https:\/\/www.libriparlanti.org\/wp-content\/uploads\/2022\/10\/AMyczM0kDOzgDO4cTO.jpg","width":214,"height":300},{"@type":"BreadcrumbList","@id":"https:\/\/www.libriparlanti.org\/index.php\/prodotto\/chi-si-ferma-e-perduto\/#breadcrumb","itemListElement":[{"@type":"ListItem","position":1,"name":"Home","item":"https:\/\/www.libriparlanti.org\/"},{"@type":"ListItem","position":2,"name":"Shop","item":"https:\/\/www.libriparlanti.org\/index.php\/negozio\/"},{"@type":"ListItem","position":3,"name":"CHI SI FERMA È PERDUTO"}]},{"@type":"WebSite","@id":"https:\/\/www.libriparlanti.org\/#website","url":"https:\/\/www.libriparlanti.org\/","name":"Libreria Libri parlanti","description":"Libreria in Castiglione del Lago (Pg)","potentialAction":[{"@type":"SearchAction","target":{"@type":"EntryPoint","urlTemplate":"https:\/\/www.libriparlanti.org\/?s={search_term_string}"},"query-input":{"@type":"PropertyValueSpecification","valueRequired":true,"valueName":"search_term_string"}}],"inLanguage":"it-IT"}]}</script>
<!-- / Yoast SEO plugin. -->

CHI SI FERMA È PERDUTO - Libreria Libri parlanti
