{"id":23217,"date":"2022-10-03T12:40:32","date_gmt":"2022-10-03T10:40:32","guid":{"rendered":"https:\/\/www.libriparlanti.org\/index.php\/prodotto\/se-ci-credi-puoi\/"},"modified":"2025-10-30T12:25:33","modified_gmt":"2025-10-30T10:25:33","slug":"se-ci-credi-puoi","status":"publish","type":"product","link":"https:\/\/www.libriparlanti.org\/index.php\/prodotto\/se-ci-credi-puoi\/","title":{"rendered":"SE CI CREDI PUOI"},"content":{"rendered":"<p>Ci sono giorni in cui mi sento un disastro, come se fossi completamente sbagliata. Poi mi guardo allo specchio e mi domando: perch\u00e9 proprio io? Cosa ho fatto per meritarmi tutto quello che ho oggi? Non so se c&#8217;\u00e8 una risposta, ma quello che so \u00e8 che sono felice. Perch\u00e9 ci\u00f2 che \u00e8 accaduto negli ultimi anni mi ha dato l&#8217;opportunit\u00e0 di crescere e maturare, di innamorarmi e conoscere nuovi amici. Sono diventata una persona diversa, una persona di cui posso essere orgogliosa. Senza di voi niente sarebbe stato possibile, ed \u00e8 per questo che voglio dirvi una cosa: non smettete mai di credere nei vostri sogni, perch\u00e9 solo se ci credete davvero si possono realizzare. Come \u00e8 capitato a me. Questa \u00e8 la mia storia, ed \u00e8 anche un po&#8217; la vostra!<\/p>\n","protected":false},"excerpt":{"rendered":"<p><em>Autore:<\/em> AURORA BARUTO<br \/>\n<em>Editore:<\/em> ELECTA<br \/>\n<em>ISBN:<\/em> 9788891835185<br \/>\n<em>Pubblicazione:<\/em> 24\/05\/2022<\/p>\n","protected":false},"featured_media":23216,"comment_status":"closed","ping_status":"closed","template":"","meta":{"_et_pb_use_builder":"","_et_pb_old_content":"","_et_gb_content_width":"","_joinchat":[]},"product_brand":[],"product_cat":[1736],"product_tag":[],"class_list":{"0":"post-23217","1":"product","2":"type-product","3":"status-publish","4":"has-post-thumbnail","6":"product_cat-narrativa","8":"first","9":"onbackorder","10":"taxable","11":"shipping-taxable","12":"purchasable","13":"product-type-simple"},"yoast_head":"<!-- This site is optimized with the Yoast SEO plugin v27.5 - https:\/\/yoast.com\/product\/yoast-seo-wordpress\/ -->\n<title>SE CI CREDI PUOI - Libreria Libri parlanti<\/title>\n<meta name=\"robots\" content=\"index, follow, max-snippet:-1, max-image-preview:large, max-video-preview:-1\" \/>\n<link rel=\"canonical\" href=\"https:\/\/www.libriparlanti.org\/index.php\/prodotto\/se-ci-credi-puoi\/\" \/>\n<meta property=\"og:locale\" content=\"it_IT\" \/>\n<meta property=\"og:type\" content=\"article\" \/>\n<meta property=\"og:title\" content=\"SE CI CREDI PUOI - Libreria Libri parlanti\" \/>\n<meta property=\"og:description\" content=\"Autore: AURORA BARUTO Editore: ELECTA ISBN: 9788891835185 Pubblicazione: 24\/05\/2022\" \/>\n<meta property=\"og:url\" content=\"https:\/\/www.libriparlanti.org\/index.php\/prodotto\/se-ci-credi-puoi\/\" \/>\n<meta property=\"og:site_name\" content=\"Libreria Libri parlanti\" \/>\n<meta property=\"article:publisher\" content=\"https:\/\/www.facebook.com\/LibriParlanti\" \/>\n<meta property=\"article:modified_time\" content=\"2025-10-30T10:25:33+00:00\" \/>\n<meta property=\"og:image\" content=\"https:\/\/www.libriparlanti.org\/wp-content\/uploads\/2022\/10\/QN4ETNzgTM5gDO4cTO.jpg\" \/>\n\t<meta property=\"og:image:width\" content=\"199\" \/>\n\t<meta property=\"og:image:height\" content=\"300\" \/>\n\t<meta property=\"og:image:type\" content=\"image\/jpeg\" \/>\n<meta name=\"twitter:card\" content=\"summary_large_image\" \/>\n<meta name=\"twitter:label1\" content=\"Tempo di lettura stimato\" \/>\n\t<meta name=\"twitter:data1\" content=\"1 minuto\" \/>\n<script type=\"application\/ld+json\" class=\"yoast-schema-graph\">{\"@context\":\"https:\\\/\\\/schema.org\",\"@graph\":[{\"@type\":\"WebPage\",\"@id\":\"https:\\\/\\\/www.libriparlanti.org\\\/index.php\\\/prodotto\\\/se-ci-credi-puoi\\\/\",\"url\":\"https:\\\/\\\/www.libriparlanti.org\\\/index.php\\\/prodotto\\\/se-ci-credi-puoi\\\/\",\"name\":\"SE CI CREDI PUOI - Libreria Libri parlanti\",\"isPartOf\":{\"@id\":\"https:\\\/\\\/www.libriparlanti.org\\\/#website\"},\"primaryImageOfPage\":{\"@id\":\"https:\\\/\\\/www.libriparlanti.org\\\/index.php\\\/prodotto\\\/se-ci-credi-puoi\\\/#primaryimage\"},\"image\":{\"@id\":\"https:\\\/\\\/www.libriparlanti.org\\\/index.php\\\/prodotto\\\/se-ci-credi-puoi\\\/#primaryimage\"},\"thumbnailUrl\":\"https:\\\/\\\/www.libriparlanti.org\\\/wp-content\\\/uploads\\\/2022\\\/10\\\/QN4ETNzgTM5gDO4cTO.jpg\",\"datePublished\":\"2022-10-03T10:40:32+00:00\",\"dateModified\":\"2025-10-30T10:25:33+00:00\",\"breadcrumb\":{\"@id\":\"https:\\\/\\\/www.libriparlanti.org\\\/index.php\\\/prodotto\\\/se-ci-credi-puoi\\\/#breadcrumb\"},\"inLanguage\":\"it-IT\",\"potentialAction\":[{\"@type\":\"ReadAction\",\"target\":[\"https:\\\/\\\/www.libriparlanti.org\\\/index.php\\\/prodotto\\\/se-ci-credi-puoi\\\/\"]}]},{\"@type\":\"ImageObject\",\"inLanguage\":\"it-IT\",\"@id\":\"https:\\\/\\\/www.libriparlanti.org\\\/index.php\\\/prodotto\\\/se-ci-credi-puoi\\\/#primaryimage\",\"url\":\"https:\\\/\\\/www.libriparlanti.org\\\/wp-content\\\/uploads\\\/2022\\\/10\\\/QN4ETNzgTM5gDO4cTO.jpg\",\"contentUrl\":\"https:\\\/\\\/www.libriparlanti.org\\\/wp-content\\\/uploads\\\/2022\\\/10\\\/QN4ETNzgTM5gDO4cTO.jpg\",\"width\":199,\"height\":300},{\"@type\":\"BreadcrumbList\",\"@id\":\"https:\\\/\\\/www.libriparlanti.org\\\/index.php\\\/prodotto\\\/se-ci-credi-puoi\\\/#breadcrumb\",\"itemListElement\":[{\"@type\":\"ListItem\",\"position\":1,\"name\":\"Home\",\"item\":\"https:\\\/\\\/www.libriparlanti.org\\\/\"},{\"@type\":\"ListItem\",\"position\":2,\"name\":\"Shop\",\"item\":\"https:\\\/\\\/www.libriparlanti.org\\\/index.php\\\/negozio\\\/\"},{\"@type\":\"ListItem\",\"position\":3,\"name\":\"SE CI CREDI PUOI\"}]},{\"@type\":\"WebSite\",\"@id\":\"https:\\\/\\\/www.libriparlanti.org\\\/#website\",\"url\":\"https:\\\/\\\/www.libriparlanti.org\\\/\",\"name\":\"Libreria Libri parlanti\",\"description\":\"Libreria in Castiglione del Lago (Pg)\",\"potentialAction\":[{\"@type\":\"SearchAction\",\"target\":{\"@type\":\"EntryPoint\",\"urlTemplate\":\"https:\\\/\\\/www.libriparlanti.org\\\/?s={search_term_string}\"},\"query-input\":{\"@type\":\"PropertyValueSpecification\",\"valueRequired\":true,\"valueName\":\"search_term_string\"}}],\"inLanguage\":\"it-IT\"}]}<\/script>\n<!-- \/ Yoast SEO plugin. -->","yoast_head_json":{"title":"SE CI CREDI PUOI - Libreria Libri parlanti","robots":{"index":"index","follow":"follow","max-snippet":"max-snippet:-1","max-image-preview":"max-image-preview:large","max-video-preview":"max-video-preview:-1"},"canonical":"https:\/\/www.libriparlanti.org\/index.php\/prodotto\/se-ci-credi-puoi\/","og_locale":"it_IT","og_type":"article","og_title":"SE CI CREDI PUOI - Libreria Libri parlanti","og_description":"Autore: AURORA BARUTO Editore: ELECTA ISBN: 9788891835185 Pubblicazione: 24\/05\/2022","og_url":"https:\/\/www.libriparlanti.org\/index.php\/prodotto\/se-ci-credi-puoi\/","og_site_name":"Libreria Libri parlanti","article_publisher":"https:\/\/www.facebook.com\/LibriParlanti","article_modified_time":"2025-10-30T10:25:33+00:00","og_image":[{"width":199,"height":300,"url":"https:\/\/www.libriparlanti.org\/wp-content\/uploads\/2022\/10\/QN4ETNzgTM5gDO4cTO.jpg","type":"image\/jpeg"}],"twitter_card":"summary_large_image","twitter_misc":{"Tempo di lettura stimato":"1 minuto"},"schema":{"@context":"https:\/\/schema.org","@graph":[{"@type":"WebPage","@id":"https:\/\/www.libriparlanti.org\/index.php\/prodotto\/se-ci-credi-puoi\/","url":"https:\/\/www.libriparlanti.org\/index.php\/prodotto\/se-ci-credi-puoi\/","name":"SE CI CREDI PUOI - Libreria Libri parlanti","isPartOf":{"@id":"https:\/\/www.libriparlanti.org\/#website"},"primaryImageOfPage":{"@id":"https:\/\/www.libriparlanti.org\/index.php\/prodotto\/se-ci-credi-puoi\/#primaryimage"},"image":{"@id":"https:\/\/www.libriparlanti.org\/index.php\/prodotto\/se-ci-credi-puoi\/#primaryimage"},"thumbnailUrl":"https:\/\/www.libriparlanti.org\/wp-content\/uploads\/2022\/10\/QN4ETNzgTM5gDO4cTO.jpg","datePublished":"2022-10-03T10:40:32+00:00","dateModified":"2025-10-30T10:25:33+00:00","breadcrumb":{"@id":"https:\/\/www.libriparlanti.org\/index.php\/prodotto\/se-ci-credi-puoi\/#breadcrumb"},"inLanguage":"it-IT","potentialAction":[{"@type":"ReadAction","target":["https:\/\/www.libriparlanti.org\/index.php\/prodotto\/se-ci-credi-puoi\/"]}]},{"@type":"ImageObject","inLanguage":"it-IT","@id":"https:\/\/www.libriparlanti.org\/index.php\/prodotto\/se-ci-credi-puoi\/#primaryimage","url":"https:\/\/www.libriparlanti.org\/wp-content\/uploads\/2022\/10\/QN4ETNzgTM5gDO4cTO.jpg","contentUrl":"https:\/\/www.libriparlanti.org\/wp-content\/uploads\/2022\/10\/QN4ETNzgTM5gDO4cTO.jpg","width":199,"height":300},{"@type":"BreadcrumbList","@id":"https:\/\/www.libriparlanti.org\/index.php\/prodotto\/se-ci-credi-puoi\/#breadcrumb","itemListElement":[{"@type":"ListItem","position":1,"name":"Home","item":"https:\/\/www.libriparlanti.org\/"},{"@type":"ListItem","position":2,"name":"Shop","item":"https:\/\/www.libriparlanti.org\/index.php\/negozio\/"},{"@type":"ListItem","position":3,"name":"SE CI CREDI PUOI"}]},{"@type":"WebSite","@id":"https:\/\/www.libriparlanti.org\/#website","url":"https:\/\/www.libriparlanti.org\/","name":"Libreria Libri parlanti","description":"Libreria in Castiglione del Lago (Pg)","potentialAction":[{"@type":"SearchAction","target":{"@type":"EntryPoint","urlTemplate":"https:\/\/www.libriparlanti.org\/?s={search_term_string}"},"query-input":{"@type":"PropertyValueSpecification","valueRequired":true,"valueName":"search_term_string"}}],"inLanguage":"it-IT"}]}},"_links":{"self":[{"href":"https:\/\/www.libriparlanti.org\/index.php\/wp-json\/wp\/v2\/product\/23217","targetHints":{"allow":["GET"]}}],"collection":[{"href":"https:\/\/www.libriparlanti.org\/index.php\/wp-json\/wp\/v2\/product"}],"about":[{"href":"https:\/\/www.libriparlanti.org\/index.php\/wp-json\/wp\/v2\/types\/product"}],"replies":[{"embeddable":true,"href":"https:\/\/www.libriparlanti.org\/index.php\/wp-json\/wp\/v2\/comments?post=23217"}],"wp:featuredmedia":[{"embeddable":true,"href":"https:\/\/www.libriparlanti.org\/index.php\/wp-json\/wp\/v2\/media\/23216"}],"wp:attachment":[{"href":"https:\/\/www.libriparlanti.org\/index.php\/wp-json\/wp\/v2\/media?parent=23217"}],"wp:term":[{"taxonomy":"product_brand","embeddable":true,"href":"https:\/\/www.libriparlanti.org\/index.php\/wp-json\/wp\/v2\/product_brand?post=23217"},{"taxonomy":"product_cat","embeddable":true,"href":"https:\/\/www.libriparlanti.org\/index.php\/wp-json\/wp\/v2\/product_cat?post=23217"},{"taxonomy":"product_tag","embeddable":true,"href":"https:\/\/www.libriparlanti.org\/index.php\/wp-json\/wp\/v2\/product_tag?post=23217"}],"curies":[{"name":"wp","href":"https:\/\/api.w.org\/{rel}","templated":true}]}}

<p>Ci sono giorni in cui mi sento un disastro, come se fossi completamente sbagliata. Poi mi guardo allo specchio e mi domando: perché proprio io? Cosa ho fatto per meritarmi tutto quello che ho oggi? Non so se c&#8217;è una risposta, ma quello che so è che sono felice. Perché ciò che è accaduto negli ultimi anni mi ha dato l&#8217;opportunità di crescere e maturare, di innamorarmi e conoscere nuovi amici. Sono diventata una persona diversa, una persona di cui posso essere orgogliosa. Senza di voi niente sarebbe stato possibile, ed è per questo che voglio dirvi una cosa: non smettete mai di credere nei vostri sogni, perché solo se ci credete davvero si possono realizzare. Come è capitato a me. Questa è la mia storia, ed è anche un po&#8217; la vostra!</p>
