{"id":22025,"date":"2022-07-12T22:52:44","date_gmt":"2022-07-12T20:52:44","guid":{"rendered":"https:\/\/www.libriparlanti.org\/index.php\/prodotto\/il-labirinto-delle-nebbie\/"},"modified":"2022-11-23T13:32:51","modified_gmt":"2022-11-23T11:32:51","slug":"il-labirinto-delle-nebbie","status":"publish","type":"product","link":"https:\/\/www.libriparlanti.org\/index.php\/prodotto\/il-labirinto-delle-nebbie\/","title":{"rendered":"IL LABIRINTO DELLE NEBBIE"},"content":{"rendered":"<p>Bruno Fosco \u00e8 tornato vivo dal fronte della Grande Guerra, ma non \u00e8 pi\u00f9 l&#8217;uomo di quando \u00e8 partito. Forse \u00e8 anche per questo che accetta il ruolo di ispettore ai confini del mondo, ovvero nella stazione di polizia di Afunde, un villaggio nella palude del delta del Po in cui vivono solo donne, perch\u00e9 nessun uomo \u00e8 sopravvissuto al fronte. Insidie, nebbia e cupe storie circondano il villaggio, mentre i suoi edifici sprofondano ogni giorno di pi\u00f9 nel terreno fangoso. Quando viene trovata morta Angelina, con un misterioso simbolo sul collo, comincia una vera e propria battuta di caccia al suo assassino dentro i labirintici percorsi della palude. La bellissima e sfuggente Ardea sembra sapere molto di pi\u00f9 di quello che si riesce a &#8220;leggere&#8221; dentro la realt\u00e0 ingannevole e ancestrale dalla quale il forestiero \u00e8 stato inghiottito assieme al suo sottoposto Della Santa e al vecchio e burbero anarchico Primo. Su Fosco e Ardea, e su tutto il paese, incombe l&#8217;eredit\u00e0 di violenza che la guerra, come tutte le guerre, ha lasciato dietro di s\u00e9.<\/p>\n","protected":false},"excerpt":{"rendered":"<p><em>Autore:<\/em> MATTEO CAVEZZALI<br \/>\n<em>Editore:<\/em> MONDADORI ARNOLDO VARIA<br \/>\n<em>ISBN:<\/em> 9788804746430<\/p>\n","protected":false},"featured_media":22024,"comment_status":"closed","ping_status":"closed","template":"","meta":{"_et_pb_use_builder":"","_et_pb_old_content":"","_et_gb_content_width":"","_joinchat":[]},"product_brand":[],"product_cat":[1736],"product_tag":[],"class_list":{"0":"post-22025","1":"product","2":"type-product","3":"status-publish","4":"has-post-thumbnail","6":"product_cat-narrativa","8":"first","9":"onbackorder","10":"taxable","11":"shipping-taxable","12":"purchasable","13":"product-type-simple"},"yoast_head":"<!-- This site is optimized with the Yoast SEO plugin v27.5 - https:\/\/yoast.com\/product\/yoast-seo-wordpress\/ -->\n<title>IL LABIRINTO DELLE NEBBIE - Libreria Libri parlanti<\/title>\n<meta name=\"robots\" content=\"index, follow, max-snippet:-1, max-image-preview:large, max-video-preview:-1\" \/>\n<link rel=\"canonical\" href=\"https:\/\/www.libriparlanti.org\/index.php\/prodotto\/il-labirinto-delle-nebbie\/\" \/>\n<meta property=\"og:locale\" content=\"it_IT\" \/>\n<meta property=\"og:type\" content=\"article\" \/>\n<meta property=\"og:title\" content=\"IL LABIRINTO DELLE NEBBIE - Libreria Libri parlanti\" \/>\n<meta property=\"og:description\" content=\"Autore: MATTEO CAVEZZALI Editore: MONDADORI ARNOLDO VARIA ISBN: 9788804746430\" \/>\n<meta property=\"og:url\" content=\"https:\/\/www.libriparlanti.org\/index.php\/prodotto\/il-labirinto-delle-nebbie\/\" \/>\n<meta property=\"og:site_name\" content=\"Libreria Libri parlanti\" \/>\n<meta property=\"article:publisher\" content=\"https:\/\/www.facebook.com\/LibriParlanti\" \/>\n<meta property=\"article:modified_time\" content=\"2022-11-23T11:32:51+00:00\" \/>\n<meta property=\"og:image\" content=\"https:\/\/www.libriparlanti.org\/wp-content\/uploads\/2022\/07\/9788804746430.jpg\" \/>\n\t<meta property=\"og:image:width\" content=\"181\" \/>\n\t<meta property=\"og:image:height\" content=\"278\" \/>\n\t<meta property=\"og:image:type\" content=\"image\/jpeg\" \/>\n<meta name=\"twitter:card\" content=\"summary_large_image\" \/>\n<meta name=\"twitter:label1\" content=\"Tempo di lettura stimato\" \/>\n\t<meta name=\"twitter:data1\" content=\"1 minuto\" \/>\n<script type=\"application\/ld+json\" class=\"yoast-schema-graph\">{\"@context\":\"https:\\\/\\\/schema.org\",\"@graph\":[{\"@type\":\"WebPage\",\"@id\":\"https:\\\/\\\/www.libriparlanti.org\\\/index.php\\\/prodotto\\\/il-labirinto-delle-nebbie\\\/\",\"url\":\"https:\\\/\\\/www.libriparlanti.org\\\/index.php\\\/prodotto\\\/il-labirinto-delle-nebbie\\\/\",\"name\":\"IL LABIRINTO DELLE NEBBIE - Libreria Libri parlanti\",\"isPartOf\":{\"@id\":\"https:\\\/\\\/www.libriparlanti.org\\\/#website\"},\"primaryImageOfPage\":{\"@id\":\"https:\\\/\\\/www.libriparlanti.org\\\/index.php\\\/prodotto\\\/il-labirinto-delle-nebbie\\\/#primaryimage\"},\"image\":{\"@id\":\"https:\\\/\\\/www.libriparlanti.org\\\/index.php\\\/prodotto\\\/il-labirinto-delle-nebbie\\\/#primaryimage\"},\"thumbnailUrl\":\"https:\\\/\\\/www.libriparlanti.org\\\/wp-content\\\/uploads\\\/2022\\\/07\\\/9788804746430.jpg\",\"datePublished\":\"2022-07-12T20:52:44+00:00\",\"dateModified\":\"2022-11-23T11:32:51+00:00\",\"breadcrumb\":{\"@id\":\"https:\\\/\\\/www.libriparlanti.org\\\/index.php\\\/prodotto\\\/il-labirinto-delle-nebbie\\\/#breadcrumb\"},\"inLanguage\":\"it-IT\",\"potentialAction\":[{\"@type\":\"ReadAction\",\"target\":[\"https:\\\/\\\/www.libriparlanti.org\\\/index.php\\\/prodotto\\\/il-labirinto-delle-nebbie\\\/\"]}]},{\"@type\":\"ImageObject\",\"inLanguage\":\"it-IT\",\"@id\":\"https:\\\/\\\/www.libriparlanti.org\\\/index.php\\\/prodotto\\\/il-labirinto-delle-nebbie\\\/#primaryimage\",\"url\":\"https:\\\/\\\/www.libriparlanti.org\\\/wp-content\\\/uploads\\\/2022\\\/07\\\/9788804746430.jpg\",\"contentUrl\":\"https:\\\/\\\/www.libriparlanti.org\\\/wp-content\\\/uploads\\\/2022\\\/07\\\/9788804746430.jpg\",\"width\":181,\"height\":278},{\"@type\":\"BreadcrumbList\",\"@id\":\"https:\\\/\\\/www.libriparlanti.org\\\/index.php\\\/prodotto\\\/il-labirinto-delle-nebbie\\\/#breadcrumb\",\"itemListElement\":[{\"@type\":\"ListItem\",\"position\":1,\"name\":\"Home\",\"item\":\"https:\\\/\\\/www.libriparlanti.org\\\/\"},{\"@type\":\"ListItem\",\"position\":2,\"name\":\"Shop\",\"item\":\"https:\\\/\\\/www.libriparlanti.org\\\/index.php\\\/negozio\\\/\"},{\"@type\":\"ListItem\",\"position\":3,\"name\":\"IL LABIRINTO DELLE NEBBIE\"}]},{\"@type\":\"WebSite\",\"@id\":\"https:\\\/\\\/www.libriparlanti.org\\\/#website\",\"url\":\"https:\\\/\\\/www.libriparlanti.org\\\/\",\"name\":\"Libreria Libri parlanti\",\"description\":\"Libreria in Castiglione del Lago (Pg)\",\"potentialAction\":[{\"@type\":\"SearchAction\",\"target\":{\"@type\":\"EntryPoint\",\"urlTemplate\":\"https:\\\/\\\/www.libriparlanti.org\\\/?s={search_term_string}\"},\"query-input\":{\"@type\":\"PropertyValueSpecification\",\"valueRequired\":true,\"valueName\":\"search_term_string\"}}],\"inLanguage\":\"it-IT\"}]}<\/script>\n<!-- \/ Yoast SEO plugin. -->","yoast_head_json":{"title":"IL LABIRINTO DELLE NEBBIE - Libreria Libri parlanti","robots":{"index":"index","follow":"follow","max-snippet":"max-snippet:-1","max-image-preview":"max-image-preview:large","max-video-preview":"max-video-preview:-1"},"canonical":"https:\/\/www.libriparlanti.org\/index.php\/prodotto\/il-labirinto-delle-nebbie\/","og_locale":"it_IT","og_type":"article","og_title":"IL LABIRINTO DELLE NEBBIE - Libreria Libri parlanti","og_description":"Autore: MATTEO CAVEZZALI Editore: MONDADORI ARNOLDO VARIA ISBN: 9788804746430","og_url":"https:\/\/www.libriparlanti.org\/index.php\/prodotto\/il-labirinto-delle-nebbie\/","og_site_name":"Libreria Libri parlanti","article_publisher":"https:\/\/www.facebook.com\/LibriParlanti","article_modified_time":"2022-11-23T11:32:51+00:00","og_image":[{"width":181,"height":278,"url":"https:\/\/www.libriparlanti.org\/wp-content\/uploads\/2022\/07\/9788804746430.jpg","type":"image\/jpeg"}],"twitter_card":"summary_large_image","twitter_misc":{"Tempo di lettura stimato":"1 minuto"},"schema":{"@context":"https:\/\/schema.org","@graph":[{"@type":"WebPage","@id":"https:\/\/www.libriparlanti.org\/index.php\/prodotto\/il-labirinto-delle-nebbie\/","url":"https:\/\/www.libriparlanti.org\/index.php\/prodotto\/il-labirinto-delle-nebbie\/","name":"IL LABIRINTO DELLE NEBBIE - Libreria Libri parlanti","isPartOf":{"@id":"https:\/\/www.libriparlanti.org\/#website"},"primaryImageOfPage":{"@id":"https:\/\/www.libriparlanti.org\/index.php\/prodotto\/il-labirinto-delle-nebbie\/#primaryimage"},"image":{"@id":"https:\/\/www.libriparlanti.org\/index.php\/prodotto\/il-labirinto-delle-nebbie\/#primaryimage"},"thumbnailUrl":"https:\/\/www.libriparlanti.org\/wp-content\/uploads\/2022\/07\/9788804746430.jpg","datePublished":"2022-07-12T20:52:44+00:00","dateModified":"2022-11-23T11:32:51+00:00","breadcrumb":{"@id":"https:\/\/www.libriparlanti.org\/index.php\/prodotto\/il-labirinto-delle-nebbie\/#breadcrumb"},"inLanguage":"it-IT","potentialAction":[{"@type":"ReadAction","target":["https:\/\/www.libriparlanti.org\/index.php\/prodotto\/il-labirinto-delle-nebbie\/"]}]},{"@type":"ImageObject","inLanguage":"it-IT","@id":"https:\/\/www.libriparlanti.org\/index.php\/prodotto\/il-labirinto-delle-nebbie\/#primaryimage","url":"https:\/\/www.libriparlanti.org\/wp-content\/uploads\/2022\/07\/9788804746430.jpg","contentUrl":"https:\/\/www.libriparlanti.org\/wp-content\/uploads\/2022\/07\/9788804746430.jpg","width":181,"height":278},{"@type":"BreadcrumbList","@id":"https:\/\/www.libriparlanti.org\/index.php\/prodotto\/il-labirinto-delle-nebbie\/#breadcrumb","itemListElement":[{"@type":"ListItem","position":1,"name":"Home","item":"https:\/\/www.libriparlanti.org\/"},{"@type":"ListItem","position":2,"name":"Shop","item":"https:\/\/www.libriparlanti.org\/index.php\/negozio\/"},{"@type":"ListItem","position":3,"name":"IL LABIRINTO DELLE NEBBIE"}]},{"@type":"WebSite","@id":"https:\/\/www.libriparlanti.org\/#website","url":"https:\/\/www.libriparlanti.org\/","name":"Libreria Libri parlanti","description":"Libreria in Castiglione del Lago (Pg)","potentialAction":[{"@type":"SearchAction","target":{"@type":"EntryPoint","urlTemplate":"https:\/\/www.libriparlanti.org\/?s={search_term_string}"},"query-input":{"@type":"PropertyValueSpecification","valueRequired":true,"valueName":"search_term_string"}}],"inLanguage":"it-IT"}]}},"_links":{"self":[{"href":"https:\/\/www.libriparlanti.org\/index.php\/wp-json\/wp\/v2\/product\/22025","targetHints":{"allow":["GET"]}}],"collection":[{"href":"https:\/\/www.libriparlanti.org\/index.php\/wp-json\/wp\/v2\/product"}],"about":[{"href":"https:\/\/www.libriparlanti.org\/index.php\/wp-json\/wp\/v2\/types\/product"}],"replies":[{"embeddable":true,"href":"https:\/\/www.libriparlanti.org\/index.php\/wp-json\/wp\/v2\/comments?post=22025"}],"wp:featuredmedia":[{"embeddable":true,"href":"https:\/\/www.libriparlanti.org\/index.php\/wp-json\/wp\/v2\/media\/22024"}],"wp:attachment":[{"href":"https:\/\/www.libriparlanti.org\/index.php\/wp-json\/wp\/v2\/media?parent=22025"}],"wp:term":[{"taxonomy":"product_brand","embeddable":true,"href":"https:\/\/www.libriparlanti.org\/index.php\/wp-json\/wp\/v2\/product_brand?post=22025"},{"taxonomy":"product_cat","embeddable":true,"href":"https:\/\/www.libriparlanti.org\/index.php\/wp-json\/wp\/v2\/product_cat?post=22025"},{"taxonomy":"product_tag","embeddable":true,"href":"https:\/\/www.libriparlanti.org\/index.php\/wp-json\/wp\/v2\/product_tag?post=22025"}],"curies":[{"name":"wp","href":"https:\/\/api.w.org\/{rel}","templated":true}]}}

<p>Bruno Fosco è tornato vivo dal fronte della Grande Guerra, ma non è più l&#8217;uomo di quando è partito. Forse è anche per questo che accetta il ruolo di ispettore ai confini del mondo, ovvero nella stazione di polizia di Afunde, un villaggio nella palude del delta del Po in cui vivono solo donne, perché nessun uomo è sopravvissuto al fronte. Insidie, nebbia e cupe storie circondano il villaggio, mentre i suoi edifici sprofondano ogni giorno di più nel terreno fangoso. Quando viene trovata morta Angelina, con un misterioso simbolo sul collo, comincia una vera e propria battuta di caccia al suo assassino dentro i labirintici percorsi della palude. La bellissima e sfuggente Ardea sembra sapere molto di più di quello che si riesce a &#8220;leggere&#8221; dentro la realtà ingannevole e ancestrale dalla quale il forestiero è stato inghiottito assieme al suo sottoposto Della Santa e al vecchio e burbero anarchico Primo. Su Fosco e Ardea, e su tutto il paese, incombe l&#8217;eredità di violenza che la guerra, come tutte le guerre, ha lasciato dietro di sé.</p>
