{"id":21208,"date":"2022-05-26T13:10:24","date_gmt":"2022-05-26T11:10:24","guid":{"rendered":"https:\/\/www.libriparlanti.org\/index.php\/prodotto\/paesaggio-con-ombre\/"},"modified":"2024-10-04T17:55:11","modified_gmt":"2024-10-04T15:55:11","slug":"paesaggio-con-ombre","status":"publish","type":"product","link":"https:\/\/www.libriparlanti.org\/index.php\/prodotto\/paesaggio-con-ombre\/","title":{"rendered":"PAESAGGIO CON OMBRE"},"content":{"rendered":"<p>Una sera a Roma, accarezzata dal Ponentino. Alla fine del turno mancherebbero due ore, ma per Debora Camilli, la tassista pi\u00f9 insubordinata di Roma, la tentazione di staccare prima per concedersi uno Spritz \u00e8 fortissima. Purtroppo dall&#8217;autoradio la voce perentoria dell&#8217;impiegata della cooperativa la richiama all&#8217;ordine: c&#8217;\u00e8 una chiamata in zona, Siena 23, al Lungotevere Flaminio, poche storie! Appena svolta sul Lungotevere, un&#8217;onda di adrenalina la invade: la luce intermittente delle volanti ha su Debora un effetto potentissimo. A bordo di una di quelle auto avrebbe potuto esserci lei, se solo avesse continuato l&#8217;apprendistato da ispettrice&#8230; Ma non \u00e8 serata per bilanci e tristezze: un cadavere \u00e8 stato ripescato nel Tevere, senza documenti. Capire di chi si tratta e come \u00e8 finito nel fiume \u00e8 la cosa pi\u00f9 importante. Non resta che andare in cerca del commissario Raggio, che nel frattempo \u00e8 stato promosso alla Omicidi. Quando si rincontrano, l&#8217;attrazione \u00e8 fortissima ma gli ostacoli che li dividono anche. E per entrambi i doveri dello sbirro vengono prima di ogni cosa. A breve si scoprir\u00e0 l&#8217;identit\u00e0 del morto: Guido Dantice, un promettente restauratore. Mentre Debora d\u00e0 inizio con la consueta grinta alle indagini informali a partire dalla Galleria Nazionale d&#8217;Arte Moderna e si inoltra nell&#8217;ambiente affascinante e spietato dell&#8217;arte, Raggio scopre che a sovraintendere al caso \u00e8 la pm Caterina Carrano, una sua vecchia fiamma&#8230;<\/p>\n","protected":false},"excerpt":{"rendered":"<p><em>Autore:<\/em> NORA VENTURINI<br \/>\n<em>Editore:<\/em> MONDADORI ARNOLDO VARIA<br \/>\n<em>ISBN:<\/em> 9788804746195<\/p>\n","protected":false},"featured_media":21207,"comment_status":"closed","ping_status":"closed","template":"","meta":{"_et_pb_use_builder":"","_et_pb_old_content":"","_et_gb_content_width":"","_joinchat":[]},"product_brand":[],"product_cat":[1737],"product_tag":[],"class_list":{"0":"post-21208","1":"product","2":"type-product","3":"status-publish","4":"has-post-thumbnail","6":"product_cat-gialli-thriller","8":"first","9":"onbackorder","10":"taxable","11":"shipping-taxable","12":"purchasable","13":"product-type-simple"},"yoast_head":"<!-- This site is optimized with the Yoast SEO plugin v27.5 - https:\/\/yoast.com\/product\/yoast-seo-wordpress\/ -->\n<title>PAESAGGIO CON OMBRE - Libreria Libri parlanti<\/title>\n<meta name=\"robots\" content=\"index, follow, max-snippet:-1, max-image-preview:large, max-video-preview:-1\" \/>\n<link rel=\"canonical\" href=\"https:\/\/www.libriparlanti.org\/index.php\/prodotto\/paesaggio-con-ombre\/\" \/>\n<meta property=\"og:locale\" content=\"it_IT\" \/>\n<meta property=\"og:type\" content=\"article\" \/>\n<meta property=\"og:title\" content=\"PAESAGGIO CON OMBRE - Libreria Libri parlanti\" \/>\n<meta property=\"og:description\" content=\"Autore: NORA VENTURINI Editore: MONDADORI ARNOLDO VARIA ISBN: 9788804746195\" \/>\n<meta property=\"og:url\" content=\"https:\/\/www.libriparlanti.org\/index.php\/prodotto\/paesaggio-con-ombre\/\" \/>\n<meta property=\"og:site_name\" content=\"Libreria Libri parlanti\" \/>\n<meta property=\"article:publisher\" content=\"https:\/\/www.facebook.com\/LibriParlanti\" \/>\n<meta property=\"article:modified_time\" content=\"2024-10-04T15:55:11+00:00\" \/>\n<meta property=\"og:image\" content=\"https:\/\/www.libriparlanti.org\/wp-content\/uploads\/2022\/05\/QN5EjN0cDNwgDO4cTO.jpg\" \/>\n\t<meta property=\"og:image:width\" content=\"221\" \/>\n\t<meta property=\"og:image:height\" content=\"300\" \/>\n\t<meta property=\"og:image:type\" content=\"image\/jpeg\" \/>\n<meta name=\"twitter:card\" content=\"summary_large_image\" \/>\n<meta name=\"twitter:label1\" content=\"Tempo di lettura stimato\" \/>\n\t<meta name=\"twitter:data1\" content=\"1 minuto\" \/>\n<script type=\"application\/ld+json\" class=\"yoast-schema-graph\">{\"@context\":\"https:\\\/\\\/schema.org\",\"@graph\":[{\"@type\":\"WebPage\",\"@id\":\"https:\\\/\\\/www.libriparlanti.org\\\/index.php\\\/prodotto\\\/paesaggio-con-ombre\\\/\",\"url\":\"https:\\\/\\\/www.libriparlanti.org\\\/index.php\\\/prodotto\\\/paesaggio-con-ombre\\\/\",\"name\":\"PAESAGGIO CON OMBRE - Libreria Libri parlanti\",\"isPartOf\":{\"@id\":\"https:\\\/\\\/www.libriparlanti.org\\\/#website\"},\"primaryImageOfPage\":{\"@id\":\"https:\\\/\\\/www.libriparlanti.org\\\/index.php\\\/prodotto\\\/paesaggio-con-ombre\\\/#primaryimage\"},\"image\":{\"@id\":\"https:\\\/\\\/www.libriparlanti.org\\\/index.php\\\/prodotto\\\/paesaggio-con-ombre\\\/#primaryimage\"},\"thumbnailUrl\":\"https:\\\/\\\/www.libriparlanti.org\\\/wp-content\\\/uploads\\\/2022\\\/05\\\/QN5EjN0cDNwgDO4cTO.jpg\",\"datePublished\":\"2022-05-26T11:10:24+00:00\",\"dateModified\":\"2024-10-04T15:55:11+00:00\",\"breadcrumb\":{\"@id\":\"https:\\\/\\\/www.libriparlanti.org\\\/index.php\\\/prodotto\\\/paesaggio-con-ombre\\\/#breadcrumb\"},\"inLanguage\":\"it-IT\",\"potentialAction\":[{\"@type\":\"ReadAction\",\"target\":[\"https:\\\/\\\/www.libriparlanti.org\\\/index.php\\\/prodotto\\\/paesaggio-con-ombre\\\/\"]}]},{\"@type\":\"ImageObject\",\"inLanguage\":\"it-IT\",\"@id\":\"https:\\\/\\\/www.libriparlanti.org\\\/index.php\\\/prodotto\\\/paesaggio-con-ombre\\\/#primaryimage\",\"url\":\"https:\\\/\\\/www.libriparlanti.org\\\/wp-content\\\/uploads\\\/2022\\\/05\\\/QN5EjN0cDNwgDO4cTO.jpg\",\"contentUrl\":\"https:\\\/\\\/www.libriparlanti.org\\\/wp-content\\\/uploads\\\/2022\\\/05\\\/QN5EjN0cDNwgDO4cTO.jpg\",\"width\":221,\"height\":300},{\"@type\":\"BreadcrumbList\",\"@id\":\"https:\\\/\\\/www.libriparlanti.org\\\/index.php\\\/prodotto\\\/paesaggio-con-ombre\\\/#breadcrumb\",\"itemListElement\":[{\"@type\":\"ListItem\",\"position\":1,\"name\":\"Home\",\"item\":\"https:\\\/\\\/www.libriparlanti.org\\\/\"},{\"@type\":\"ListItem\",\"position\":2,\"name\":\"Shop\",\"item\":\"https:\\\/\\\/www.libriparlanti.org\\\/index.php\\\/negozio\\\/\"},{\"@type\":\"ListItem\",\"position\":3,\"name\":\"PAESAGGIO CON OMBRE\"}]},{\"@type\":\"WebSite\",\"@id\":\"https:\\\/\\\/www.libriparlanti.org\\\/#website\",\"url\":\"https:\\\/\\\/www.libriparlanti.org\\\/\",\"name\":\"Libreria Libri parlanti\",\"description\":\"Libreria in Castiglione del Lago (Pg)\",\"potentialAction\":[{\"@type\":\"SearchAction\",\"target\":{\"@type\":\"EntryPoint\",\"urlTemplate\":\"https:\\\/\\\/www.libriparlanti.org\\\/?s={search_term_string}\"},\"query-input\":{\"@type\":\"PropertyValueSpecification\",\"valueRequired\":true,\"valueName\":\"search_term_string\"}}],\"inLanguage\":\"it-IT\"}]}<\/script>\n<!-- \/ Yoast SEO plugin. -->","yoast_head_json":{"title":"PAESAGGIO CON OMBRE - Libreria Libri parlanti","robots":{"index":"index","follow":"follow","max-snippet":"max-snippet:-1","max-image-preview":"max-image-preview:large","max-video-preview":"max-video-preview:-1"},"canonical":"https:\/\/www.libriparlanti.org\/index.php\/prodotto\/paesaggio-con-ombre\/","og_locale":"it_IT","og_type":"article","og_title":"PAESAGGIO CON OMBRE - Libreria Libri parlanti","og_description":"Autore: NORA VENTURINI Editore: MONDADORI ARNOLDO VARIA ISBN: 9788804746195","og_url":"https:\/\/www.libriparlanti.org\/index.php\/prodotto\/paesaggio-con-ombre\/","og_site_name":"Libreria Libri parlanti","article_publisher":"https:\/\/www.facebook.com\/LibriParlanti","article_modified_time":"2024-10-04T15:55:11+00:00","og_image":[{"width":221,"height":300,"url":"https:\/\/www.libriparlanti.org\/wp-content\/uploads\/2022\/05\/QN5EjN0cDNwgDO4cTO.jpg","type":"image\/jpeg"}],"twitter_card":"summary_large_image","twitter_misc":{"Tempo di lettura stimato":"1 minuto"},"schema":{"@context":"https:\/\/schema.org","@graph":[{"@type":"WebPage","@id":"https:\/\/www.libriparlanti.org\/index.php\/prodotto\/paesaggio-con-ombre\/","url":"https:\/\/www.libriparlanti.org\/index.php\/prodotto\/paesaggio-con-ombre\/","name":"PAESAGGIO CON OMBRE - Libreria Libri parlanti","isPartOf":{"@id":"https:\/\/www.libriparlanti.org\/#website"},"primaryImageOfPage":{"@id":"https:\/\/www.libriparlanti.org\/index.php\/prodotto\/paesaggio-con-ombre\/#primaryimage"},"image":{"@id":"https:\/\/www.libriparlanti.org\/index.php\/prodotto\/paesaggio-con-ombre\/#primaryimage"},"thumbnailUrl":"https:\/\/www.libriparlanti.org\/wp-content\/uploads\/2022\/05\/QN5EjN0cDNwgDO4cTO.jpg","datePublished":"2022-05-26T11:10:24+00:00","dateModified":"2024-10-04T15:55:11+00:00","breadcrumb":{"@id":"https:\/\/www.libriparlanti.org\/index.php\/prodotto\/paesaggio-con-ombre\/#breadcrumb"},"inLanguage":"it-IT","potentialAction":[{"@type":"ReadAction","target":["https:\/\/www.libriparlanti.org\/index.php\/prodotto\/paesaggio-con-ombre\/"]}]},{"@type":"ImageObject","inLanguage":"it-IT","@id":"https:\/\/www.libriparlanti.org\/index.php\/prodotto\/paesaggio-con-ombre\/#primaryimage","url":"https:\/\/www.libriparlanti.org\/wp-content\/uploads\/2022\/05\/QN5EjN0cDNwgDO4cTO.jpg","contentUrl":"https:\/\/www.libriparlanti.org\/wp-content\/uploads\/2022\/05\/QN5EjN0cDNwgDO4cTO.jpg","width":221,"height":300},{"@type":"BreadcrumbList","@id":"https:\/\/www.libriparlanti.org\/index.php\/prodotto\/paesaggio-con-ombre\/#breadcrumb","itemListElement":[{"@type":"ListItem","position":1,"name":"Home","item":"https:\/\/www.libriparlanti.org\/"},{"@type":"ListItem","position":2,"name":"Shop","item":"https:\/\/www.libriparlanti.org\/index.php\/negozio\/"},{"@type":"ListItem","position":3,"name":"PAESAGGIO CON OMBRE"}]},{"@type":"WebSite","@id":"https:\/\/www.libriparlanti.org\/#website","url":"https:\/\/www.libriparlanti.org\/","name":"Libreria Libri parlanti","description":"Libreria in Castiglione del Lago (Pg)","potentialAction":[{"@type":"SearchAction","target":{"@type":"EntryPoint","urlTemplate":"https:\/\/www.libriparlanti.org\/?s={search_term_string}"},"query-input":{"@type":"PropertyValueSpecification","valueRequired":true,"valueName":"search_term_string"}}],"inLanguage":"it-IT"}]}},"_links":{"self":[{"href":"https:\/\/www.libriparlanti.org\/index.php\/wp-json\/wp\/v2\/product\/21208","targetHints":{"allow":["GET"]}}],"collection":[{"href":"https:\/\/www.libriparlanti.org\/index.php\/wp-json\/wp\/v2\/product"}],"about":[{"href":"https:\/\/www.libriparlanti.org\/index.php\/wp-json\/wp\/v2\/types\/product"}],"replies":[{"embeddable":true,"href":"https:\/\/www.libriparlanti.org\/index.php\/wp-json\/wp\/v2\/comments?post=21208"}],"wp:featuredmedia":[{"embeddable":true,"href":"https:\/\/www.libriparlanti.org\/index.php\/wp-json\/wp\/v2\/media\/21207"}],"wp:attachment":[{"href":"https:\/\/www.libriparlanti.org\/index.php\/wp-json\/wp\/v2\/media?parent=21208"}],"wp:term":[{"taxonomy":"product_brand","embeddable":true,"href":"https:\/\/www.libriparlanti.org\/index.php\/wp-json\/wp\/v2\/product_brand?post=21208"},{"taxonomy":"product_cat","embeddable":true,"href":"https:\/\/www.libriparlanti.org\/index.php\/wp-json\/wp\/v2\/product_cat?post=21208"},{"taxonomy":"product_tag","embeddable":true,"href":"https:\/\/www.libriparlanti.org\/index.php\/wp-json\/wp\/v2\/product_tag?post=21208"}],"curies":[{"name":"wp","href":"https:\/\/api.w.org\/{rel}","templated":true}]}}

<p>Una sera a Roma, accarezzata dal Ponentino. Alla fine del turno mancherebbero due ore, ma per Debora Camilli, la tassista più insubordinata di Roma, la tentazione di staccare prima per concedersi uno Spritz è fortissima. Purtroppo dall&#8217;autoradio la voce perentoria dell&#8217;impiegata della cooperativa la richiama all&#8217;ordine: c&#8217;è una chiamata in zona, Siena 23, al Lungotevere Flaminio, poche storie! Appena svolta sul Lungotevere, un&#8217;onda di adrenalina la invade: la luce intermittente delle volanti ha su Debora un effetto potentissimo. A bordo di una di quelle auto avrebbe potuto esserci lei, se solo avesse continuato l&#8217;apprendistato da ispettrice&#8230; Ma non è serata per bilanci e tristezze: un cadavere è stato ripescato nel Tevere, senza documenti. Capire di chi si tratta e come è finito nel fiume è la cosa più importante. Non resta che andare in cerca del commissario Raggio, che nel frattempo è stato promosso alla Omicidi. Quando si rincontrano, l&#8217;attrazione è fortissima ma gli ostacoli che li dividono anche. E per entrambi i doveri dello sbirro vengono prima di ogni cosa. A breve si scoprirà l&#8217;identità del morto: Guido Dantice, un promettente restauratore. Mentre Debora dà inizio con la consueta grinta alle indagini informali a partire dalla Galleria Nazionale d&#8217;Arte Moderna e si inoltra nell&#8217;ambiente affascinante e spietato dell&#8217;arte, Raggio scopre che a sovraintendere al caso è la pm Caterina Carrano, una sua vecchia fiamma&#8230;</p>
