{"id":19109,"date":"2022-02-17T13:34:36","date_gmt":"2022-02-17T11:34:36","guid":{"rendered":"https:\/\/www.libriparlanti.org\/index.php\/prodotto\/la-ragazza-che-cancellava-i-ricordi\/"},"modified":"2022-10-26T10:52:09","modified_gmt":"2022-10-26T08:52:09","slug":"la-ragazza-che-cancellava-i-ricordi","status":"publish","type":"product","link":"https:\/\/www.libriparlanti.org\/index.php\/prodotto\/la-ragazza-che-cancellava-i-ricordi\/","title":{"rendered":"LA RAGAZZA CHE CANCELLAVA I RICORDI"},"content":{"rendered":"<p>Fa disegni sulla pelle per coprire i ricordi o per fissarli, sa usare qualunque tipo di arma e conosce ogni tecnica di sopravvivenza. Ma con gli uomini \u00e8 una frana, anzi li tiene proprio alla larga. \u00c8 convinta che sar\u00e0 sempre sola, ma forse sta per essere smentita. La comicit\u00e0 di Chiara Moscardelli sbarca sul Lago Maggiore per creare un nuovo, irresistibile personaggio femminile, che travolge il giallo italiano. Olga ha trentanove anni, abita in un paese al confine con la Svizzera ed \u00e8 ossessionata dalla paura di perdere la memoria, com&#8217;\u00e8 successo a sua madre. \u00c8 stata lei a chiamarla come la ?echova, ma se l&#8217;allieva di Stanislavskij era corteggiatissima, Olga ha sempre diffidato dei maschi. \u00abLa tatuatrice che cancella i brutti ricordi\u00bb, l&#8217;ha definita il \u00abCorriere\u00bb, dando una sgradita notoriet\u00e0 proprio a lei, cresciuta isolata come aveva deciso suo padre, che l&#8217;ha iniziata all&#8217;arte del combattimento. Quando scompare Melinda, un&#8217;amica milanese tatuata anni prima, Olga si getta nella sua ricerca. Cos\u00ec incontra l&#8217;attraente giornalista Gabriele Pasca, che sovverte ogni sua certezza sui sentimenti. Per scoprire che cosa si cela dietro le sparizioni di diverse donne, Olga dovr\u00e0 sfuggire a un uomo spietato che la insegue. Un uomo con una piovra tatuata sul collo.<\/p>\n","protected":false},"excerpt":{"rendered":"<p><em>Autore:<\/em> CHIARA MOSCARDELLI<br \/>\n<em>Editore:<\/em> EINAUDI<br \/>\n<em>ISBN:<\/em> 9788806250751<br \/>\n<em>Pubblicazione:<\/em> 15\/02\/2022<\/p>\n","protected":false},"featured_media":19108,"comment_status":"closed","ping_status":"closed","template":"","meta":{"_et_pb_use_builder":"","_et_pb_old_content":"","_et_gb_content_width":"","_joinchat":[]},"product_brand":[],"product_cat":[1736],"product_tag":[],"class_list":{"0":"post-19109","1":"product","2":"type-product","3":"status-publish","4":"has-post-thumbnail","6":"product_cat-narrativa","8":"first","9":"onbackorder","10":"taxable","11":"shipping-taxable","12":"purchasable","13":"product-type-simple"},"yoast_head":"<!-- This site is optimized with the Yoast SEO plugin v27.5 - https:\/\/yoast.com\/product\/yoast-seo-wordpress\/ -->\n<title>LA RAGAZZA CHE CANCELLAVA I RICORDI - Libreria Libri parlanti<\/title>\n<meta name=\"robots\" content=\"index, follow, max-snippet:-1, max-image-preview:large, max-video-preview:-1\" \/>\n<link rel=\"canonical\" href=\"https:\/\/www.libriparlanti.org\/index.php\/prodotto\/la-ragazza-che-cancellava-i-ricordi\/\" \/>\n<meta property=\"og:locale\" content=\"it_IT\" \/>\n<meta property=\"og:type\" content=\"article\" \/>\n<meta property=\"og:title\" content=\"LA RAGAZZA CHE CANCELLAVA I RICORDI - Libreria Libri parlanti\" \/>\n<meta property=\"og:description\" content=\"Autore: CHIARA MOSCARDELLI Editore: EINAUDI ISBN: 9788806250751 Pubblicazione: 15\/02\/2022\" \/>\n<meta property=\"og:url\" content=\"https:\/\/www.libriparlanti.org\/index.php\/prodotto\/la-ragazza-che-cancellava-i-ricordi\/\" \/>\n<meta property=\"og:site_name\" content=\"Libreria Libri parlanti\" \/>\n<meta property=\"article:publisher\" content=\"https:\/\/www.facebook.com\/LibriParlanti\" \/>\n<meta property=\"article:modified_time\" content=\"2022-10-26T08:52:09+00:00\" \/>\n<meta property=\"og:image\" content=\"https:\/\/www.libriparlanti.org\/wp-content\/uploads\/2022\/02\/9788806250751.jpg\" \/>\n\t<meta property=\"og:image:width\" content=\"300\" \/>\n\t<meta property=\"og:image:height\" content=\"470\" \/>\n\t<meta property=\"og:image:type\" content=\"image\/jpeg\" \/>\n<meta name=\"twitter:card\" content=\"summary_large_image\" \/>\n<meta name=\"twitter:label1\" content=\"Tempo di lettura stimato\" \/>\n\t<meta name=\"twitter:data1\" content=\"1 minuto\" \/>\n<script type=\"application\/ld+json\" class=\"yoast-schema-graph\">{\"@context\":\"https:\\\/\\\/schema.org\",\"@graph\":[{\"@type\":\"WebPage\",\"@id\":\"https:\\\/\\\/www.libriparlanti.org\\\/index.php\\\/prodotto\\\/la-ragazza-che-cancellava-i-ricordi\\\/\",\"url\":\"https:\\\/\\\/www.libriparlanti.org\\\/index.php\\\/prodotto\\\/la-ragazza-che-cancellava-i-ricordi\\\/\",\"name\":\"LA RAGAZZA CHE CANCELLAVA I RICORDI - Libreria Libri parlanti\",\"isPartOf\":{\"@id\":\"https:\\\/\\\/www.libriparlanti.org\\\/#website\"},\"primaryImageOfPage\":{\"@id\":\"https:\\\/\\\/www.libriparlanti.org\\\/index.php\\\/prodotto\\\/la-ragazza-che-cancellava-i-ricordi\\\/#primaryimage\"},\"image\":{\"@id\":\"https:\\\/\\\/www.libriparlanti.org\\\/index.php\\\/prodotto\\\/la-ragazza-che-cancellava-i-ricordi\\\/#primaryimage\"},\"thumbnailUrl\":\"https:\\\/\\\/www.libriparlanti.org\\\/wp-content\\\/uploads\\\/2022\\\/02\\\/9788806250751.jpg\",\"datePublished\":\"2022-02-17T11:34:36+00:00\",\"dateModified\":\"2022-10-26T08:52:09+00:00\",\"breadcrumb\":{\"@id\":\"https:\\\/\\\/www.libriparlanti.org\\\/index.php\\\/prodotto\\\/la-ragazza-che-cancellava-i-ricordi\\\/#breadcrumb\"},\"inLanguage\":\"it-IT\",\"potentialAction\":[{\"@type\":\"ReadAction\",\"target\":[\"https:\\\/\\\/www.libriparlanti.org\\\/index.php\\\/prodotto\\\/la-ragazza-che-cancellava-i-ricordi\\\/\"]}]},{\"@type\":\"ImageObject\",\"inLanguage\":\"it-IT\",\"@id\":\"https:\\\/\\\/www.libriparlanti.org\\\/index.php\\\/prodotto\\\/la-ragazza-che-cancellava-i-ricordi\\\/#primaryimage\",\"url\":\"https:\\\/\\\/www.libriparlanti.org\\\/wp-content\\\/uploads\\\/2022\\\/02\\\/9788806250751.jpg\",\"contentUrl\":\"https:\\\/\\\/www.libriparlanti.org\\\/wp-content\\\/uploads\\\/2022\\\/02\\\/9788806250751.jpg\",\"width\":300,\"height\":470},{\"@type\":\"BreadcrumbList\",\"@id\":\"https:\\\/\\\/www.libriparlanti.org\\\/index.php\\\/prodotto\\\/la-ragazza-che-cancellava-i-ricordi\\\/#breadcrumb\",\"itemListElement\":[{\"@type\":\"ListItem\",\"position\":1,\"name\":\"Home\",\"item\":\"https:\\\/\\\/www.libriparlanti.org\\\/\"},{\"@type\":\"ListItem\",\"position\":2,\"name\":\"Shop\",\"item\":\"https:\\\/\\\/www.libriparlanti.org\\\/index.php\\\/negozio\\\/\"},{\"@type\":\"ListItem\",\"position\":3,\"name\":\"LA RAGAZZA CHE CANCELLAVA I RICORDI\"}]},{\"@type\":\"WebSite\",\"@id\":\"https:\\\/\\\/www.libriparlanti.org\\\/#website\",\"url\":\"https:\\\/\\\/www.libriparlanti.org\\\/\",\"name\":\"Libreria Libri parlanti\",\"description\":\"Libreria in Castiglione del Lago (Pg)\",\"potentialAction\":[{\"@type\":\"SearchAction\",\"target\":{\"@type\":\"EntryPoint\",\"urlTemplate\":\"https:\\\/\\\/www.libriparlanti.org\\\/?s={search_term_string}\"},\"query-input\":{\"@type\":\"PropertyValueSpecification\",\"valueRequired\":true,\"valueName\":\"search_term_string\"}}],\"inLanguage\":\"it-IT\"}]}<\/script>\n<!-- \/ Yoast SEO plugin. -->","yoast_head_json":{"title":"LA RAGAZZA CHE CANCELLAVA I RICORDI - Libreria Libri parlanti","robots":{"index":"index","follow":"follow","max-snippet":"max-snippet:-1","max-image-preview":"max-image-preview:large","max-video-preview":"max-video-preview:-1"},"canonical":"https:\/\/www.libriparlanti.org\/index.php\/prodotto\/la-ragazza-che-cancellava-i-ricordi\/","og_locale":"it_IT","og_type":"article","og_title":"LA RAGAZZA CHE CANCELLAVA I RICORDI - Libreria Libri parlanti","og_description":"Autore: CHIARA MOSCARDELLI Editore: EINAUDI ISBN: 9788806250751 Pubblicazione: 15\/02\/2022","og_url":"https:\/\/www.libriparlanti.org\/index.php\/prodotto\/la-ragazza-che-cancellava-i-ricordi\/","og_site_name":"Libreria Libri parlanti","article_publisher":"https:\/\/www.facebook.com\/LibriParlanti","article_modified_time":"2022-10-26T08:52:09+00:00","og_image":[{"width":300,"height":470,"url":"https:\/\/www.libriparlanti.org\/wp-content\/uploads\/2022\/02\/9788806250751.jpg","type":"image\/jpeg"}],"twitter_card":"summary_large_image","twitter_misc":{"Tempo di lettura stimato":"1 minuto"},"schema":{"@context":"https:\/\/schema.org","@graph":[{"@type":"WebPage","@id":"https:\/\/www.libriparlanti.org\/index.php\/prodotto\/la-ragazza-che-cancellava-i-ricordi\/","url":"https:\/\/www.libriparlanti.org\/index.php\/prodotto\/la-ragazza-che-cancellava-i-ricordi\/","name":"LA RAGAZZA CHE CANCELLAVA I RICORDI - Libreria Libri parlanti","isPartOf":{"@id":"https:\/\/www.libriparlanti.org\/#website"},"primaryImageOfPage":{"@id":"https:\/\/www.libriparlanti.org\/index.php\/prodotto\/la-ragazza-che-cancellava-i-ricordi\/#primaryimage"},"image":{"@id":"https:\/\/www.libriparlanti.org\/index.php\/prodotto\/la-ragazza-che-cancellava-i-ricordi\/#primaryimage"},"thumbnailUrl":"https:\/\/www.libriparlanti.org\/wp-content\/uploads\/2022\/02\/9788806250751.jpg","datePublished":"2022-02-17T11:34:36+00:00","dateModified":"2022-10-26T08:52:09+00:00","breadcrumb":{"@id":"https:\/\/www.libriparlanti.org\/index.php\/prodotto\/la-ragazza-che-cancellava-i-ricordi\/#breadcrumb"},"inLanguage":"it-IT","potentialAction":[{"@type":"ReadAction","target":["https:\/\/www.libriparlanti.org\/index.php\/prodotto\/la-ragazza-che-cancellava-i-ricordi\/"]}]},{"@type":"ImageObject","inLanguage":"it-IT","@id":"https:\/\/www.libriparlanti.org\/index.php\/prodotto\/la-ragazza-che-cancellava-i-ricordi\/#primaryimage","url":"https:\/\/www.libriparlanti.org\/wp-content\/uploads\/2022\/02\/9788806250751.jpg","contentUrl":"https:\/\/www.libriparlanti.org\/wp-content\/uploads\/2022\/02\/9788806250751.jpg","width":300,"height":470},{"@type":"BreadcrumbList","@id":"https:\/\/www.libriparlanti.org\/index.php\/prodotto\/la-ragazza-che-cancellava-i-ricordi\/#breadcrumb","itemListElement":[{"@type":"ListItem","position":1,"name":"Home","item":"https:\/\/www.libriparlanti.org\/"},{"@type":"ListItem","position":2,"name":"Shop","item":"https:\/\/www.libriparlanti.org\/index.php\/negozio\/"},{"@type":"ListItem","position":3,"name":"LA RAGAZZA CHE CANCELLAVA I RICORDI"}]},{"@type":"WebSite","@id":"https:\/\/www.libriparlanti.org\/#website","url":"https:\/\/www.libriparlanti.org\/","name":"Libreria Libri parlanti","description":"Libreria in Castiglione del Lago (Pg)","potentialAction":[{"@type":"SearchAction","target":{"@type":"EntryPoint","urlTemplate":"https:\/\/www.libriparlanti.org\/?s={search_term_string}"},"query-input":{"@type":"PropertyValueSpecification","valueRequired":true,"valueName":"search_term_string"}}],"inLanguage":"it-IT"}]}},"_links":{"self":[{"href":"https:\/\/www.libriparlanti.org\/index.php\/wp-json\/wp\/v2\/product\/19109","targetHints":{"allow":["GET"]}}],"collection":[{"href":"https:\/\/www.libriparlanti.org\/index.php\/wp-json\/wp\/v2\/product"}],"about":[{"href":"https:\/\/www.libriparlanti.org\/index.php\/wp-json\/wp\/v2\/types\/product"}],"replies":[{"embeddable":true,"href":"https:\/\/www.libriparlanti.org\/index.php\/wp-json\/wp\/v2\/comments?post=19109"}],"wp:featuredmedia":[{"embeddable":true,"href":"https:\/\/www.libriparlanti.org\/index.php\/wp-json\/wp\/v2\/media\/19108"}],"wp:attachment":[{"href":"https:\/\/www.libriparlanti.org\/index.php\/wp-json\/wp\/v2\/media?parent=19109"}],"wp:term":[{"taxonomy":"product_brand","embeddable":true,"href":"https:\/\/www.libriparlanti.org\/index.php\/wp-json\/wp\/v2\/product_brand?post=19109"},{"taxonomy":"product_cat","embeddable":true,"href":"https:\/\/www.libriparlanti.org\/index.php\/wp-json\/wp\/v2\/product_cat?post=19109"},{"taxonomy":"product_tag","embeddable":true,"href":"https:\/\/www.libriparlanti.org\/index.php\/wp-json\/wp\/v2\/product_tag?post=19109"}],"curies":[{"name":"wp","href":"https:\/\/api.w.org\/{rel}","templated":true}]}}

<p>Fa disegni sulla pelle per coprire i ricordi o per fissarli, sa usare qualunque tipo di arma e conosce ogni tecnica di sopravvivenza. Ma con gli uomini è una frana, anzi li tiene proprio alla larga. È convinta che sarà sempre sola, ma forse sta per essere smentita. La comicità di Chiara Moscardelli sbarca sul Lago Maggiore per creare un nuovo, irresistibile personaggio femminile, che travolge il giallo italiano. Olga ha trentanove anni, abita in un paese al confine con la Svizzera ed è ossessionata dalla paura di perdere la memoria, com&#8217;è successo a sua madre. È stata lei a chiamarla come la ?echova, ma se l&#8217;allieva di Stanislavskij era corteggiatissima, Olga ha sempre diffidato dei maschi. «La tatuatrice che cancella i brutti ricordi», l&#8217;ha definita il «Corriere», dando una sgradita notorietà proprio a lei, cresciuta isolata come aveva deciso suo padre, che l&#8217;ha iniziata all&#8217;arte del combattimento. Quando scompare Melinda, un&#8217;amica milanese tatuata anni prima, Olga si getta nella sua ricerca. Così incontra l&#8217;attraente giornalista Gabriele Pasca, che sovverte ogni sua certezza sui sentimenti. Per scoprire che cosa si cela dietro le sparizioni di diverse donne, Olga dovrà sfuggire a un uomo spietato che la insegue. Un uomo con una piovra tatuata sul collo.</p>
