{"id":18923,"date":"2022-02-09T13:52:03","date_gmt":"2022-02-09T11:52:03","guid":{"rendered":"https:\/\/www.libriparlanti.org\/index.php\/prodotto\/tino-il-cioccolatino-e-il-viaggio-al-tem\/"},"modified":"2025-10-30T15:59:15","modified_gmt":"2025-10-30T13:59:15","slug":"tino-il-cioccolatino-e-il-viaggio-al-tem","status":"publish","type":"product","link":"https:\/\/www.libriparlanti.org\/index.php\/prodotto\/tino-il-cioccolatino-e-il-viaggio-al-tem\/","title":{"rendered":"TINO IL CIOCCOLATINO E IL VIAGGIO AL TEM"},"content":{"rendered":"<p>Tino e Nugabella non potevano immaginare che la loro vacanza si trasformasse in un avventuroso viaggio nel tempo! Con la loro mongolfiera, infatti, atterrano nel Messico degli antichi Aztechi. Qui Tino scoprir\u00e0 le sue origini: come nasce la pianta del cacao, come vengono lavorati i semi, e come si prepara la pi\u00f9 golosa bevanda del mondo! Et\u00e0 di lettura: da 5 anni.<\/p>\n","protected":false},"excerpt":{"rendered":"<p><em>Autore:<\/em> AURORA MARSOTTO<br \/>\n<em>Editore:<\/em> PIEMME<br \/>\n<em>ISBN:<\/em> 9788856680416<br \/>\n<em>Pubblicazione:<\/em> 01\/01\/2021<\/p>\n","protected":false},"featured_media":18922,"comment_status":"closed","ping_status":"closed","template":"","meta":{"_et_pb_use_builder":"","_et_pb_old_content":"","_et_gb_content_width":"","_joinchat":[]},"product_brand":[],"product_cat":[2377,2376],"product_tag":[],"class_list":{"0":"post-18923","1":"product","2":"type-product","3":"status-publish","4":"has-post-thumbnail","6":"product_cat-ioleggoperche","7":"product_cat-pieveioleg","9":"first","10":"onbackorder","11":"taxable","12":"shipping-taxable","13":"purchasable","14":"product-type-simple"},"yoast_head":"<!-- This site is optimized with the Yoast SEO plugin v27.4 - https:\/\/yoast.com\/product\/yoast-seo-wordpress\/ -->\n<title>TINO IL CIOCCOLATINO E IL VIAGGIO AL TEM - Libreria Libri parlanti<\/title>\n<meta name=\"robots\" content=\"index, follow, max-snippet:-1, max-image-preview:large, max-video-preview:-1\" \/>\n<link rel=\"canonical\" href=\"https:\/\/www.libriparlanti.org\/index.php\/prodotto\/tino-il-cioccolatino-e-il-viaggio-al-tem\/\" \/>\n<meta property=\"og:locale\" content=\"it_IT\" \/>\n<meta property=\"og:type\" content=\"article\" \/>\n<meta property=\"og:title\" content=\"TINO IL CIOCCOLATINO E IL VIAGGIO AL TEM - Libreria Libri parlanti\" \/>\n<meta property=\"og:description\" content=\"Autore: AURORA MARSOTTO Editore: PIEMME ISBN: 9788856680416 Pubblicazione: 01\/01\/2021\" \/>\n<meta property=\"og:url\" content=\"https:\/\/www.libriparlanti.org\/index.php\/prodotto\/tino-il-cioccolatino-e-il-viaggio-al-tem\/\" \/>\n<meta property=\"og:site_name\" content=\"Libreria Libri parlanti\" \/>\n<meta property=\"article:publisher\" content=\"https:\/\/www.facebook.com\/LibriParlanti\" \/>\n<meta property=\"article:modified_time\" content=\"2025-10-30T13:59:15+00:00\" \/>\n<meta property=\"og:image\" content=\"https:\/\/www.libriparlanti.org\/wp-content\/uploads\/2022\/02\/gNxQDM4YjN1gDO4cTO.jpg\" \/>\n\t<meta property=\"og:image:width\" content=\"203\" \/>\n\t<meta property=\"og:image:height\" content=\"300\" \/>\n\t<meta property=\"og:image:type\" content=\"image\/jpeg\" \/>\n<meta name=\"twitter:card\" content=\"summary_large_image\" \/>\n<script type=\"application\/ld+json\" class=\"yoast-schema-graph\">{\"@context\":\"https:\\\/\\\/schema.org\",\"@graph\":[{\"@type\":\"WebPage\",\"@id\":\"https:\\\/\\\/www.libriparlanti.org\\\/index.php\\\/prodotto\\\/tino-il-cioccolatino-e-il-viaggio-al-tem\\\/\",\"url\":\"https:\\\/\\\/www.libriparlanti.org\\\/index.php\\\/prodotto\\\/tino-il-cioccolatino-e-il-viaggio-al-tem\\\/\",\"name\":\"TINO IL CIOCCOLATINO E IL VIAGGIO AL TEM - Libreria Libri parlanti\",\"isPartOf\":{\"@id\":\"https:\\\/\\\/www.libriparlanti.org\\\/#website\"},\"primaryImageOfPage\":{\"@id\":\"https:\\\/\\\/www.libriparlanti.org\\\/index.php\\\/prodotto\\\/tino-il-cioccolatino-e-il-viaggio-al-tem\\\/#primaryimage\"},\"image\":{\"@id\":\"https:\\\/\\\/www.libriparlanti.org\\\/index.php\\\/prodotto\\\/tino-il-cioccolatino-e-il-viaggio-al-tem\\\/#primaryimage\"},\"thumbnailUrl\":\"https:\\\/\\\/www.libriparlanti.org\\\/wp-content\\\/uploads\\\/2022\\\/02\\\/gNxQDM4YjN1gDO4cTO.jpg\",\"datePublished\":\"2022-02-09T11:52:03+00:00\",\"dateModified\":\"2025-10-30T13:59:15+00:00\",\"breadcrumb\":{\"@id\":\"https:\\\/\\\/www.libriparlanti.org\\\/index.php\\\/prodotto\\\/tino-il-cioccolatino-e-il-viaggio-al-tem\\\/#breadcrumb\"},\"inLanguage\":\"it-IT\",\"potentialAction\":[{\"@type\":\"ReadAction\",\"target\":[\"https:\\\/\\\/www.libriparlanti.org\\\/index.php\\\/prodotto\\\/tino-il-cioccolatino-e-il-viaggio-al-tem\\\/\"]}]},{\"@type\":\"ImageObject\",\"inLanguage\":\"it-IT\",\"@id\":\"https:\\\/\\\/www.libriparlanti.org\\\/index.php\\\/prodotto\\\/tino-il-cioccolatino-e-il-viaggio-al-tem\\\/#primaryimage\",\"url\":\"https:\\\/\\\/www.libriparlanti.org\\\/wp-content\\\/uploads\\\/2022\\\/02\\\/gNxQDM4YjN1gDO4cTO.jpg\",\"contentUrl\":\"https:\\\/\\\/www.libriparlanti.org\\\/wp-content\\\/uploads\\\/2022\\\/02\\\/gNxQDM4YjN1gDO4cTO.jpg\",\"width\":203,\"height\":300},{\"@type\":\"BreadcrumbList\",\"@id\":\"https:\\\/\\\/www.libriparlanti.org\\\/index.php\\\/prodotto\\\/tino-il-cioccolatino-e-il-viaggio-al-tem\\\/#breadcrumb\",\"itemListElement\":[{\"@type\":\"ListItem\",\"position\":1,\"name\":\"Home\",\"item\":\"https:\\\/\\\/www.libriparlanti.org\\\/\"},{\"@type\":\"ListItem\",\"position\":2,\"name\":\"Shop\",\"item\":\"https:\\\/\\\/www.libriparlanti.org\\\/index.php\\\/negozio\\\/\"},{\"@type\":\"ListItem\",\"position\":3,\"name\":\"TINO IL CIOCCOLATINO E IL VIAGGIO AL TEM\"}]},{\"@type\":\"WebSite\",\"@id\":\"https:\\\/\\\/www.libriparlanti.org\\\/#website\",\"url\":\"https:\\\/\\\/www.libriparlanti.org\\\/\",\"name\":\"Libreria Libri parlanti\",\"description\":\"Libreria in Castiglione del Lago (Pg)\",\"potentialAction\":[{\"@type\":\"SearchAction\",\"target\":{\"@type\":\"EntryPoint\",\"urlTemplate\":\"https:\\\/\\\/www.libriparlanti.org\\\/?s={search_term_string}\"},\"query-input\":{\"@type\":\"PropertyValueSpecification\",\"valueRequired\":true,\"valueName\":\"search_term_string\"}}],\"inLanguage\":\"it-IT\"}]}<\/script>\n<!-- \/ Yoast SEO plugin. -->","yoast_head_json":{"title":"TINO IL CIOCCOLATINO E IL VIAGGIO AL TEM - Libreria Libri parlanti","robots":{"index":"index","follow":"follow","max-snippet":"max-snippet:-1","max-image-preview":"max-image-preview:large","max-video-preview":"max-video-preview:-1"},"canonical":"https:\/\/www.libriparlanti.org\/index.php\/prodotto\/tino-il-cioccolatino-e-il-viaggio-al-tem\/","og_locale":"it_IT","og_type":"article","og_title":"TINO IL CIOCCOLATINO E IL VIAGGIO AL TEM - Libreria Libri parlanti","og_description":"Autore: AURORA MARSOTTO Editore: PIEMME ISBN: 9788856680416 Pubblicazione: 01\/01\/2021","og_url":"https:\/\/www.libriparlanti.org\/index.php\/prodotto\/tino-il-cioccolatino-e-il-viaggio-al-tem\/","og_site_name":"Libreria Libri parlanti","article_publisher":"https:\/\/www.facebook.com\/LibriParlanti","article_modified_time":"2025-10-30T13:59:15+00:00","og_image":[{"width":203,"height":300,"url":"https:\/\/www.libriparlanti.org\/wp-content\/uploads\/2022\/02\/gNxQDM4YjN1gDO4cTO.jpg","type":"image\/jpeg"}],"twitter_card":"summary_large_image","schema":{"@context":"https:\/\/schema.org","@graph":[{"@type":"WebPage","@id":"https:\/\/www.libriparlanti.org\/index.php\/prodotto\/tino-il-cioccolatino-e-il-viaggio-al-tem\/","url":"https:\/\/www.libriparlanti.org\/index.php\/prodotto\/tino-il-cioccolatino-e-il-viaggio-al-tem\/","name":"TINO IL CIOCCOLATINO E IL VIAGGIO AL TEM - Libreria Libri parlanti","isPartOf":{"@id":"https:\/\/www.libriparlanti.org\/#website"},"primaryImageOfPage":{"@id":"https:\/\/www.libriparlanti.org\/index.php\/prodotto\/tino-il-cioccolatino-e-il-viaggio-al-tem\/#primaryimage"},"image":{"@id":"https:\/\/www.libriparlanti.org\/index.php\/prodotto\/tino-il-cioccolatino-e-il-viaggio-al-tem\/#primaryimage"},"thumbnailUrl":"https:\/\/www.libriparlanti.org\/wp-content\/uploads\/2022\/02\/gNxQDM4YjN1gDO4cTO.jpg","datePublished":"2022-02-09T11:52:03+00:00","dateModified":"2025-10-30T13:59:15+00:00","breadcrumb":{"@id":"https:\/\/www.libriparlanti.org\/index.php\/prodotto\/tino-il-cioccolatino-e-il-viaggio-al-tem\/#breadcrumb"},"inLanguage":"it-IT","potentialAction":[{"@type":"ReadAction","target":["https:\/\/www.libriparlanti.org\/index.php\/prodotto\/tino-il-cioccolatino-e-il-viaggio-al-tem\/"]}]},{"@type":"ImageObject","inLanguage":"it-IT","@id":"https:\/\/www.libriparlanti.org\/index.php\/prodotto\/tino-il-cioccolatino-e-il-viaggio-al-tem\/#primaryimage","url":"https:\/\/www.libriparlanti.org\/wp-content\/uploads\/2022\/02\/gNxQDM4YjN1gDO4cTO.jpg","contentUrl":"https:\/\/www.libriparlanti.org\/wp-content\/uploads\/2022\/02\/gNxQDM4YjN1gDO4cTO.jpg","width":203,"height":300},{"@type":"BreadcrumbList","@id":"https:\/\/www.libriparlanti.org\/index.php\/prodotto\/tino-il-cioccolatino-e-il-viaggio-al-tem\/#breadcrumb","itemListElement":[{"@type":"ListItem","position":1,"name":"Home","item":"https:\/\/www.libriparlanti.org\/"},{"@type":"ListItem","position":2,"name":"Shop","item":"https:\/\/www.libriparlanti.org\/index.php\/negozio\/"},{"@type":"ListItem","position":3,"name":"TINO IL CIOCCOLATINO E IL VIAGGIO AL TEM"}]},{"@type":"WebSite","@id":"https:\/\/www.libriparlanti.org\/#website","url":"https:\/\/www.libriparlanti.org\/","name":"Libreria Libri parlanti","description":"Libreria in Castiglione del Lago (Pg)","potentialAction":[{"@type":"SearchAction","target":{"@type":"EntryPoint","urlTemplate":"https:\/\/www.libriparlanti.org\/?s={search_term_string}"},"query-input":{"@type":"PropertyValueSpecification","valueRequired":true,"valueName":"search_term_string"}}],"inLanguage":"it-IT"}]}},"_links":{"self":[{"href":"https:\/\/www.libriparlanti.org\/index.php\/wp-json\/wp\/v2\/product\/18923","targetHints":{"allow":["GET"]}}],"collection":[{"href":"https:\/\/www.libriparlanti.org\/index.php\/wp-json\/wp\/v2\/product"}],"about":[{"href":"https:\/\/www.libriparlanti.org\/index.php\/wp-json\/wp\/v2\/types\/product"}],"replies":[{"embeddable":true,"href":"https:\/\/www.libriparlanti.org\/index.php\/wp-json\/wp\/v2\/comments?post=18923"}],"wp:featuredmedia":[{"embeddable":true,"href":"https:\/\/www.libriparlanti.org\/index.php\/wp-json\/wp\/v2\/media\/18922"}],"wp:attachment":[{"href":"https:\/\/www.libriparlanti.org\/index.php\/wp-json\/wp\/v2\/media?parent=18923"}],"wp:term":[{"taxonomy":"product_brand","embeddable":true,"href":"https:\/\/www.libriparlanti.org\/index.php\/wp-json\/wp\/v2\/product_brand?post=18923"},{"taxonomy":"product_cat","embeddable":true,"href":"https:\/\/www.libriparlanti.org\/index.php\/wp-json\/wp\/v2\/product_cat?post=18923"},{"taxonomy":"product_tag","embeddable":true,"href":"https:\/\/www.libriparlanti.org\/index.php\/wp-json\/wp\/v2\/product_tag?post=18923"}],"curies":[{"name":"wp","href":"https:\/\/api.w.org\/{rel}","templated":true}]}}