{"id":18739,"date":"2022-01-26T19:20:00","date_gmt":"2022-01-26T17:20:00","guid":{"rendered":"https:\/\/www.libriparlanti.org\/index.php\/prodotto\/harry-potter-e-il-principe-mezzosangue\/"},"modified":"2025-06-04T09:18:14","modified_gmt":"2025-06-04T07:18:14","slug":"harry-potter-e-il-principe-mezzosangue","status":"publish","type":"product","link":"https:\/\/www.libriparlanti.org\/index.php\/prodotto\/harry-potter-e-il-principe-mezzosangue\/","title":{"rendered":"HARRY POTTER E IL PRINCIPE MEZZOSANGUE"},"content":{"rendered":"<p>\u00abSospeso nel buio sopra la scuola c&#8217;era il vivido teschio verde con la lingua di serpe, il marchio lasciato dai Mangiamorte tutte le volte che entravano in un edificio&#8230; Tutte le volte che uccidevano&#8230;\u00bb. \u00c8 il sesto anno a Hogwarts e per Harry niente \u00e8 pi\u00f9 come prima. L&#8217;ultimo legame con la sua famiglia \u00e8 troncato, perfino la scuola non \u00e8 la dimora accogliente di un tempo. Voldemort ha radunato le sue forze e nessuno pu\u00f2 pi\u00f9 negare il suo ritorno. Harry capisce che \u00e8 arrivato il momento di affrontare il suo destino. L&#8217;ultimo atto si avvicina, sar\u00e0 all&#8217;altezza di questa sfida fatale? Edizione speciale con contenuti inediti: la mappa di Hogwarts, il glossario, curiosit\u00e0 sui fondatori di Hogwarts. Et\u00e0 di lettura: da 12 anni.<\/p>\n","protected":false},"excerpt":{"rendered":"<p><em>Autore:<\/em> J. K. ROWLING<br \/>\n<em>Editore:<\/em> SALANI<br \/>\n<em>ISBN:<\/em> 9788831003438<\/p>\n","protected":false},"featured_media":18738,"comment_status":"closed","ping_status":"closed","template":"","meta":{"_et_pb_use_builder":"","_et_pb_old_content":"","_et_gb_content_width":"","_joinchat":[]},"product_brand":[],"product_cat":[1736],"product_tag":[],"class_list":{"0":"post-18739","1":"product","2":"type-product","3":"status-publish","4":"has-post-thumbnail","6":"product_cat-narrativa","8":"first","9":"onbackorder","10":"taxable","11":"shipping-taxable","12":"purchasable","13":"product-type-simple"},"yoast_head":"<!-- This site is optimized with the Yoast SEO plugin v27.5 - https:\/\/yoast.com\/product\/yoast-seo-wordpress\/ -->\n<title>HARRY POTTER E IL PRINCIPE MEZZOSANGUE - Libreria Libri parlanti<\/title>\n<meta name=\"robots\" content=\"index, follow, max-snippet:-1, max-image-preview:large, max-video-preview:-1\" \/>\n<link rel=\"canonical\" href=\"https:\/\/www.libriparlanti.org\/index.php\/prodotto\/harry-potter-e-il-principe-mezzosangue\/\" \/>\n<meta property=\"og:locale\" content=\"it_IT\" \/>\n<meta property=\"og:type\" content=\"article\" \/>\n<meta property=\"og:title\" content=\"HARRY POTTER E IL PRINCIPE MEZZOSANGUE - Libreria Libri parlanti\" \/>\n<meta property=\"og:description\" content=\"Autore: J. K. ROWLING Editore: SALANI ISBN: 9788831003438\" \/>\n<meta property=\"og:url\" content=\"https:\/\/www.libriparlanti.org\/index.php\/prodotto\/harry-potter-e-il-principe-mezzosangue\/\" \/>\n<meta property=\"og:site_name\" content=\"Libreria Libri parlanti\" \/>\n<meta property=\"article:publisher\" content=\"https:\/\/www.facebook.com\/LibriParlanti\" \/>\n<meta property=\"article:modified_time\" content=\"2025-06-04T07:18:14+00:00\" \/>\n<meta property=\"og:image\" content=\"https:\/\/www.libriparlanti.org\/wp-content\/uploads\/2022\/01\/9788831003438.jpg\" \/>\n\t<meta property=\"og:image:width\" content=\"180\" \/>\n\t<meta property=\"og:image:height\" content=\"279\" \/>\n\t<meta property=\"og:image:type\" content=\"image\/jpeg\" \/>\n<meta name=\"twitter:card\" content=\"summary_large_image\" \/>\n<meta name=\"twitter:label1\" content=\"Tempo di lettura stimato\" \/>\n\t<meta name=\"twitter:data1\" content=\"1 minuto\" \/>\n<script type=\"application\/ld+json\" class=\"yoast-schema-graph\">{\"@context\":\"https:\\\/\\\/schema.org\",\"@graph\":[{\"@type\":\"WebPage\",\"@id\":\"https:\\\/\\\/www.libriparlanti.org\\\/index.php\\\/prodotto\\\/harry-potter-e-il-principe-mezzosangue\\\/\",\"url\":\"https:\\\/\\\/www.libriparlanti.org\\\/index.php\\\/prodotto\\\/harry-potter-e-il-principe-mezzosangue\\\/\",\"name\":\"HARRY POTTER E IL PRINCIPE MEZZOSANGUE - Libreria Libri parlanti\",\"isPartOf\":{\"@id\":\"https:\\\/\\\/www.libriparlanti.org\\\/#website\"},\"primaryImageOfPage\":{\"@id\":\"https:\\\/\\\/www.libriparlanti.org\\\/index.php\\\/prodotto\\\/harry-potter-e-il-principe-mezzosangue\\\/#primaryimage\"},\"image\":{\"@id\":\"https:\\\/\\\/www.libriparlanti.org\\\/index.php\\\/prodotto\\\/harry-potter-e-il-principe-mezzosangue\\\/#primaryimage\"},\"thumbnailUrl\":\"https:\\\/\\\/www.libriparlanti.org\\\/wp-content\\\/uploads\\\/2022\\\/01\\\/9788831003438.jpg\",\"datePublished\":\"2022-01-26T17:20:00+00:00\",\"dateModified\":\"2025-06-04T07:18:14+00:00\",\"breadcrumb\":{\"@id\":\"https:\\\/\\\/www.libriparlanti.org\\\/index.php\\\/prodotto\\\/harry-potter-e-il-principe-mezzosangue\\\/#breadcrumb\"},\"inLanguage\":\"it-IT\",\"potentialAction\":[{\"@type\":\"ReadAction\",\"target\":[\"https:\\\/\\\/www.libriparlanti.org\\\/index.php\\\/prodotto\\\/harry-potter-e-il-principe-mezzosangue\\\/\"]}]},{\"@type\":\"ImageObject\",\"inLanguage\":\"it-IT\",\"@id\":\"https:\\\/\\\/www.libriparlanti.org\\\/index.php\\\/prodotto\\\/harry-potter-e-il-principe-mezzosangue\\\/#primaryimage\",\"url\":\"https:\\\/\\\/www.libriparlanti.org\\\/wp-content\\\/uploads\\\/2022\\\/01\\\/9788831003438.jpg\",\"contentUrl\":\"https:\\\/\\\/www.libriparlanti.org\\\/wp-content\\\/uploads\\\/2022\\\/01\\\/9788831003438.jpg\",\"width\":180,\"height\":279},{\"@type\":\"BreadcrumbList\",\"@id\":\"https:\\\/\\\/www.libriparlanti.org\\\/index.php\\\/prodotto\\\/harry-potter-e-il-principe-mezzosangue\\\/#breadcrumb\",\"itemListElement\":[{\"@type\":\"ListItem\",\"position\":1,\"name\":\"Home\",\"item\":\"https:\\\/\\\/www.libriparlanti.org\\\/\"},{\"@type\":\"ListItem\",\"position\":2,\"name\":\"Shop\",\"item\":\"https:\\\/\\\/www.libriparlanti.org\\\/index.php\\\/negozio\\\/\"},{\"@type\":\"ListItem\",\"position\":3,\"name\":\"HARRY POTTER E IL PRINCIPE MEZZOSANGUE\"}]},{\"@type\":\"WebSite\",\"@id\":\"https:\\\/\\\/www.libriparlanti.org\\\/#website\",\"url\":\"https:\\\/\\\/www.libriparlanti.org\\\/\",\"name\":\"Libreria Libri parlanti\",\"description\":\"Libreria in Castiglione del Lago (Pg)\",\"potentialAction\":[{\"@type\":\"SearchAction\",\"target\":{\"@type\":\"EntryPoint\",\"urlTemplate\":\"https:\\\/\\\/www.libriparlanti.org\\\/?s={search_term_string}\"},\"query-input\":{\"@type\":\"PropertyValueSpecification\",\"valueRequired\":true,\"valueName\":\"search_term_string\"}}],\"inLanguage\":\"it-IT\"}]}<\/script>\n<!-- \/ Yoast SEO plugin. -->","yoast_head_json":{"title":"HARRY POTTER E IL PRINCIPE MEZZOSANGUE - Libreria Libri parlanti","robots":{"index":"index","follow":"follow","max-snippet":"max-snippet:-1","max-image-preview":"max-image-preview:large","max-video-preview":"max-video-preview:-1"},"canonical":"https:\/\/www.libriparlanti.org\/index.php\/prodotto\/harry-potter-e-il-principe-mezzosangue\/","og_locale":"it_IT","og_type":"article","og_title":"HARRY POTTER E IL PRINCIPE MEZZOSANGUE - Libreria Libri parlanti","og_description":"Autore: J. K. ROWLING Editore: SALANI ISBN: 9788831003438","og_url":"https:\/\/www.libriparlanti.org\/index.php\/prodotto\/harry-potter-e-il-principe-mezzosangue\/","og_site_name":"Libreria Libri parlanti","article_publisher":"https:\/\/www.facebook.com\/LibriParlanti","article_modified_time":"2025-06-04T07:18:14+00:00","og_image":[{"width":180,"height":279,"url":"https:\/\/www.libriparlanti.org\/wp-content\/uploads\/2022\/01\/9788831003438.jpg","type":"image\/jpeg"}],"twitter_card":"summary_large_image","twitter_misc":{"Tempo di lettura stimato":"1 minuto"},"schema":{"@context":"https:\/\/schema.org","@graph":[{"@type":"WebPage","@id":"https:\/\/www.libriparlanti.org\/index.php\/prodotto\/harry-potter-e-il-principe-mezzosangue\/","url":"https:\/\/www.libriparlanti.org\/index.php\/prodotto\/harry-potter-e-il-principe-mezzosangue\/","name":"HARRY POTTER E IL PRINCIPE MEZZOSANGUE - Libreria Libri parlanti","isPartOf":{"@id":"https:\/\/www.libriparlanti.org\/#website"},"primaryImageOfPage":{"@id":"https:\/\/www.libriparlanti.org\/index.php\/prodotto\/harry-potter-e-il-principe-mezzosangue\/#primaryimage"},"image":{"@id":"https:\/\/www.libriparlanti.org\/index.php\/prodotto\/harry-potter-e-il-principe-mezzosangue\/#primaryimage"},"thumbnailUrl":"https:\/\/www.libriparlanti.org\/wp-content\/uploads\/2022\/01\/9788831003438.jpg","datePublished":"2022-01-26T17:20:00+00:00","dateModified":"2025-06-04T07:18:14+00:00","breadcrumb":{"@id":"https:\/\/www.libriparlanti.org\/index.php\/prodotto\/harry-potter-e-il-principe-mezzosangue\/#breadcrumb"},"inLanguage":"it-IT","potentialAction":[{"@type":"ReadAction","target":["https:\/\/www.libriparlanti.org\/index.php\/prodotto\/harry-potter-e-il-principe-mezzosangue\/"]}]},{"@type":"ImageObject","inLanguage":"it-IT","@id":"https:\/\/www.libriparlanti.org\/index.php\/prodotto\/harry-potter-e-il-principe-mezzosangue\/#primaryimage","url":"https:\/\/www.libriparlanti.org\/wp-content\/uploads\/2022\/01\/9788831003438.jpg","contentUrl":"https:\/\/www.libriparlanti.org\/wp-content\/uploads\/2022\/01\/9788831003438.jpg","width":180,"height":279},{"@type":"BreadcrumbList","@id":"https:\/\/www.libriparlanti.org\/index.php\/prodotto\/harry-potter-e-il-principe-mezzosangue\/#breadcrumb","itemListElement":[{"@type":"ListItem","position":1,"name":"Home","item":"https:\/\/www.libriparlanti.org\/"},{"@type":"ListItem","position":2,"name":"Shop","item":"https:\/\/www.libriparlanti.org\/index.php\/negozio\/"},{"@type":"ListItem","position":3,"name":"HARRY POTTER E IL PRINCIPE MEZZOSANGUE"}]},{"@type":"WebSite","@id":"https:\/\/www.libriparlanti.org\/#website","url":"https:\/\/www.libriparlanti.org\/","name":"Libreria Libri parlanti","description":"Libreria in Castiglione del Lago (Pg)","potentialAction":[{"@type":"SearchAction","target":{"@type":"EntryPoint","urlTemplate":"https:\/\/www.libriparlanti.org\/?s={search_term_string}"},"query-input":{"@type":"PropertyValueSpecification","valueRequired":true,"valueName":"search_term_string"}}],"inLanguage":"it-IT"}]}},"_links":{"self":[{"href":"https:\/\/www.libriparlanti.org\/index.php\/wp-json\/wp\/v2\/product\/18739","targetHints":{"allow":["GET"]}}],"collection":[{"href":"https:\/\/www.libriparlanti.org\/index.php\/wp-json\/wp\/v2\/product"}],"about":[{"href":"https:\/\/www.libriparlanti.org\/index.php\/wp-json\/wp\/v2\/types\/product"}],"replies":[{"embeddable":true,"href":"https:\/\/www.libriparlanti.org\/index.php\/wp-json\/wp\/v2\/comments?post=18739"}],"wp:featuredmedia":[{"embeddable":true,"href":"https:\/\/www.libriparlanti.org\/index.php\/wp-json\/wp\/v2\/media\/18738"}],"wp:attachment":[{"href":"https:\/\/www.libriparlanti.org\/index.php\/wp-json\/wp\/v2\/media?parent=18739"}],"wp:term":[{"taxonomy":"product_brand","embeddable":true,"href":"https:\/\/www.libriparlanti.org\/index.php\/wp-json\/wp\/v2\/product_brand?post=18739"},{"taxonomy":"product_cat","embeddable":true,"href":"https:\/\/www.libriparlanti.org\/index.php\/wp-json\/wp\/v2\/product_cat?post=18739"},{"taxonomy":"product_tag","embeddable":true,"href":"https:\/\/www.libriparlanti.org\/index.php\/wp-json\/wp\/v2\/product_tag?post=18739"}],"curies":[{"name":"wp","href":"https:\/\/api.w.org\/{rel}","templated":true}]}}