{"id":18292,"date":"2021-11-22T17:04:39","date_gmt":"2021-11-22T15:04:39","guid":{"rendered":"https:\/\/www.libriparlanti.org\/index.php\/prodotto\/il-tempo-di-tornare-a-casa\/"},"modified":"2022-04-02T15:29:01","modified_gmt":"2022-04-02T13:29:01","slug":"il-tempo-di-tornare-a-casa","status":"publish","type":"product","link":"https:\/\/www.libriparlanti.org\/index.php\/prodotto\/il-tempo-di-tornare-a-casa\/","title":{"rendered":"IL TEMPO DI TORNARE A CASA"},"content":{"rendered":"<p>\u00abVivere, in fondo, non \u00e8 che una serie di storie che si chiudono e si aprono, un continuo stringere la presa e lasciar andare. Una catena infinita di incontri e di addii\u00bb. Quante esistenze attraversano una stazione affollata. Dietro i volti delle persone in fila all&#8217;edicola o al bancone del bar si nasconde un groviglio di desideri e paure, di dolori e speranze. C&#8217;\u00e8 una donna che non deve partire, eppure resta seduta l\u00ec, le borse della spesa ai piedi. C&#8217;\u00e8 un padre che ha smarrito il figlio, e un uomo che sta per separarsi dalla donna della sua vita. C&#8217;\u00e8 un marito che vede un enorme coniglio accanto a sua moglie ogni volta che la guarda, una ragazza che riceve messaggi inattesi, un ragazzo che ha preso una decisione irreversibile. C&#8217;\u00e8 il mistero indecifrabile di ogni incontro capace di farci cambiare strada, e il terrore dell&#8217;abbandono sempre dietro l&#8217;angolo. Poi c&#8217;\u00e8 uno scrittore con un buffo berretto giallo che si aggira fra i binari dopo aver perso il treno, ed \u00e8 impaziente di salire sul prossimo. Perch\u00e9 sa che alla fine del viaggio trover\u00e0 la sua famiglia ad aspettarlo. Perch\u00e9 \u00abl&#8217;amore ha sempre, sempre a che fare con qualcuno in grado di riportarti a casa\u00bb. Con la sua voce inconfondibile, Matteo Bussola racconta il nostro ostinato bisogno degli altri, malgrado la possibilit\u00e0 di ferirsi, di tradirsi, malgrado le accuse o i rimpianti. Il suo \u00e8 un inno al potere salvifico delle storie, grazie alle quali ci sentiamo tutti meno soli.<\/p>\n","protected":false},"excerpt":{"rendered":"<p><em>Autore:<\/em> MATTEO BUSSOLA<br \/>\n<em>Editore:<\/em> EINAUDI<br \/>\n<em>ISBN:<\/em> 9788806249427<br \/>\n<em>Pubblicazione:<\/em> 23\/11\/2021<\/p>\n","protected":false},"featured_media":18291,"comment_status":"closed","ping_status":"closed","template":"","meta":{"_et_pb_use_builder":"","_et_pb_old_content":"","_et_gb_content_width":"","_joinchat":[]},"product_brand":[],"product_cat":[1736],"product_tag":[],"class_list":{"0":"post-18292","1":"product","2":"type-product","3":"status-publish","4":"has-post-thumbnail","6":"product_cat-narrativa","8":"first","9":"onbackorder","10":"taxable","11":"shipping-taxable","12":"purchasable","13":"product-type-simple"},"yoast_head":"<!-- This site is optimized with the Yoast SEO plugin v27.5 - https:\/\/yoast.com\/product\/yoast-seo-wordpress\/ -->\n<title>IL TEMPO DI TORNARE A CASA - Libreria Libri parlanti<\/title>\n<meta name=\"robots\" content=\"index, follow, max-snippet:-1, max-image-preview:large, max-video-preview:-1\" \/>\n<link rel=\"canonical\" href=\"https:\/\/www.libriparlanti.org\/index.php\/prodotto\/il-tempo-di-tornare-a-casa\/\" \/>\n<meta property=\"og:locale\" content=\"it_IT\" \/>\n<meta property=\"og:type\" content=\"article\" \/>\n<meta property=\"og:title\" content=\"IL TEMPO DI TORNARE A CASA - Libreria Libri parlanti\" \/>\n<meta property=\"og:description\" content=\"Autore: MATTEO BUSSOLA Editore: EINAUDI ISBN: 9788806249427 Pubblicazione: 23\/11\/2021\" \/>\n<meta property=\"og:url\" content=\"https:\/\/www.libriparlanti.org\/index.php\/prodotto\/il-tempo-di-tornare-a-casa\/\" \/>\n<meta property=\"og:site_name\" content=\"Libreria Libri parlanti\" \/>\n<meta property=\"article:publisher\" content=\"https:\/\/www.facebook.com\/LibriParlanti\" \/>\n<meta property=\"article:modified_time\" content=\"2022-04-02T13:29:01+00:00\" \/>\n<meta property=\"og:image\" content=\"https:\/\/www.libriparlanti.org\/wp-content\/uploads\/2021\/11\/9788806249427.jpg\" \/>\n\t<meta property=\"og:image:width\" content=\"536\" \/>\n\t<meta property=\"og:image:height\" content=\"838\" \/>\n\t<meta property=\"og:image:type\" content=\"image\/jpeg\" \/>\n<meta name=\"twitter:card\" content=\"summary_large_image\" \/>\n<meta name=\"twitter:label1\" content=\"Tempo di lettura stimato\" \/>\n\t<meta name=\"twitter:data1\" content=\"1 minuto\" \/>\n<script type=\"application\/ld+json\" class=\"yoast-schema-graph\">{\"@context\":\"https:\\\/\\\/schema.org\",\"@graph\":[{\"@type\":\"WebPage\",\"@id\":\"https:\\\/\\\/www.libriparlanti.org\\\/index.php\\\/prodotto\\\/il-tempo-di-tornare-a-casa\\\/\",\"url\":\"https:\\\/\\\/www.libriparlanti.org\\\/index.php\\\/prodotto\\\/il-tempo-di-tornare-a-casa\\\/\",\"name\":\"IL TEMPO DI TORNARE A CASA - Libreria Libri parlanti\",\"isPartOf\":{\"@id\":\"https:\\\/\\\/www.libriparlanti.org\\\/#website\"},\"primaryImageOfPage\":{\"@id\":\"https:\\\/\\\/www.libriparlanti.org\\\/index.php\\\/prodotto\\\/il-tempo-di-tornare-a-casa\\\/#primaryimage\"},\"image\":{\"@id\":\"https:\\\/\\\/www.libriparlanti.org\\\/index.php\\\/prodotto\\\/il-tempo-di-tornare-a-casa\\\/#primaryimage\"},\"thumbnailUrl\":\"https:\\\/\\\/www.libriparlanti.org\\\/wp-content\\\/uploads\\\/2021\\\/11\\\/9788806249427.jpg\",\"datePublished\":\"2021-11-22T15:04:39+00:00\",\"dateModified\":\"2022-04-02T13:29:01+00:00\",\"breadcrumb\":{\"@id\":\"https:\\\/\\\/www.libriparlanti.org\\\/index.php\\\/prodotto\\\/il-tempo-di-tornare-a-casa\\\/#breadcrumb\"},\"inLanguage\":\"it-IT\",\"potentialAction\":[{\"@type\":\"ReadAction\",\"target\":[\"https:\\\/\\\/www.libriparlanti.org\\\/index.php\\\/prodotto\\\/il-tempo-di-tornare-a-casa\\\/\"]}]},{\"@type\":\"ImageObject\",\"inLanguage\":\"it-IT\",\"@id\":\"https:\\\/\\\/www.libriparlanti.org\\\/index.php\\\/prodotto\\\/il-tempo-di-tornare-a-casa\\\/#primaryimage\",\"url\":\"https:\\\/\\\/www.libriparlanti.org\\\/wp-content\\\/uploads\\\/2021\\\/11\\\/9788806249427.jpg\",\"contentUrl\":\"https:\\\/\\\/www.libriparlanti.org\\\/wp-content\\\/uploads\\\/2021\\\/11\\\/9788806249427.jpg\",\"width\":536,\"height\":838},{\"@type\":\"BreadcrumbList\",\"@id\":\"https:\\\/\\\/www.libriparlanti.org\\\/index.php\\\/prodotto\\\/il-tempo-di-tornare-a-casa\\\/#breadcrumb\",\"itemListElement\":[{\"@type\":\"ListItem\",\"position\":1,\"name\":\"Home\",\"item\":\"https:\\\/\\\/www.libriparlanti.org\\\/\"},{\"@type\":\"ListItem\",\"position\":2,\"name\":\"Shop\",\"item\":\"https:\\\/\\\/www.libriparlanti.org\\\/index.php\\\/negozio\\\/\"},{\"@type\":\"ListItem\",\"position\":3,\"name\":\"IL TEMPO DI TORNARE A CASA\"}]},{\"@type\":\"WebSite\",\"@id\":\"https:\\\/\\\/www.libriparlanti.org\\\/#website\",\"url\":\"https:\\\/\\\/www.libriparlanti.org\\\/\",\"name\":\"Libreria Libri parlanti\",\"description\":\"Libreria in Castiglione del Lago (Pg)\",\"potentialAction\":[{\"@type\":\"SearchAction\",\"target\":{\"@type\":\"EntryPoint\",\"urlTemplate\":\"https:\\\/\\\/www.libriparlanti.org\\\/?s={search_term_string}\"},\"query-input\":{\"@type\":\"PropertyValueSpecification\",\"valueRequired\":true,\"valueName\":\"search_term_string\"}}],\"inLanguage\":\"it-IT\"}]}<\/script>\n<!-- \/ Yoast SEO plugin. -->","yoast_head_json":{"title":"IL TEMPO DI TORNARE A CASA - Libreria Libri parlanti","robots":{"index":"index","follow":"follow","max-snippet":"max-snippet:-1","max-image-preview":"max-image-preview:large","max-video-preview":"max-video-preview:-1"},"canonical":"https:\/\/www.libriparlanti.org\/index.php\/prodotto\/il-tempo-di-tornare-a-casa\/","og_locale":"it_IT","og_type":"article","og_title":"IL TEMPO DI TORNARE A CASA - Libreria Libri parlanti","og_description":"Autore: MATTEO BUSSOLA Editore: EINAUDI ISBN: 9788806249427 Pubblicazione: 23\/11\/2021","og_url":"https:\/\/www.libriparlanti.org\/index.php\/prodotto\/il-tempo-di-tornare-a-casa\/","og_site_name":"Libreria Libri parlanti","article_publisher":"https:\/\/www.facebook.com\/LibriParlanti","article_modified_time":"2022-04-02T13:29:01+00:00","og_image":[{"width":536,"height":838,"url":"https:\/\/www.libriparlanti.org\/wp-content\/uploads\/2021\/11\/9788806249427.jpg","type":"image\/jpeg"}],"twitter_card":"summary_large_image","twitter_misc":{"Tempo di lettura stimato":"1 minuto"},"schema":{"@context":"https:\/\/schema.org","@graph":[{"@type":"WebPage","@id":"https:\/\/www.libriparlanti.org\/index.php\/prodotto\/il-tempo-di-tornare-a-casa\/","url":"https:\/\/www.libriparlanti.org\/index.php\/prodotto\/il-tempo-di-tornare-a-casa\/","name":"IL TEMPO DI TORNARE A CASA - Libreria Libri parlanti","isPartOf":{"@id":"https:\/\/www.libriparlanti.org\/#website"},"primaryImageOfPage":{"@id":"https:\/\/www.libriparlanti.org\/index.php\/prodotto\/il-tempo-di-tornare-a-casa\/#primaryimage"},"image":{"@id":"https:\/\/www.libriparlanti.org\/index.php\/prodotto\/il-tempo-di-tornare-a-casa\/#primaryimage"},"thumbnailUrl":"https:\/\/www.libriparlanti.org\/wp-content\/uploads\/2021\/11\/9788806249427.jpg","datePublished":"2021-11-22T15:04:39+00:00","dateModified":"2022-04-02T13:29:01+00:00","breadcrumb":{"@id":"https:\/\/www.libriparlanti.org\/index.php\/prodotto\/il-tempo-di-tornare-a-casa\/#breadcrumb"},"inLanguage":"it-IT","potentialAction":[{"@type":"ReadAction","target":["https:\/\/www.libriparlanti.org\/index.php\/prodotto\/il-tempo-di-tornare-a-casa\/"]}]},{"@type":"ImageObject","inLanguage":"it-IT","@id":"https:\/\/www.libriparlanti.org\/index.php\/prodotto\/il-tempo-di-tornare-a-casa\/#primaryimage","url":"https:\/\/www.libriparlanti.org\/wp-content\/uploads\/2021\/11\/9788806249427.jpg","contentUrl":"https:\/\/www.libriparlanti.org\/wp-content\/uploads\/2021\/11\/9788806249427.jpg","width":536,"height":838},{"@type":"BreadcrumbList","@id":"https:\/\/www.libriparlanti.org\/index.php\/prodotto\/il-tempo-di-tornare-a-casa\/#breadcrumb","itemListElement":[{"@type":"ListItem","position":1,"name":"Home","item":"https:\/\/www.libriparlanti.org\/"},{"@type":"ListItem","position":2,"name":"Shop","item":"https:\/\/www.libriparlanti.org\/index.php\/negozio\/"},{"@type":"ListItem","position":3,"name":"IL TEMPO DI TORNARE A CASA"}]},{"@type":"WebSite","@id":"https:\/\/www.libriparlanti.org\/#website","url":"https:\/\/www.libriparlanti.org\/","name":"Libreria Libri parlanti","description":"Libreria in Castiglione del Lago (Pg)","potentialAction":[{"@type":"SearchAction","target":{"@type":"EntryPoint","urlTemplate":"https:\/\/www.libriparlanti.org\/?s={search_term_string}"},"query-input":{"@type":"PropertyValueSpecification","valueRequired":true,"valueName":"search_term_string"}}],"inLanguage":"it-IT"}]}},"_links":{"self":[{"href":"https:\/\/www.libriparlanti.org\/index.php\/wp-json\/wp\/v2\/product\/18292","targetHints":{"allow":["GET"]}}],"collection":[{"href":"https:\/\/www.libriparlanti.org\/index.php\/wp-json\/wp\/v2\/product"}],"about":[{"href":"https:\/\/www.libriparlanti.org\/index.php\/wp-json\/wp\/v2\/types\/product"}],"replies":[{"embeddable":true,"href":"https:\/\/www.libriparlanti.org\/index.php\/wp-json\/wp\/v2\/comments?post=18292"}],"wp:featuredmedia":[{"embeddable":true,"href":"https:\/\/www.libriparlanti.org\/index.php\/wp-json\/wp\/v2\/media\/18291"}],"wp:attachment":[{"href":"https:\/\/www.libriparlanti.org\/index.php\/wp-json\/wp\/v2\/media?parent=18292"}],"wp:term":[{"taxonomy":"product_brand","embeddable":true,"href":"https:\/\/www.libriparlanti.org\/index.php\/wp-json\/wp\/v2\/product_brand?post=18292"},{"taxonomy":"product_cat","embeddable":true,"href":"https:\/\/www.libriparlanti.org\/index.php\/wp-json\/wp\/v2\/product_cat?post=18292"},{"taxonomy":"product_tag","embeddable":true,"href":"https:\/\/www.libriparlanti.org\/index.php\/wp-json\/wp\/v2\/product_tag?post=18292"}],"curies":[{"name":"wp","href":"https:\/\/api.w.org\/{rel}","templated":true}]}}

<p>«Vivere, in fondo, non è che una serie di storie che si chiudono e si aprono, un continuo stringere la presa e lasciar andare. Una catena infinita di incontri e di addii». Quante esistenze attraversano una stazione affollata. Dietro i volti delle persone in fila all&#8217;edicola o al bancone del bar si nasconde un groviglio di desideri e paure, di dolori e speranze. C&#8217;è una donna che non deve partire, eppure resta seduta lì, le borse della spesa ai piedi. C&#8217;è un padre che ha smarrito il figlio, e un uomo che sta per separarsi dalla donna della sua vita. C&#8217;è un marito che vede un enorme coniglio accanto a sua moglie ogni volta che la guarda, una ragazza che riceve messaggi inattesi, un ragazzo che ha preso una decisione irreversibile. C&#8217;è il mistero indecifrabile di ogni incontro capace di farci cambiare strada, e il terrore dell&#8217;abbandono sempre dietro l&#8217;angolo. Poi c&#8217;è uno scrittore con un buffo berretto giallo che si aggira fra i binari dopo aver perso il treno, ed è impaziente di salire sul prossimo. Perché sa che alla fine del viaggio troverà la sua famiglia ad aspettarlo. Perché «l&#8217;amore ha sempre, sempre a che fare con qualcuno in grado di riportarti a casa». Con la sua voce inconfondibile, Matteo Bussola racconta il nostro ostinato bisogno degli altri, malgrado la possibilità di ferirsi, di tradirsi, malgrado le accuse o i rimpianti. Il suo è un inno al potere salvifico delle storie, grazie alle quali ci sentiamo tutti meno soli.</p>
