{"id":17975,"date":"2021-10-23T10:57:41","date_gmt":"2021-10-23T08:57:41","guid":{"rendered":"https:\/\/www.libriparlanti.org\/index.php\/prodotto\/21-lezioni-per-il-xxi-secolo\/"},"modified":"2025-02-10T19:38:04","modified_gmt":"2025-02-10T17:38:04","slug":"21-lezioni-per-il-xxi-secolo","status":"publish","type":"product","link":"https:\/\/www.libriparlanti.org\/index.php\/prodotto\/21-lezioni-per-il-xxi-secolo\/","title":{"rendered":"21 LEZIONI PER IL XXI SECOLO"},"content":{"rendered":"<p>In un mondo alluvionato da informazioni irrilevanti, la lucidit\u00e0 \u00e8 potere. La censura non opera bloccando il flusso di informazioni, ma inondando le persone di disinformazione e distrazioni. &#8220;21 lezioni per il XXI secolo&#8221; si fa largo in queste acque torbide e affronta alcune delle questioni pi\u00f9 urgenti dell&#8217;agenda globale contemporanea. Perch\u00e9 la democrazia liberale \u00e8 in crisi? Dio \u00e8 tornato? Sta per scoppiare una nuova guerra mondiale? Che cosa significa l&#8217;ascesa di Donald Trump? Che cosa si pu\u00f2 fare per contrastare l&#8217;epidemia di notizie false? Quali civilt\u00e0 domineranno il pianeta: l&#8217;Occidente, la Cina, l&#8217;islam? L&#8217;Europa deve tenere le porte aperte ai migranti? Il nazionalismo pu\u00f2 risolvere i problemi causati dalla disuguaglianza e dai cambiamenti climatici? In che modo potremo difenderci dal terrorismo? Che cosa dobbiamo insegnare ai nostri figli? Miliardi di noi possono a stento permettersi il lusso di approfondire queste domande, perch\u00e9 siamo pressati da ben altre urgenze: lavorare, prenderci cura dei figli o dare assistenza ai genitori anziani. Purtroppo la storia non fa sconti. Se il futuro dell&#8217;umanit\u00e0 viene deciso in vostra assenza, poich\u00e9 siete troppo occupati a dar da mangiare e a vestire i vostri figli, voi e loro ne subirete comunque le conseguenze. Certo \u00e8 parecchio ingiusto; ma chi ha mai detto che la storia \u00e8 giusta? Un libro non pu\u00f2 dare alla gente n\u00e9 cibo n\u00e9 vestiti, ma pu\u00f2 fare e offrire un po&#8217; di chiarezza, contribuendo ad appianare le differenze nel gioco globale. Se questo libro servir\u00e0 ad aggiungere al dibattito sul futuro della nostra specie anche solo un ristretto gruppo di persone, allora avr\u00e0 raggiunto il suo scopo.<\/p>\n","protected":false},"excerpt":{"rendered":"<p><em>Autore:<\/em> HARARI YUVAL NOAH<br \/>\n<em>Editore:<\/em> BOMPIANI<br \/>\n<em>ISBN:<\/em> 9788830100824<br \/>\n<em>Pubblicazione:<\/em> 11\/09\/2019<\/p>\n","protected":false},"featured_media":17974,"comment_status":"closed","ping_status":"closed","template":"","meta":{"_et_pb_use_builder":"","_et_pb_old_content":"","_et_gb_content_width":"","_joinchat":[]},"product_brand":[],"product_cat":[959],"product_tag":[],"class_list":{"0":"post-17975","1":"product","2":"type-product","3":"status-publish","4":"has-post-thumbnail","6":"product_cat-senza-categoria","8":"first","9":"onbackorder","10":"taxable","11":"shipping-taxable","12":"purchasable","13":"product-type-simple"},"yoast_head":"<!-- This site is optimized with the Yoast SEO plugin v27.3 - https:\/\/yoast.com\/product\/yoast-seo-wordpress\/ -->\n<title>21 LEZIONI PER IL XXI SECOLO - Libreria Libri parlanti<\/title>\n<meta name=\"robots\" content=\"index, follow, max-snippet:-1, max-image-preview:large, max-video-preview:-1\" \/>\n<link rel=\"canonical\" href=\"https:\/\/www.libriparlanti.org\/index.php\/prodotto\/21-lezioni-per-il-xxi-secolo\/\" \/>\n<meta property=\"og:locale\" content=\"it_IT\" \/>\n<meta property=\"og:type\" content=\"article\" \/>\n<meta property=\"og:title\" content=\"21 LEZIONI PER IL XXI SECOLO - Libreria Libri parlanti\" \/>\n<meta property=\"og:description\" content=\"Autore: HARARI YUVAL NOAH Editore: BOMPIANI ISBN: 9788830100824 Pubblicazione: 11\/09\/2019\" \/>\n<meta property=\"og:url\" content=\"https:\/\/www.libriparlanti.org\/index.php\/prodotto\/21-lezioni-per-il-xxi-secolo\/\" \/>\n<meta property=\"og:site_name\" content=\"Libreria Libri parlanti\" \/>\n<meta property=\"article:publisher\" content=\"https:\/\/www.facebook.com\/LibriParlanti\" \/>\n<meta property=\"article:modified_time\" content=\"2025-02-10T17:38:04+00:00\" \/>\n<meta property=\"og:image\" content=\"https:\/\/www.libriparlanti.org\/wp-content\/uploads\/2021\/10\/wN4ETM5IzM5gDO4cTO-2.jpg\" \/>\n\t<meta property=\"og:image:width\" content=\"305\" \/>\n\t<meta property=\"og:image:height\" content=\"300\" \/>\n\t<meta property=\"og:image:type\" content=\"image\/jpeg\" \/>\n<meta name=\"twitter:card\" content=\"summary_large_image\" \/>\n<meta name=\"twitter:label1\" content=\"Tempo di lettura stimato\" \/>\n\t<meta name=\"twitter:data1\" content=\"1 minuto\" \/>\n<script type=\"application\/ld+json\" class=\"yoast-schema-graph\">{\"@context\":\"https:\\\/\\\/schema.org\",\"@graph\":[{\"@type\":\"WebPage\",\"@id\":\"https:\\\/\\\/www.libriparlanti.org\\\/index.php\\\/prodotto\\\/21-lezioni-per-il-xxi-secolo\\\/\",\"url\":\"https:\\\/\\\/www.libriparlanti.org\\\/index.php\\\/prodotto\\\/21-lezioni-per-il-xxi-secolo\\\/\",\"name\":\"21 LEZIONI PER IL XXI SECOLO - Libreria Libri parlanti\",\"isPartOf\":{\"@id\":\"https:\\\/\\\/www.libriparlanti.org\\\/#website\"},\"primaryImageOfPage\":{\"@id\":\"https:\\\/\\\/www.libriparlanti.org\\\/index.php\\\/prodotto\\\/21-lezioni-per-il-xxi-secolo\\\/#primaryimage\"},\"image\":{\"@id\":\"https:\\\/\\\/www.libriparlanti.org\\\/index.php\\\/prodotto\\\/21-lezioni-per-il-xxi-secolo\\\/#primaryimage\"},\"thumbnailUrl\":\"https:\\\/\\\/www.libriparlanti.org\\\/wp-content\\\/uploads\\\/2021\\\/10\\\/wN4ETM5IzM5gDO4cTO-2.jpg\",\"datePublished\":\"2021-10-23T08:57:41+00:00\",\"dateModified\":\"2025-02-10T17:38:04+00:00\",\"breadcrumb\":{\"@id\":\"https:\\\/\\\/www.libriparlanti.org\\\/index.php\\\/prodotto\\\/21-lezioni-per-il-xxi-secolo\\\/#breadcrumb\"},\"inLanguage\":\"it-IT\",\"potentialAction\":[{\"@type\":\"ReadAction\",\"target\":[\"https:\\\/\\\/www.libriparlanti.org\\\/index.php\\\/prodotto\\\/21-lezioni-per-il-xxi-secolo\\\/\"]}]},{\"@type\":\"ImageObject\",\"inLanguage\":\"it-IT\",\"@id\":\"https:\\\/\\\/www.libriparlanti.org\\\/index.php\\\/prodotto\\\/21-lezioni-per-il-xxi-secolo\\\/#primaryimage\",\"url\":\"https:\\\/\\\/www.libriparlanti.org\\\/wp-content\\\/uploads\\\/2021\\\/10\\\/wN4ETM5IzM5gDO4cTO-2.jpg\",\"contentUrl\":\"https:\\\/\\\/www.libriparlanti.org\\\/wp-content\\\/uploads\\\/2021\\\/10\\\/wN4ETM5IzM5gDO4cTO-2.jpg\",\"width\":305,\"height\":300},{\"@type\":\"BreadcrumbList\",\"@id\":\"https:\\\/\\\/www.libriparlanti.org\\\/index.php\\\/prodotto\\\/21-lezioni-per-il-xxi-secolo\\\/#breadcrumb\",\"itemListElement\":[{\"@type\":\"ListItem\",\"position\":1,\"name\":\"Home\",\"item\":\"https:\\\/\\\/www.libriparlanti.org\\\/\"},{\"@type\":\"ListItem\",\"position\":2,\"name\":\"Shop\",\"item\":\"https:\\\/\\\/www.libriparlanti.org\\\/index.php\\\/negozio\\\/\"},{\"@type\":\"ListItem\",\"position\":3,\"name\":\"21 LEZIONI PER IL XXI SECOLO\"}]},{\"@type\":\"WebSite\",\"@id\":\"https:\\\/\\\/www.libriparlanti.org\\\/#website\",\"url\":\"https:\\\/\\\/www.libriparlanti.org\\\/\",\"name\":\"Libreria Libri parlanti\",\"description\":\"Libreria in Castiglione del Lago (Pg)\",\"potentialAction\":[{\"@type\":\"SearchAction\",\"target\":{\"@type\":\"EntryPoint\",\"urlTemplate\":\"https:\\\/\\\/www.libriparlanti.org\\\/?s={search_term_string}\"},\"query-input\":{\"@type\":\"PropertyValueSpecification\",\"valueRequired\":true,\"valueName\":\"search_term_string\"}}],\"inLanguage\":\"it-IT\"}]}<\/script>\n<!-- \/ Yoast SEO plugin. -->","yoast_head_json":{"title":"21 LEZIONI PER IL XXI SECOLO - Libreria Libri parlanti","robots":{"index":"index","follow":"follow","max-snippet":"max-snippet:-1","max-image-preview":"max-image-preview:large","max-video-preview":"max-video-preview:-1"},"canonical":"https:\/\/www.libriparlanti.org\/index.php\/prodotto\/21-lezioni-per-il-xxi-secolo\/","og_locale":"it_IT","og_type":"article","og_title":"21 LEZIONI PER IL XXI SECOLO - Libreria Libri parlanti","og_description":"Autore: HARARI YUVAL NOAH Editore: BOMPIANI ISBN: 9788830100824 Pubblicazione: 11\/09\/2019","og_url":"https:\/\/www.libriparlanti.org\/index.php\/prodotto\/21-lezioni-per-il-xxi-secolo\/","og_site_name":"Libreria Libri parlanti","article_publisher":"https:\/\/www.facebook.com\/LibriParlanti","article_modified_time":"2025-02-10T17:38:04+00:00","og_image":[{"width":305,"height":300,"url":"https:\/\/www.libriparlanti.org\/wp-content\/uploads\/2021\/10\/wN4ETM5IzM5gDO4cTO-2.jpg","type":"image\/jpeg"}],"twitter_card":"summary_large_image","twitter_misc":{"Tempo di lettura stimato":"1 minuto"},"schema":{"@context":"https:\/\/schema.org","@graph":[{"@type":"WebPage","@id":"https:\/\/www.libriparlanti.org\/index.php\/prodotto\/21-lezioni-per-il-xxi-secolo\/","url":"https:\/\/www.libriparlanti.org\/index.php\/prodotto\/21-lezioni-per-il-xxi-secolo\/","name":"21 LEZIONI PER IL XXI SECOLO - Libreria Libri parlanti","isPartOf":{"@id":"https:\/\/www.libriparlanti.org\/#website"},"primaryImageOfPage":{"@id":"https:\/\/www.libriparlanti.org\/index.php\/prodotto\/21-lezioni-per-il-xxi-secolo\/#primaryimage"},"image":{"@id":"https:\/\/www.libriparlanti.org\/index.php\/prodotto\/21-lezioni-per-il-xxi-secolo\/#primaryimage"},"thumbnailUrl":"https:\/\/www.libriparlanti.org\/wp-content\/uploads\/2021\/10\/wN4ETM5IzM5gDO4cTO-2.jpg","datePublished":"2021-10-23T08:57:41+00:00","dateModified":"2025-02-10T17:38:04+00:00","breadcrumb":{"@id":"https:\/\/www.libriparlanti.org\/index.php\/prodotto\/21-lezioni-per-il-xxi-secolo\/#breadcrumb"},"inLanguage":"it-IT","potentialAction":[{"@type":"ReadAction","target":["https:\/\/www.libriparlanti.org\/index.php\/prodotto\/21-lezioni-per-il-xxi-secolo\/"]}]},{"@type":"ImageObject","inLanguage":"it-IT","@id":"https:\/\/www.libriparlanti.org\/index.php\/prodotto\/21-lezioni-per-il-xxi-secolo\/#primaryimage","url":"https:\/\/www.libriparlanti.org\/wp-content\/uploads\/2021\/10\/wN4ETM5IzM5gDO4cTO-2.jpg","contentUrl":"https:\/\/www.libriparlanti.org\/wp-content\/uploads\/2021\/10\/wN4ETM5IzM5gDO4cTO-2.jpg","width":305,"height":300},{"@type":"BreadcrumbList","@id":"https:\/\/www.libriparlanti.org\/index.php\/prodotto\/21-lezioni-per-il-xxi-secolo\/#breadcrumb","itemListElement":[{"@type":"ListItem","position":1,"name":"Home","item":"https:\/\/www.libriparlanti.org\/"},{"@type":"ListItem","position":2,"name":"Shop","item":"https:\/\/www.libriparlanti.org\/index.php\/negozio\/"},{"@type":"ListItem","position":3,"name":"21 LEZIONI PER IL XXI SECOLO"}]},{"@type":"WebSite","@id":"https:\/\/www.libriparlanti.org\/#website","url":"https:\/\/www.libriparlanti.org\/","name":"Libreria Libri parlanti","description":"Libreria in Castiglione del Lago (Pg)","potentialAction":[{"@type":"SearchAction","target":{"@type":"EntryPoint","urlTemplate":"https:\/\/www.libriparlanti.org\/?s={search_term_string}"},"query-input":{"@type":"PropertyValueSpecification","valueRequired":true,"valueName":"search_term_string"}}],"inLanguage":"it-IT"}]}},"_links":{"self":[{"href":"https:\/\/www.libriparlanti.org\/index.php\/wp-json\/wp\/v2\/product\/17975","targetHints":{"allow":["GET"]}}],"collection":[{"href":"https:\/\/www.libriparlanti.org\/index.php\/wp-json\/wp\/v2\/product"}],"about":[{"href":"https:\/\/www.libriparlanti.org\/index.php\/wp-json\/wp\/v2\/types\/product"}],"replies":[{"embeddable":true,"href":"https:\/\/www.libriparlanti.org\/index.php\/wp-json\/wp\/v2\/comments?post=17975"}],"wp:featuredmedia":[{"embeddable":true,"href":"https:\/\/www.libriparlanti.org\/index.php\/wp-json\/wp\/v2\/media\/17974"}],"wp:attachment":[{"href":"https:\/\/www.libriparlanti.org\/index.php\/wp-json\/wp\/v2\/media?parent=17975"}],"wp:term":[{"taxonomy":"product_brand","embeddable":true,"href":"https:\/\/www.libriparlanti.org\/index.php\/wp-json\/wp\/v2\/product_brand?post=17975"},{"taxonomy":"product_cat","embeddable":true,"href":"https:\/\/www.libriparlanti.org\/index.php\/wp-json\/wp\/v2\/product_cat?post=17975"},{"taxonomy":"product_tag","embeddable":true,"href":"https:\/\/www.libriparlanti.org\/index.php\/wp-json\/wp\/v2\/product_tag?post=17975"}],"curies":[{"name":"wp","href":"https:\/\/api.w.org\/{rel}","templated":true}]}}