{"id":17645,"date":"2021-10-01T16:00:24","date_gmt":"2021-10-01T14:00:24","guid":{"rendered":"https:\/\/www.libriparlanti.org\/index.php\/prodotto\/volevo-dirti-delle-stelle\/"},"modified":"2022-03-08T10:39:11","modified_gmt":"2022-03-08T08:39:11","slug":"volevo-dirti-delle-stelle","status":"publish","type":"product","link":"https:\/\/www.libriparlanti.org\/index.php\/prodotto\/volevo-dirti-delle-stelle\/","title":{"rendered":"VOLEVO DIRTI DELLE STELLE"},"content":{"rendered":"<p>Dove si trova la forza di reagire quando scopriamo che la persona a cui abbiamo affidato il nostro cuore ci ha traditi? E che in realt\u00e0 ha semplicemente giocato con la nostra vita? Come ci si rialza quando si \u00e8 travolti dalle macerie di un sogno?<br \/>\nClaudia e Matteo erano belli. Quando si sono conosciuti erano studenti universitari. Matteo aveva diciannove anni, era alto, gentile, con gli occhi blu e la faccia da bravo ragazzo. Claudia, di origini spagnole, aveva i capelli ricci, la pelle ambrata e una passione incontenibile per le parole. Insieme inseguivano la stessa rivoluzione: mettere l&#8217;amore al centro della propria vita.<br \/>\nOra, a vent&#8217;anni di distanza, Claudia si chiede se sia stato tutto vero, o solo un&#8217;illusione. Anche Matteo stenta a riconoscersi nel riflesso dello specchio: quello che adesso vede, infatti, \u00e8 un uomo disposto a giocare un gioco pericoloso con Greta, che ha diciannove anni, e tutta la sfrontatezza e la fragilit\u00e0 di una ragazza della sua et\u00e0.<br \/>\nE mentre le loro vite assumeranno, nel giro di pochi mesi, traiettorie che nessuno avrebbe potuto immaginare, Claudia, Greta e Matteo cercheranno di trovare una risposta alla stessa domanda: l&#8217;amore vince sempre, o a volte non pu\u00f2 che rivelarsi un terribile errore?<\/p>\n","protected":false},"excerpt":{"rendered":"<p><em>Autore:<\/em> ROBERTO EMANUELLI<br \/>\n<em>Editore:<\/em> SPERLING &amp; KUPFER<br \/>\n<em>ISBN:<\/em> 9788820072384<\/p>\n","protected":false},"featured_media":17644,"comment_status":"closed","ping_status":"closed","template":"","meta":{"_et_pb_use_builder":"","_et_pb_old_content":"","_et_gb_content_width":"","_joinchat":[]},"product_brand":[],"product_cat":[959],"product_tag":[],"class_list":{"0":"post-17645","1":"product","2":"type-product","3":"status-publish","4":"has-post-thumbnail","6":"product_cat-senza-categoria","8":"first","9":"instock","10":"taxable","11":"shipping-taxable","12":"purchasable","13":"product-type-simple"},"yoast_head":"<!-- This site is optimized with the Yoast SEO plugin v27.3 - https:\/\/yoast.com\/product\/yoast-seo-wordpress\/ -->\n<title>VOLEVO DIRTI DELLE STELLE - Libreria Libri parlanti<\/title>\n<meta name=\"robots\" content=\"index, follow, max-snippet:-1, max-image-preview:large, max-video-preview:-1\" \/>\n<link rel=\"canonical\" href=\"https:\/\/www.libriparlanti.org\/index.php\/prodotto\/volevo-dirti-delle-stelle\/\" \/>\n<meta property=\"og:locale\" content=\"it_IT\" \/>\n<meta property=\"og:type\" content=\"article\" \/>\n<meta property=\"og:title\" content=\"VOLEVO DIRTI DELLE STELLE - Libreria Libri parlanti\" \/>\n<meta property=\"og:description\" content=\"Autore: ROBERTO EMANUELLI Editore: SPERLING &amp; KUPFER ISBN: 9788820072384\" \/>\n<meta property=\"og:url\" content=\"https:\/\/www.libriparlanti.org\/index.php\/prodotto\/volevo-dirti-delle-stelle\/\" \/>\n<meta property=\"og:site_name\" content=\"Libreria Libri parlanti\" \/>\n<meta property=\"article:publisher\" content=\"https:\/\/www.facebook.com\/LibriParlanti\" \/>\n<meta property=\"article:modified_time\" content=\"2022-03-08T08:39:11+00:00\" \/>\n<meta property=\"og:image\" content=\"https:\/\/www.libriparlanti.org\/wp-content\/uploads\/2021\/10\/AN4MjM3ADMygDO4cTO.jpg\" \/>\n\t<meta property=\"og:image:width\" content=\"204\" \/>\n\t<meta property=\"og:image:height\" content=\"300\" \/>\n\t<meta property=\"og:image:type\" content=\"image\/jpeg\" \/>\n<meta name=\"twitter:card\" content=\"summary_large_image\" \/>\n<meta name=\"twitter:label1\" content=\"Tempo di lettura stimato\" \/>\n\t<meta name=\"twitter:data1\" content=\"1 minuto\" \/>\n<script type=\"application\/ld+json\" class=\"yoast-schema-graph\">{\"@context\":\"https:\\\/\\\/schema.org\",\"@graph\":[{\"@type\":\"WebPage\",\"@id\":\"https:\\\/\\\/www.libriparlanti.org\\\/index.php\\\/prodotto\\\/volevo-dirti-delle-stelle\\\/\",\"url\":\"https:\\\/\\\/www.libriparlanti.org\\\/index.php\\\/prodotto\\\/volevo-dirti-delle-stelle\\\/\",\"name\":\"VOLEVO DIRTI DELLE STELLE - Libreria Libri parlanti\",\"isPartOf\":{\"@id\":\"https:\\\/\\\/www.libriparlanti.org\\\/#website\"},\"primaryImageOfPage\":{\"@id\":\"https:\\\/\\\/www.libriparlanti.org\\\/index.php\\\/prodotto\\\/volevo-dirti-delle-stelle\\\/#primaryimage\"},\"image\":{\"@id\":\"https:\\\/\\\/www.libriparlanti.org\\\/index.php\\\/prodotto\\\/volevo-dirti-delle-stelle\\\/#primaryimage\"},\"thumbnailUrl\":\"https:\\\/\\\/www.libriparlanti.org\\\/wp-content\\\/uploads\\\/2021\\\/10\\\/AN4MjM3ADMygDO4cTO.jpg\",\"datePublished\":\"2021-10-01T14:00:24+00:00\",\"dateModified\":\"2022-03-08T08:39:11+00:00\",\"breadcrumb\":{\"@id\":\"https:\\\/\\\/www.libriparlanti.org\\\/index.php\\\/prodotto\\\/volevo-dirti-delle-stelle\\\/#breadcrumb\"},\"inLanguage\":\"it-IT\",\"potentialAction\":[{\"@type\":\"ReadAction\",\"target\":[\"https:\\\/\\\/www.libriparlanti.org\\\/index.php\\\/prodotto\\\/volevo-dirti-delle-stelle\\\/\"]}]},{\"@type\":\"ImageObject\",\"inLanguage\":\"it-IT\",\"@id\":\"https:\\\/\\\/www.libriparlanti.org\\\/index.php\\\/prodotto\\\/volevo-dirti-delle-stelle\\\/#primaryimage\",\"url\":\"https:\\\/\\\/www.libriparlanti.org\\\/wp-content\\\/uploads\\\/2021\\\/10\\\/AN4MjM3ADMygDO4cTO.jpg\",\"contentUrl\":\"https:\\\/\\\/www.libriparlanti.org\\\/wp-content\\\/uploads\\\/2021\\\/10\\\/AN4MjM3ADMygDO4cTO.jpg\",\"width\":204,\"height\":300},{\"@type\":\"BreadcrumbList\",\"@id\":\"https:\\\/\\\/www.libriparlanti.org\\\/index.php\\\/prodotto\\\/volevo-dirti-delle-stelle\\\/#breadcrumb\",\"itemListElement\":[{\"@type\":\"ListItem\",\"position\":1,\"name\":\"Home\",\"item\":\"https:\\\/\\\/www.libriparlanti.org\\\/\"},{\"@type\":\"ListItem\",\"position\":2,\"name\":\"Shop\",\"item\":\"https:\\\/\\\/www.libriparlanti.org\\\/index.php\\\/negozio\\\/\"},{\"@type\":\"ListItem\",\"position\":3,\"name\":\"VOLEVO DIRTI DELLE STELLE\"}]},{\"@type\":\"WebSite\",\"@id\":\"https:\\\/\\\/www.libriparlanti.org\\\/#website\",\"url\":\"https:\\\/\\\/www.libriparlanti.org\\\/\",\"name\":\"Libreria Libri parlanti\",\"description\":\"Libreria in Castiglione del Lago (Pg)\",\"potentialAction\":[{\"@type\":\"SearchAction\",\"target\":{\"@type\":\"EntryPoint\",\"urlTemplate\":\"https:\\\/\\\/www.libriparlanti.org\\\/?s={search_term_string}\"},\"query-input\":{\"@type\":\"PropertyValueSpecification\",\"valueRequired\":true,\"valueName\":\"search_term_string\"}}],\"inLanguage\":\"it-IT\"}]}<\/script>\n<!-- \/ Yoast SEO plugin. -->","yoast_head_json":{"title":"VOLEVO DIRTI DELLE STELLE - Libreria Libri parlanti","robots":{"index":"index","follow":"follow","max-snippet":"max-snippet:-1","max-image-preview":"max-image-preview:large","max-video-preview":"max-video-preview:-1"},"canonical":"https:\/\/www.libriparlanti.org\/index.php\/prodotto\/volevo-dirti-delle-stelle\/","og_locale":"it_IT","og_type":"article","og_title":"VOLEVO DIRTI DELLE STELLE - Libreria Libri parlanti","og_description":"Autore: ROBERTO EMANUELLI Editore: SPERLING &amp; KUPFER ISBN: 9788820072384","og_url":"https:\/\/www.libriparlanti.org\/index.php\/prodotto\/volevo-dirti-delle-stelle\/","og_site_name":"Libreria Libri parlanti","article_publisher":"https:\/\/www.facebook.com\/LibriParlanti","article_modified_time":"2022-03-08T08:39:11+00:00","og_image":[{"width":204,"height":300,"url":"https:\/\/www.libriparlanti.org\/wp-content\/uploads\/2021\/10\/AN4MjM3ADMygDO4cTO.jpg","type":"image\/jpeg"}],"twitter_card":"summary_large_image","twitter_misc":{"Tempo di lettura stimato":"1 minuto"},"schema":{"@context":"https:\/\/schema.org","@graph":[{"@type":"WebPage","@id":"https:\/\/www.libriparlanti.org\/index.php\/prodotto\/volevo-dirti-delle-stelle\/","url":"https:\/\/www.libriparlanti.org\/index.php\/prodotto\/volevo-dirti-delle-stelle\/","name":"VOLEVO DIRTI DELLE STELLE - Libreria Libri parlanti","isPartOf":{"@id":"https:\/\/www.libriparlanti.org\/#website"},"primaryImageOfPage":{"@id":"https:\/\/www.libriparlanti.org\/index.php\/prodotto\/volevo-dirti-delle-stelle\/#primaryimage"},"image":{"@id":"https:\/\/www.libriparlanti.org\/index.php\/prodotto\/volevo-dirti-delle-stelle\/#primaryimage"},"thumbnailUrl":"https:\/\/www.libriparlanti.org\/wp-content\/uploads\/2021\/10\/AN4MjM3ADMygDO4cTO.jpg","datePublished":"2021-10-01T14:00:24+00:00","dateModified":"2022-03-08T08:39:11+00:00","breadcrumb":{"@id":"https:\/\/www.libriparlanti.org\/index.php\/prodotto\/volevo-dirti-delle-stelle\/#breadcrumb"},"inLanguage":"it-IT","potentialAction":[{"@type":"ReadAction","target":["https:\/\/www.libriparlanti.org\/index.php\/prodotto\/volevo-dirti-delle-stelle\/"]}]},{"@type":"ImageObject","inLanguage":"it-IT","@id":"https:\/\/www.libriparlanti.org\/index.php\/prodotto\/volevo-dirti-delle-stelle\/#primaryimage","url":"https:\/\/www.libriparlanti.org\/wp-content\/uploads\/2021\/10\/AN4MjM3ADMygDO4cTO.jpg","contentUrl":"https:\/\/www.libriparlanti.org\/wp-content\/uploads\/2021\/10\/AN4MjM3ADMygDO4cTO.jpg","width":204,"height":300},{"@type":"BreadcrumbList","@id":"https:\/\/www.libriparlanti.org\/index.php\/prodotto\/volevo-dirti-delle-stelle\/#breadcrumb","itemListElement":[{"@type":"ListItem","position":1,"name":"Home","item":"https:\/\/www.libriparlanti.org\/"},{"@type":"ListItem","position":2,"name":"Shop","item":"https:\/\/www.libriparlanti.org\/index.php\/negozio\/"},{"@type":"ListItem","position":3,"name":"VOLEVO DIRTI DELLE STELLE"}]},{"@type":"WebSite","@id":"https:\/\/www.libriparlanti.org\/#website","url":"https:\/\/www.libriparlanti.org\/","name":"Libreria Libri parlanti","description":"Libreria in Castiglione del Lago (Pg)","potentialAction":[{"@type":"SearchAction","target":{"@type":"EntryPoint","urlTemplate":"https:\/\/www.libriparlanti.org\/?s={search_term_string}"},"query-input":{"@type":"PropertyValueSpecification","valueRequired":true,"valueName":"search_term_string"}}],"inLanguage":"it-IT"}]}},"_links":{"self":[{"href":"https:\/\/www.libriparlanti.org\/index.php\/wp-json\/wp\/v2\/product\/17645","targetHints":{"allow":["GET"]}}],"collection":[{"href":"https:\/\/www.libriparlanti.org\/index.php\/wp-json\/wp\/v2\/product"}],"about":[{"href":"https:\/\/www.libriparlanti.org\/index.php\/wp-json\/wp\/v2\/types\/product"}],"replies":[{"embeddable":true,"href":"https:\/\/www.libriparlanti.org\/index.php\/wp-json\/wp\/v2\/comments?post=17645"}],"wp:featuredmedia":[{"embeddable":true,"href":"https:\/\/www.libriparlanti.org\/index.php\/wp-json\/wp\/v2\/media\/17644"}],"wp:attachment":[{"href":"https:\/\/www.libriparlanti.org\/index.php\/wp-json\/wp\/v2\/media?parent=17645"}],"wp:term":[{"taxonomy":"product_brand","embeddable":true,"href":"https:\/\/www.libriparlanti.org\/index.php\/wp-json\/wp\/v2\/product_brand?post=17645"},{"taxonomy":"product_cat","embeddable":true,"href":"https:\/\/www.libriparlanti.org\/index.php\/wp-json\/wp\/v2\/product_cat?post=17645"},{"taxonomy":"product_tag","embeddable":true,"href":"https:\/\/www.libriparlanti.org\/index.php\/wp-json\/wp\/v2\/product_tag?post=17645"}],"curies":[{"name":"wp","href":"https:\/\/api.w.org\/{rel}","templated":true}]}}