{"id":15879,"date":"2021-05-17T12:54:33","date_gmt":"2021-05-17T10:54:33","guid":{"rendered":"https:\/\/www.libriparlanti.org\/index.php\/prodotto\/i-guardiani-del-faro\/"},"modified":"2022-12-23T13:07:20","modified_gmt":"2022-12-23T11:07:20","slug":"i-guardiani-del-faro","status":"publish","type":"product","link":"https:\/\/www.libriparlanti.org\/index.php\/prodotto\/i-guardiani-del-faro\/","title":{"rendered":"I GUARDIANI DEL FARO"},"content":{"rendered":"<p>Cornovaglia, Inghilterra, fine dell&#8217;anno 1972. Una barca approda al faro dello Scoglio della Fanciulla, un isolotto remoto a miglia di distanza dalla costa, per dare il cambio ai custodi. Il primo guardiano Arthur Black, il primo assistente William &#8220;Bill&#8221; Walker e il secondo assistente Vincent Bourne sono svaniti nel nulla. La porta d&#8217;ingresso del faro \u00e8 chiusa dall&#8217;interno. Gli orologi in soggiorno e in cucina sono fermi alle 8,45. La tavola \u00e8 preparata per un pasto che non \u00e8 mai stato consumato. E la torre \u00e8 vuota. Il registro meteorologico del capo dei guardiani descrive una tempesta che infuria intorno all&#8217;isola, ma il cielo \u00e8 stato sereno per tutta la settimana. Cos&#8217;\u00e8 successo ai tre uomini? Il mare agitato sussurra i loro nomi. La marea si muove, annegando i fantasmi. E fuori dalle onde, come un dito di luce, la torre graffiata dal sale si erge solitaria e magnifica. I loro segreti potranno mai essere recuperati dalle onde? Vent&#8217;anni dopo, le donne dei tre guardiani stanno ancora cercando di andare avanti, anche se senza risposte. Helen, Jenny e Michelle avrebbero dovuto essere unite dalla tragedia comune, che invece le ha separate. Fino a quando, un giorno, uno scrittore le contatta: vuole scrivere un libro su quel mistero irrisolto e dare loro la possibilit\u00e0 di raccontare la propria versione della storia.<\/p>\n","protected":false},"excerpt":{"rendered":"<p><em>Autore:<\/em> EMMA STONEX<br \/>\n<em>Editore:<\/em> MONDADORI ARNOLDO VARIA<br \/>\n<em>ISBN:<\/em> 9788804737032<br \/>\n<em>Pubblicazione:<\/em> 11\/05\/2021<\/p>\n","protected":false},"featured_media":15878,"comment_status":"closed","ping_status":"closed","template":"","meta":{"_et_pb_use_builder":"","_et_pb_old_content":"","_et_gb_content_width":"","_joinchat":[]},"product_brand":[],"product_cat":[1736],"product_tag":[],"class_list":{"0":"post-15879","1":"product","2":"type-product","3":"status-publish","4":"has-post-thumbnail","6":"product_cat-narrativa","8":"first","9":"onbackorder","10":"taxable","11":"shipping-taxable","12":"purchasable","13":"product-type-simple"},"yoast_head":"<!-- This site is optimized with the Yoast SEO plugin v27.5 - https:\/\/yoast.com\/product\/yoast-seo-wordpress\/ -->\n<title>I GUARDIANI DEL FARO - Libreria Libri parlanti<\/title>\n<meta name=\"robots\" content=\"index, follow, max-snippet:-1, max-image-preview:large, max-video-preview:-1\" \/>\n<link rel=\"canonical\" href=\"https:\/\/www.libriparlanti.org\/index.php\/prodotto\/i-guardiani-del-faro\/\" \/>\n<meta property=\"og:locale\" content=\"it_IT\" \/>\n<meta property=\"og:type\" content=\"article\" \/>\n<meta property=\"og:title\" content=\"I GUARDIANI DEL FARO - Libreria Libri parlanti\" \/>\n<meta property=\"og:description\" content=\"Autore: EMMA STONEX Editore: MONDADORI ARNOLDO VARIA ISBN: 9788804737032 Pubblicazione: 11\/05\/2021\" \/>\n<meta property=\"og:url\" content=\"https:\/\/www.libriparlanti.org\/index.php\/prodotto\/i-guardiani-del-faro\/\" \/>\n<meta property=\"og:site_name\" content=\"Libreria Libri parlanti\" \/>\n<meta property=\"article:publisher\" content=\"https:\/\/www.facebook.com\/LibriParlanti\" \/>\n<meta property=\"article:modified_time\" content=\"2022-12-23T11:07:20+00:00\" \/>\n<meta property=\"og:image\" content=\"https:\/\/www.libriparlanti.org\/wp-content\/uploads\/2021\/05\/9788804737032.jpg\" \/>\n\t<meta property=\"og:image:width\" content=\"148\" \/>\n\t<meta property=\"og:image:height\" content=\"230\" \/>\n\t<meta property=\"og:image:type\" content=\"image\/jpeg\" \/>\n<meta name=\"twitter:card\" content=\"summary_large_image\" \/>\n<meta name=\"twitter:label1\" content=\"Tempo di lettura stimato\" \/>\n\t<meta name=\"twitter:data1\" content=\"1 minuto\" \/>\n<script type=\"application\/ld+json\" class=\"yoast-schema-graph\">{\"@context\":\"https:\\\/\\\/schema.org\",\"@graph\":[{\"@type\":\"WebPage\",\"@id\":\"https:\\\/\\\/www.libriparlanti.org\\\/index.php\\\/prodotto\\\/i-guardiani-del-faro\\\/\",\"url\":\"https:\\\/\\\/www.libriparlanti.org\\\/index.php\\\/prodotto\\\/i-guardiani-del-faro\\\/\",\"name\":\"I GUARDIANI DEL FARO - Libreria Libri parlanti\",\"isPartOf\":{\"@id\":\"https:\\\/\\\/www.libriparlanti.org\\\/#website\"},\"primaryImageOfPage\":{\"@id\":\"https:\\\/\\\/www.libriparlanti.org\\\/index.php\\\/prodotto\\\/i-guardiani-del-faro\\\/#primaryimage\"},\"image\":{\"@id\":\"https:\\\/\\\/www.libriparlanti.org\\\/index.php\\\/prodotto\\\/i-guardiani-del-faro\\\/#primaryimage\"},\"thumbnailUrl\":\"https:\\\/\\\/www.libriparlanti.org\\\/wp-content\\\/uploads\\\/2021\\\/05\\\/9788804737032.jpg\",\"datePublished\":\"2021-05-17T10:54:33+00:00\",\"dateModified\":\"2022-12-23T11:07:20+00:00\",\"breadcrumb\":{\"@id\":\"https:\\\/\\\/www.libriparlanti.org\\\/index.php\\\/prodotto\\\/i-guardiani-del-faro\\\/#breadcrumb\"},\"inLanguage\":\"it-IT\",\"potentialAction\":[{\"@type\":\"ReadAction\",\"target\":[\"https:\\\/\\\/www.libriparlanti.org\\\/index.php\\\/prodotto\\\/i-guardiani-del-faro\\\/\"]}]},{\"@type\":\"ImageObject\",\"inLanguage\":\"it-IT\",\"@id\":\"https:\\\/\\\/www.libriparlanti.org\\\/index.php\\\/prodotto\\\/i-guardiani-del-faro\\\/#primaryimage\",\"url\":\"https:\\\/\\\/www.libriparlanti.org\\\/wp-content\\\/uploads\\\/2021\\\/05\\\/9788804737032.jpg\",\"contentUrl\":\"https:\\\/\\\/www.libriparlanti.org\\\/wp-content\\\/uploads\\\/2021\\\/05\\\/9788804737032.jpg\",\"width\":148,\"height\":230},{\"@type\":\"BreadcrumbList\",\"@id\":\"https:\\\/\\\/www.libriparlanti.org\\\/index.php\\\/prodotto\\\/i-guardiani-del-faro\\\/#breadcrumb\",\"itemListElement\":[{\"@type\":\"ListItem\",\"position\":1,\"name\":\"Home\",\"item\":\"https:\\\/\\\/www.libriparlanti.org\\\/\"},{\"@type\":\"ListItem\",\"position\":2,\"name\":\"Shop\",\"item\":\"https:\\\/\\\/www.libriparlanti.org\\\/index.php\\\/negozio\\\/\"},{\"@type\":\"ListItem\",\"position\":3,\"name\":\"I GUARDIANI DEL FARO\"}]},{\"@type\":\"WebSite\",\"@id\":\"https:\\\/\\\/www.libriparlanti.org\\\/#website\",\"url\":\"https:\\\/\\\/www.libriparlanti.org\\\/\",\"name\":\"Libreria Libri parlanti\",\"description\":\"Libreria in Castiglione del Lago (Pg)\",\"potentialAction\":[{\"@type\":\"SearchAction\",\"target\":{\"@type\":\"EntryPoint\",\"urlTemplate\":\"https:\\\/\\\/www.libriparlanti.org\\\/?s={search_term_string}\"},\"query-input\":{\"@type\":\"PropertyValueSpecification\",\"valueRequired\":true,\"valueName\":\"search_term_string\"}}],\"inLanguage\":\"it-IT\"}]}<\/script>\n<!-- \/ Yoast SEO plugin. -->","yoast_head_json":{"title":"I GUARDIANI DEL FARO - Libreria Libri parlanti","robots":{"index":"index","follow":"follow","max-snippet":"max-snippet:-1","max-image-preview":"max-image-preview:large","max-video-preview":"max-video-preview:-1"},"canonical":"https:\/\/www.libriparlanti.org\/index.php\/prodotto\/i-guardiani-del-faro\/","og_locale":"it_IT","og_type":"article","og_title":"I GUARDIANI DEL FARO - Libreria Libri parlanti","og_description":"Autore: EMMA STONEX Editore: MONDADORI ARNOLDO VARIA ISBN: 9788804737032 Pubblicazione: 11\/05\/2021","og_url":"https:\/\/www.libriparlanti.org\/index.php\/prodotto\/i-guardiani-del-faro\/","og_site_name":"Libreria Libri parlanti","article_publisher":"https:\/\/www.facebook.com\/LibriParlanti","article_modified_time":"2022-12-23T11:07:20+00:00","og_image":[{"width":148,"height":230,"url":"https:\/\/www.libriparlanti.org\/wp-content\/uploads\/2021\/05\/9788804737032.jpg","type":"image\/jpeg"}],"twitter_card":"summary_large_image","twitter_misc":{"Tempo di lettura stimato":"1 minuto"},"schema":{"@context":"https:\/\/schema.org","@graph":[{"@type":"WebPage","@id":"https:\/\/www.libriparlanti.org\/index.php\/prodotto\/i-guardiani-del-faro\/","url":"https:\/\/www.libriparlanti.org\/index.php\/prodotto\/i-guardiani-del-faro\/","name":"I GUARDIANI DEL FARO - Libreria Libri parlanti","isPartOf":{"@id":"https:\/\/www.libriparlanti.org\/#website"},"primaryImageOfPage":{"@id":"https:\/\/www.libriparlanti.org\/index.php\/prodotto\/i-guardiani-del-faro\/#primaryimage"},"image":{"@id":"https:\/\/www.libriparlanti.org\/index.php\/prodotto\/i-guardiani-del-faro\/#primaryimage"},"thumbnailUrl":"https:\/\/www.libriparlanti.org\/wp-content\/uploads\/2021\/05\/9788804737032.jpg","datePublished":"2021-05-17T10:54:33+00:00","dateModified":"2022-12-23T11:07:20+00:00","breadcrumb":{"@id":"https:\/\/www.libriparlanti.org\/index.php\/prodotto\/i-guardiani-del-faro\/#breadcrumb"},"inLanguage":"it-IT","potentialAction":[{"@type":"ReadAction","target":["https:\/\/www.libriparlanti.org\/index.php\/prodotto\/i-guardiani-del-faro\/"]}]},{"@type":"ImageObject","inLanguage":"it-IT","@id":"https:\/\/www.libriparlanti.org\/index.php\/prodotto\/i-guardiani-del-faro\/#primaryimage","url":"https:\/\/www.libriparlanti.org\/wp-content\/uploads\/2021\/05\/9788804737032.jpg","contentUrl":"https:\/\/www.libriparlanti.org\/wp-content\/uploads\/2021\/05\/9788804737032.jpg","width":148,"height":230},{"@type":"BreadcrumbList","@id":"https:\/\/www.libriparlanti.org\/index.php\/prodotto\/i-guardiani-del-faro\/#breadcrumb","itemListElement":[{"@type":"ListItem","position":1,"name":"Home","item":"https:\/\/www.libriparlanti.org\/"},{"@type":"ListItem","position":2,"name":"Shop","item":"https:\/\/www.libriparlanti.org\/index.php\/negozio\/"},{"@type":"ListItem","position":3,"name":"I GUARDIANI DEL FARO"}]},{"@type":"WebSite","@id":"https:\/\/www.libriparlanti.org\/#website","url":"https:\/\/www.libriparlanti.org\/","name":"Libreria Libri parlanti","description":"Libreria in Castiglione del Lago (Pg)","potentialAction":[{"@type":"SearchAction","target":{"@type":"EntryPoint","urlTemplate":"https:\/\/www.libriparlanti.org\/?s={search_term_string}"},"query-input":{"@type":"PropertyValueSpecification","valueRequired":true,"valueName":"search_term_string"}}],"inLanguage":"it-IT"}]}},"_links":{"self":[{"href":"https:\/\/www.libriparlanti.org\/index.php\/wp-json\/wp\/v2\/product\/15879","targetHints":{"allow":["GET"]}}],"collection":[{"href":"https:\/\/www.libriparlanti.org\/index.php\/wp-json\/wp\/v2\/product"}],"about":[{"href":"https:\/\/www.libriparlanti.org\/index.php\/wp-json\/wp\/v2\/types\/product"}],"replies":[{"embeddable":true,"href":"https:\/\/www.libriparlanti.org\/index.php\/wp-json\/wp\/v2\/comments?post=15879"}],"wp:featuredmedia":[{"embeddable":true,"href":"https:\/\/www.libriparlanti.org\/index.php\/wp-json\/wp\/v2\/media\/15878"}],"wp:attachment":[{"href":"https:\/\/www.libriparlanti.org\/index.php\/wp-json\/wp\/v2\/media?parent=15879"}],"wp:term":[{"taxonomy":"product_brand","embeddable":true,"href":"https:\/\/www.libriparlanti.org\/index.php\/wp-json\/wp\/v2\/product_brand?post=15879"},{"taxonomy":"product_cat","embeddable":true,"href":"https:\/\/www.libriparlanti.org\/index.php\/wp-json\/wp\/v2\/product_cat?post=15879"},{"taxonomy":"product_tag","embeddable":true,"href":"https:\/\/www.libriparlanti.org\/index.php\/wp-json\/wp\/v2\/product_tag?post=15879"}],"curies":[{"name":"wp","href":"https:\/\/api.w.org\/{rel}","templated":true}]}}

<p>Cornovaglia, Inghilterra, fine dell&#8217;anno 1972. Una barca approda al faro dello Scoglio della Fanciulla, un isolotto remoto a miglia di distanza dalla costa, per dare il cambio ai custodi. Il primo guardiano Arthur Black, il primo assistente William &#8220;Bill&#8221; Walker e il secondo assistente Vincent Bourne sono svaniti nel nulla. La porta d&#8217;ingresso del faro è chiusa dall&#8217;interno. Gli orologi in soggiorno e in cucina sono fermi alle 8,45. La tavola è preparata per un pasto che non è mai stato consumato. E la torre è vuota. Il registro meteorologico del capo dei guardiani descrive una tempesta che infuria intorno all&#8217;isola, ma il cielo è stato sereno per tutta la settimana. Cos&#8217;è successo ai tre uomini? Il mare agitato sussurra i loro nomi. La marea si muove, annegando i fantasmi. E fuori dalle onde, come un dito di luce, la torre graffiata dal sale si erge solitaria e magnifica. I loro segreti potranno mai essere recuperati dalle onde? Vent&#8217;anni dopo, le donne dei tre guardiani stanno ancora cercando di andare avanti, anche se senza risposte. Helen, Jenny e Michelle avrebbero dovuto essere unite dalla tragedia comune, che invece le ha separate. Fino a quando, un giorno, uno scrittore le contatta: vuole scrivere un libro su quel mistero irrisolto e dare loro la possibilità di raccontare la propria versione della storia.</p>
