{"id":15406,"date":"2021-04-30T11:42:23","date_gmt":"2021-04-30T09:42:23","guid":{"rendered":"https:\/\/www.libriparlanti.org\/index.php\/prodotto\/il-canto-della-balena-provvisorio\/"},"modified":"2021-07-15T11:43:55","modified_gmt":"2021-07-15T09:43:55","slug":"il-canto-della-balena-provvisorio","status":"publish","type":"product","link":"https:\/\/www.libriparlanti.org\/index.php\/prodotto\/il-canto-della-balena-provvisorio\/","title":{"rendered":"IL CANTO DELLA BALENA (PROVVISORIO)"},"content":{"rendered":"<p>Sin dall&#8217;adolescenza, Agata e Nicole sono amiche inseparabili, quasi sorelle, anche se non potrebbero essere pi\u00f9 diverse. Agata \u00e8 riservata e schiva, con un passato segnato dall&#8217;abbandono; Nicole invece \u00e8 estroversa e vulcanica, determinata a prendersi ci\u00f2 che vuole. Alle soglie dei trent&#8217;anni, entrambe hanno realizzato i propri sogni: quello di Agata porta il nome &#8220;Fili sospesi&#8221;, ed \u00e8 la bottega di filati e lane che ha aperto nella suggestiva piazza del Duomo di Atri; quello di Nicole si chiama Eva, ed \u00e8 la sua figlia adorata. Nell&#8217;incantevole borgo abruzzese incastonato tra il mare e le montagne, i giorni si susseguono luminosi uno dopo l&#8217;altro, fino a quando una mattina irrompe l&#8217;inaspettato: Agata cade, in negozio, e quella che pare una banale frattura al piede si rivela essere qualcosa di molto pi\u00f9 serio. Pu\u00f2 la vita cambiare in un istante, prendendo una nuova direzione in seguito a quella che sembrava una semplice perdita di equilibrio? Per Agata \u00e8 cos\u00ec. Inizia in questo modo la lotta con la malattia, che ruba il corpo, l&#8217;entusiasmo, i sogni, il futuro. Ruba anche l&#8217;amore: la relazione con Davide finisce nel peggiore dei modi, e per Agata sembra non esserci pi\u00f9 felicit\u00e0 possibile. L&#8217;unico punto fermo \u00e8 Nicole, che dopo anni di devozione alla famiglia sta facendo i conti con un matrimonio che forse si \u00e8 spento. E poi c&#8217;\u00e8 Eva, che con i suoi cinque anni porta luce e magia anche dove il buio \u00e8 pi\u00f9 fitto. Mentre il tempo corre rapido, Agata si butta in relazioni di una notte, ma forse il destino ha in serbo per lei un&#8217;ultima occasione per sentire il proprio cuore battere insieme a un altro. Perch\u00e9 la vita ci sorprende, sempre, e ci travolge anche quando tutto sembra perduto. Giorgia Lanzilli ci consegna una commovente storia di tenacia e di un legame cos\u00ec saldo che diventa famiglia, quello capace &#8211; ogni volta che cadiamo e ci sgretoliamo in mille pezzi &#8211; di raccoglierci e farci tornare interi.<\/p>\n","protected":false},"excerpt":{"rendered":"<p><em>Autore:<\/em> GIORGIA LANZILLI<br \/>\n<em>Editore:<\/em> MONDADORI ARNOLDO VARIA<br \/>\n<em>ISBN:<\/em> 9788804736073<\/p>\n","protected":false},"featured_media":15405,"comment_status":"closed","ping_status":"closed","template":"","meta":{"_et_pb_use_builder":"","_et_pb_old_content":"","_et_gb_content_width":"","_joinchat":[]},"product_brand":[],"product_cat":[1736],"product_tag":[],"class_list":{"0":"post-15406","1":"product","2":"type-product","3":"status-publish","4":"has-post-thumbnail","6":"product_cat-narrativa","8":"first","9":"onbackorder","10":"taxable","11":"shipping-taxable","12":"purchasable","13":"product-type-simple"},"yoast_head":"<!-- This site is optimized with the Yoast SEO plugin v27.5 - https:\/\/yoast.com\/product\/yoast-seo-wordpress\/ -->\n<title>IL CANTO DELLA BALENA (PROVVISORIO) - Libreria Libri parlanti<\/title>\n<meta name=\"robots\" content=\"index, follow, max-snippet:-1, max-image-preview:large, max-video-preview:-1\" \/>\n<link rel=\"canonical\" href=\"https:\/\/www.libriparlanti.org\/index.php\/prodotto\/il-canto-della-balena-provvisorio\/\" \/>\n<meta property=\"og:locale\" content=\"it_IT\" \/>\n<meta property=\"og:type\" content=\"article\" \/>\n<meta property=\"og:title\" content=\"IL CANTO DELLA BALENA (PROVVISORIO) - Libreria Libri parlanti\" \/>\n<meta property=\"og:description\" content=\"Autore: GIORGIA LANZILLI Editore: MONDADORI ARNOLDO VARIA ISBN: 9788804736073\" \/>\n<meta property=\"og:url\" content=\"https:\/\/www.libriparlanti.org\/index.php\/prodotto\/il-canto-della-balena-provvisorio\/\" \/>\n<meta property=\"og:site_name\" content=\"Libreria Libri parlanti\" \/>\n<meta property=\"article:publisher\" content=\"https:\/\/www.facebook.com\/LibriParlanti\" \/>\n<meta property=\"article:modified_time\" content=\"2021-07-15T09:43:55+00:00\" \/>\n<meta property=\"og:image\" content=\"https:\/\/www.libriparlanti.org\/wp-content\/uploads\/2021\/04\/9788804736073.jpg\" \/>\n\t<meta property=\"og:image:width\" content=\"128\" \/>\n\t<meta property=\"og:image:height\" content=\"211\" \/>\n\t<meta property=\"og:image:type\" content=\"image\/jpeg\" \/>\n<meta name=\"twitter:card\" content=\"summary_large_image\" \/>\n<meta name=\"twitter:label1\" content=\"Tempo di lettura stimato\" \/>\n\t<meta name=\"twitter:data1\" content=\"2 minuti\" \/>\n<script type=\"application\/ld+json\" class=\"yoast-schema-graph\">{\"@context\":\"https:\\\/\\\/schema.org\",\"@graph\":[{\"@type\":\"WebPage\",\"@id\":\"https:\\\/\\\/www.libriparlanti.org\\\/index.php\\\/prodotto\\\/il-canto-della-balena-provvisorio\\\/\",\"url\":\"https:\\\/\\\/www.libriparlanti.org\\\/index.php\\\/prodotto\\\/il-canto-della-balena-provvisorio\\\/\",\"name\":\"IL CANTO DELLA BALENA (PROVVISORIO) - Libreria Libri parlanti\",\"isPartOf\":{\"@id\":\"https:\\\/\\\/www.libriparlanti.org\\\/#website\"},\"primaryImageOfPage\":{\"@id\":\"https:\\\/\\\/www.libriparlanti.org\\\/index.php\\\/prodotto\\\/il-canto-della-balena-provvisorio\\\/#primaryimage\"},\"image\":{\"@id\":\"https:\\\/\\\/www.libriparlanti.org\\\/index.php\\\/prodotto\\\/il-canto-della-balena-provvisorio\\\/#primaryimage\"},\"thumbnailUrl\":\"https:\\\/\\\/www.libriparlanti.org\\\/wp-content\\\/uploads\\\/2021\\\/04\\\/9788804736073.jpg\",\"datePublished\":\"2021-04-30T09:42:23+00:00\",\"dateModified\":\"2021-07-15T09:43:55+00:00\",\"breadcrumb\":{\"@id\":\"https:\\\/\\\/www.libriparlanti.org\\\/index.php\\\/prodotto\\\/il-canto-della-balena-provvisorio\\\/#breadcrumb\"},\"inLanguage\":\"it-IT\",\"potentialAction\":[{\"@type\":\"ReadAction\",\"target\":[\"https:\\\/\\\/www.libriparlanti.org\\\/index.php\\\/prodotto\\\/il-canto-della-balena-provvisorio\\\/\"]}]},{\"@type\":\"ImageObject\",\"inLanguage\":\"it-IT\",\"@id\":\"https:\\\/\\\/www.libriparlanti.org\\\/index.php\\\/prodotto\\\/il-canto-della-balena-provvisorio\\\/#primaryimage\",\"url\":\"https:\\\/\\\/www.libriparlanti.org\\\/wp-content\\\/uploads\\\/2021\\\/04\\\/9788804736073.jpg\",\"contentUrl\":\"https:\\\/\\\/www.libriparlanti.org\\\/wp-content\\\/uploads\\\/2021\\\/04\\\/9788804736073.jpg\",\"width\":128,\"height\":211},{\"@type\":\"BreadcrumbList\",\"@id\":\"https:\\\/\\\/www.libriparlanti.org\\\/index.php\\\/prodotto\\\/il-canto-della-balena-provvisorio\\\/#breadcrumb\",\"itemListElement\":[{\"@type\":\"ListItem\",\"position\":1,\"name\":\"Home\",\"item\":\"https:\\\/\\\/www.libriparlanti.org\\\/\"},{\"@type\":\"ListItem\",\"position\":2,\"name\":\"Shop\",\"item\":\"https:\\\/\\\/www.libriparlanti.org\\\/index.php\\\/negozio\\\/\"},{\"@type\":\"ListItem\",\"position\":3,\"name\":\"IL CANTO DELLA BALENA (PROVVISORIO)\"}]},{\"@type\":\"WebSite\",\"@id\":\"https:\\\/\\\/www.libriparlanti.org\\\/#website\",\"url\":\"https:\\\/\\\/www.libriparlanti.org\\\/\",\"name\":\"Libreria Libri parlanti\",\"description\":\"Libreria in Castiglione del Lago (Pg)\",\"potentialAction\":[{\"@type\":\"SearchAction\",\"target\":{\"@type\":\"EntryPoint\",\"urlTemplate\":\"https:\\\/\\\/www.libriparlanti.org\\\/?s={search_term_string}\"},\"query-input\":{\"@type\":\"PropertyValueSpecification\",\"valueRequired\":true,\"valueName\":\"search_term_string\"}}],\"inLanguage\":\"it-IT\"}]}<\/script>\n<!-- \/ Yoast SEO plugin. -->","yoast_head_json":{"title":"IL CANTO DELLA BALENA (PROVVISORIO) - Libreria Libri parlanti","robots":{"index":"index","follow":"follow","max-snippet":"max-snippet:-1","max-image-preview":"max-image-preview:large","max-video-preview":"max-video-preview:-1"},"canonical":"https:\/\/www.libriparlanti.org\/index.php\/prodotto\/il-canto-della-balena-provvisorio\/","og_locale":"it_IT","og_type":"article","og_title":"IL CANTO DELLA BALENA (PROVVISORIO) - Libreria Libri parlanti","og_description":"Autore: GIORGIA LANZILLI Editore: MONDADORI ARNOLDO VARIA ISBN: 9788804736073","og_url":"https:\/\/www.libriparlanti.org\/index.php\/prodotto\/il-canto-della-balena-provvisorio\/","og_site_name":"Libreria Libri parlanti","article_publisher":"https:\/\/www.facebook.com\/LibriParlanti","article_modified_time":"2021-07-15T09:43:55+00:00","og_image":[{"width":128,"height":211,"url":"https:\/\/www.libriparlanti.org\/wp-content\/uploads\/2021\/04\/9788804736073.jpg","type":"image\/jpeg"}],"twitter_card":"summary_large_image","twitter_misc":{"Tempo di lettura stimato":"2 minuti"},"schema":{"@context":"https:\/\/schema.org","@graph":[{"@type":"WebPage","@id":"https:\/\/www.libriparlanti.org\/index.php\/prodotto\/il-canto-della-balena-provvisorio\/","url":"https:\/\/www.libriparlanti.org\/index.php\/prodotto\/il-canto-della-balena-provvisorio\/","name":"IL CANTO DELLA BALENA (PROVVISORIO) - Libreria Libri parlanti","isPartOf":{"@id":"https:\/\/www.libriparlanti.org\/#website"},"primaryImageOfPage":{"@id":"https:\/\/www.libriparlanti.org\/index.php\/prodotto\/il-canto-della-balena-provvisorio\/#primaryimage"},"image":{"@id":"https:\/\/www.libriparlanti.org\/index.php\/prodotto\/il-canto-della-balena-provvisorio\/#primaryimage"},"thumbnailUrl":"https:\/\/www.libriparlanti.org\/wp-content\/uploads\/2021\/04\/9788804736073.jpg","datePublished":"2021-04-30T09:42:23+00:00","dateModified":"2021-07-15T09:43:55+00:00","breadcrumb":{"@id":"https:\/\/www.libriparlanti.org\/index.php\/prodotto\/il-canto-della-balena-provvisorio\/#breadcrumb"},"inLanguage":"it-IT","potentialAction":[{"@type":"ReadAction","target":["https:\/\/www.libriparlanti.org\/index.php\/prodotto\/il-canto-della-balena-provvisorio\/"]}]},{"@type":"ImageObject","inLanguage":"it-IT","@id":"https:\/\/www.libriparlanti.org\/index.php\/prodotto\/il-canto-della-balena-provvisorio\/#primaryimage","url":"https:\/\/www.libriparlanti.org\/wp-content\/uploads\/2021\/04\/9788804736073.jpg","contentUrl":"https:\/\/www.libriparlanti.org\/wp-content\/uploads\/2021\/04\/9788804736073.jpg","width":128,"height":211},{"@type":"BreadcrumbList","@id":"https:\/\/www.libriparlanti.org\/index.php\/prodotto\/il-canto-della-balena-provvisorio\/#breadcrumb","itemListElement":[{"@type":"ListItem","position":1,"name":"Home","item":"https:\/\/www.libriparlanti.org\/"},{"@type":"ListItem","position":2,"name":"Shop","item":"https:\/\/www.libriparlanti.org\/index.php\/negozio\/"},{"@type":"ListItem","position":3,"name":"IL CANTO DELLA BALENA (PROVVISORIO)"}]},{"@type":"WebSite","@id":"https:\/\/www.libriparlanti.org\/#website","url":"https:\/\/www.libriparlanti.org\/","name":"Libreria Libri parlanti","description":"Libreria in Castiglione del Lago (Pg)","potentialAction":[{"@type":"SearchAction","target":{"@type":"EntryPoint","urlTemplate":"https:\/\/www.libriparlanti.org\/?s={search_term_string}"},"query-input":{"@type":"PropertyValueSpecification","valueRequired":true,"valueName":"search_term_string"}}],"inLanguage":"it-IT"}]}},"_links":{"self":[{"href":"https:\/\/www.libriparlanti.org\/index.php\/wp-json\/wp\/v2\/product\/15406","targetHints":{"allow":["GET"]}}],"collection":[{"href":"https:\/\/www.libriparlanti.org\/index.php\/wp-json\/wp\/v2\/product"}],"about":[{"href":"https:\/\/www.libriparlanti.org\/index.php\/wp-json\/wp\/v2\/types\/product"}],"replies":[{"embeddable":true,"href":"https:\/\/www.libriparlanti.org\/index.php\/wp-json\/wp\/v2\/comments?post=15406"}],"wp:featuredmedia":[{"embeddable":true,"href":"https:\/\/www.libriparlanti.org\/index.php\/wp-json\/wp\/v2\/media\/15405"}],"wp:attachment":[{"href":"https:\/\/www.libriparlanti.org\/index.php\/wp-json\/wp\/v2\/media?parent=15406"}],"wp:term":[{"taxonomy":"product_brand","embeddable":true,"href":"https:\/\/www.libriparlanti.org\/index.php\/wp-json\/wp\/v2\/product_brand?post=15406"},{"taxonomy":"product_cat","embeddable":true,"href":"https:\/\/www.libriparlanti.org\/index.php\/wp-json\/wp\/v2\/product_cat?post=15406"},{"taxonomy":"product_tag","embeddable":true,"href":"https:\/\/www.libriparlanti.org\/index.php\/wp-json\/wp\/v2\/product_tag?post=15406"}],"curies":[{"name":"wp","href":"https:\/\/api.w.org\/{rel}","templated":true}]}}

<p>Sin dall&#8217;adolescenza, Agata e Nicole sono amiche inseparabili, quasi sorelle, anche se non potrebbero essere più diverse. Agata è riservata e schiva, con un passato segnato dall&#8217;abbandono; Nicole invece è estroversa e vulcanica, determinata a prendersi ciò che vuole. Alle soglie dei trent&#8217;anni, entrambe hanno realizzato i propri sogni: quello di Agata porta il nome &#8220;Fili sospesi&#8221;, ed è la bottega di filati e lane che ha aperto nella suggestiva piazza del Duomo di Atri; quello di Nicole si chiama Eva, ed è la sua figlia adorata. Nell&#8217;incantevole borgo abruzzese incastonato tra il mare e le montagne, i giorni si susseguono luminosi uno dopo l&#8217;altro, fino a quando una mattina irrompe l&#8217;inaspettato: Agata cade, in negozio, e quella che pare una banale frattura al piede si rivela essere qualcosa di molto più serio. Può la vita cambiare in un istante, prendendo una nuova direzione in seguito a quella che sembrava una semplice perdita di equilibrio? Per Agata è così. Inizia in questo modo la lotta con la malattia, che ruba il corpo, l&#8217;entusiasmo, i sogni, il futuro. Ruba anche l&#8217;amore: la relazione con Davide finisce nel peggiore dei modi, e per Agata sembra non esserci più felicità possibile. L&#8217;unico punto fermo è Nicole, che dopo anni di devozione alla famiglia sta facendo i conti con un matrimonio che forse si è spento. E poi c&#8217;è Eva, che con i suoi cinque anni porta luce e magia anche dove il buio è più fitto. Mentre il tempo corre rapido, Agata si butta in relazioni di una notte, ma forse il destino ha in serbo per lei un&#8217;ultima occasione per sentire il proprio cuore battere insieme a un altro. Perché la vita ci sorprende, sempre, e ci travolge anche quando tutto sembra perduto. Giorgia Lanzilli ci consegna una commovente storia di tenacia e di un legame così saldo che diventa famiglia, quello capace &#8211; ogni volta che cadiamo e ci sgretoliamo in mille pezzi &#8211; di raccoglierci e farci tornare interi.</p>
