{"id":15391,"date":"2021-04-29T16:49:09","date_gmt":"2021-04-29T14:49:09","guid":{"rendered":"https:\/\/www.libriparlanti.org\/index.php\/prodotto\/e-verra-un-altro-inverno\/"},"modified":"2021-10-05T10:26:01","modified_gmt":"2021-10-05T08:26:01","slug":"e-verra-un-altro-inverno","status":"publish","type":"product","link":"https:\/\/www.libriparlanti.org\/index.php\/prodotto\/e-verra-un-altro-inverno\/","title":{"rendered":"E VERR\u00c0 UN ALTRO INVERNO"},"content":{"rendered":"<p>Bruno Manera e Federica Pesenti sembrano una coppia felice. Lui \u00e8 un ricco cinquantenne, lei di anni ne ha trentacinque ed \u00e8 l&#8217;erede di una dinastia di imprenditori della ?valle?, operoso distretto del Settentrione dove dominano i maggiorenti, l&#8217;\u00e9lite dei capitani d&#8217;industria che ha costruito l&#8217;ordine del duro lavoro per tanti, del profitto per pochi e delle menzogne per tutti. Su insistenza di Federica, Bruno accetta di trasferirsi in paese, varcando la frontiera invisibile della provincia profonda. Ma quando Manera comincia a subire una serie di gravi atti intimidatori, la situazione precipita. Ad aiutarlo c&#8217;\u00e8 solo Manlio Giavazzi, un vigilante dalla vita sfortunata, convinto che certe faccende vadano risolte tra paesani. Poi il caso gioca un tiro mancino e in una girandola di fulminanti colpi di scena scivoliamo nelle pieghe di un mondo marcio ? il nostro ? in cui l&#8217;amicizia \u00e8 il vincolo di un&#8217;associazione a delinquere, l&#8217;amore una speculazione, il matrimonio un campo di battaglia, la solidariet\u00e0 tra conterranei un patto d&#8217;omert\u00e0 e la famiglia una connection criminale.<\/p>\n","protected":false},"excerpt":{"rendered":"<p><em>Autore:<\/em> MASSIMO CARLOTTO<br \/>\n<em>Editore:<\/em> RIZZOLI<br \/>\n<em>ISBN:<\/em> 9788817156462<br \/>\n<em>Pubblicazione:<\/em> 27\/04\/2021<\/p>\n","protected":false},"featured_media":15390,"comment_status":"closed","ping_status":"closed","template":"","meta":{"_et_pb_use_builder":"","_et_pb_old_content":"","_et_gb_content_width":"","_joinchat":[]},"product_brand":[],"product_cat":[1737],"product_tag":[],"class_list":{"0":"post-15391","1":"product","2":"type-product","3":"status-publish","4":"has-post-thumbnail","6":"product_cat-gialli-thriller","8":"first","9":"onbackorder","10":"taxable","11":"shipping-taxable","12":"purchasable","13":"product-type-simple"},"yoast_head":"<!-- This site is optimized with the Yoast SEO plugin v27.5 - https:\/\/yoast.com\/product\/yoast-seo-wordpress\/ -->\n<title>E VERR\u00c0 UN ALTRO INVERNO - Libreria Libri parlanti<\/title>\n<meta name=\"robots\" content=\"index, follow, max-snippet:-1, max-image-preview:large, max-video-preview:-1\" \/>\n<link rel=\"canonical\" href=\"https:\/\/www.libriparlanti.org\/index.php\/prodotto\/e-verra-un-altro-inverno\/\" \/>\n<meta property=\"og:locale\" content=\"it_IT\" \/>\n<meta property=\"og:type\" content=\"article\" \/>\n<meta property=\"og:title\" content=\"E VERR\u00c0 UN ALTRO INVERNO - Libreria Libri parlanti\" \/>\n<meta property=\"og:description\" content=\"Autore: MASSIMO CARLOTTO Editore: RIZZOLI ISBN: 9788817156462 Pubblicazione: 27\/04\/2021\" \/>\n<meta property=\"og:url\" content=\"https:\/\/www.libriparlanti.org\/index.php\/prodotto\/e-verra-un-altro-inverno\/\" \/>\n<meta property=\"og:site_name\" content=\"Libreria Libri parlanti\" \/>\n<meta property=\"article:publisher\" content=\"https:\/\/www.facebook.com\/LibriParlanti\" \/>\n<meta property=\"article:modified_time\" content=\"2021-10-05T08:26:01+00:00\" \/>\n<meta property=\"og:image\" content=\"https:\/\/www.libriparlanti.org\/wp-content\/uploads\/2021\/04\/gM2QjN1EzNxgDO4cTO.jpg\" \/>\n\t<meta property=\"og:image:width\" content=\"196\" \/>\n\t<meta property=\"og:image:height\" content=\"300\" \/>\n\t<meta property=\"og:image:type\" content=\"image\/jpeg\" \/>\n<meta name=\"twitter:card\" content=\"summary_large_image\" \/>\n<meta name=\"twitter:label1\" content=\"Tempo di lettura stimato\" \/>\n\t<meta name=\"twitter:data1\" content=\"1 minuto\" \/>\n<script type=\"application\/ld+json\" class=\"yoast-schema-graph\">{\"@context\":\"https:\\\/\\\/schema.org\",\"@graph\":[{\"@type\":\"WebPage\",\"@id\":\"https:\\\/\\\/www.libriparlanti.org\\\/index.php\\\/prodotto\\\/e-verra-un-altro-inverno\\\/\",\"url\":\"https:\\\/\\\/www.libriparlanti.org\\\/index.php\\\/prodotto\\\/e-verra-un-altro-inverno\\\/\",\"name\":\"E VERR\u00c0 UN ALTRO INVERNO - Libreria Libri parlanti\",\"isPartOf\":{\"@id\":\"https:\\\/\\\/www.libriparlanti.org\\\/#website\"},\"primaryImageOfPage\":{\"@id\":\"https:\\\/\\\/www.libriparlanti.org\\\/index.php\\\/prodotto\\\/e-verra-un-altro-inverno\\\/#primaryimage\"},\"image\":{\"@id\":\"https:\\\/\\\/www.libriparlanti.org\\\/index.php\\\/prodotto\\\/e-verra-un-altro-inverno\\\/#primaryimage\"},\"thumbnailUrl\":\"https:\\\/\\\/www.libriparlanti.org\\\/wp-content\\\/uploads\\\/2021\\\/04\\\/gM2QjN1EzNxgDO4cTO.jpg\",\"datePublished\":\"2021-04-29T14:49:09+00:00\",\"dateModified\":\"2021-10-05T08:26:01+00:00\",\"breadcrumb\":{\"@id\":\"https:\\\/\\\/www.libriparlanti.org\\\/index.php\\\/prodotto\\\/e-verra-un-altro-inverno\\\/#breadcrumb\"},\"inLanguage\":\"it-IT\",\"potentialAction\":[{\"@type\":\"ReadAction\",\"target\":[\"https:\\\/\\\/www.libriparlanti.org\\\/index.php\\\/prodotto\\\/e-verra-un-altro-inverno\\\/\"]}]},{\"@type\":\"ImageObject\",\"inLanguage\":\"it-IT\",\"@id\":\"https:\\\/\\\/www.libriparlanti.org\\\/index.php\\\/prodotto\\\/e-verra-un-altro-inverno\\\/#primaryimage\",\"url\":\"https:\\\/\\\/www.libriparlanti.org\\\/wp-content\\\/uploads\\\/2021\\\/04\\\/gM2QjN1EzNxgDO4cTO.jpg\",\"contentUrl\":\"https:\\\/\\\/www.libriparlanti.org\\\/wp-content\\\/uploads\\\/2021\\\/04\\\/gM2QjN1EzNxgDO4cTO.jpg\",\"width\":196,\"height\":300},{\"@type\":\"BreadcrumbList\",\"@id\":\"https:\\\/\\\/www.libriparlanti.org\\\/index.php\\\/prodotto\\\/e-verra-un-altro-inverno\\\/#breadcrumb\",\"itemListElement\":[{\"@type\":\"ListItem\",\"position\":1,\"name\":\"Home\",\"item\":\"https:\\\/\\\/www.libriparlanti.org\\\/\"},{\"@type\":\"ListItem\",\"position\":2,\"name\":\"Shop\",\"item\":\"https:\\\/\\\/www.libriparlanti.org\\\/index.php\\\/negozio\\\/\"},{\"@type\":\"ListItem\",\"position\":3,\"name\":\"E VERR\u00c0 UN ALTRO INVERNO\"}]},{\"@type\":\"WebSite\",\"@id\":\"https:\\\/\\\/www.libriparlanti.org\\\/#website\",\"url\":\"https:\\\/\\\/www.libriparlanti.org\\\/\",\"name\":\"Libreria Libri parlanti\",\"description\":\"Libreria in Castiglione del Lago (Pg)\",\"potentialAction\":[{\"@type\":\"SearchAction\",\"target\":{\"@type\":\"EntryPoint\",\"urlTemplate\":\"https:\\\/\\\/www.libriparlanti.org\\\/?s={search_term_string}\"},\"query-input\":{\"@type\":\"PropertyValueSpecification\",\"valueRequired\":true,\"valueName\":\"search_term_string\"}}],\"inLanguage\":\"it-IT\"}]}<\/script>\n<!-- \/ Yoast SEO plugin. -->","yoast_head_json":{"title":"E VERR\u00c0 UN ALTRO INVERNO - Libreria Libri parlanti","robots":{"index":"index","follow":"follow","max-snippet":"max-snippet:-1","max-image-preview":"max-image-preview:large","max-video-preview":"max-video-preview:-1"},"canonical":"https:\/\/www.libriparlanti.org\/index.php\/prodotto\/e-verra-un-altro-inverno\/","og_locale":"it_IT","og_type":"article","og_title":"E VERR\u00c0 UN ALTRO INVERNO - Libreria Libri parlanti","og_description":"Autore: MASSIMO CARLOTTO Editore: RIZZOLI ISBN: 9788817156462 Pubblicazione: 27\/04\/2021","og_url":"https:\/\/www.libriparlanti.org\/index.php\/prodotto\/e-verra-un-altro-inverno\/","og_site_name":"Libreria Libri parlanti","article_publisher":"https:\/\/www.facebook.com\/LibriParlanti","article_modified_time":"2021-10-05T08:26:01+00:00","og_image":[{"width":196,"height":300,"url":"https:\/\/www.libriparlanti.org\/wp-content\/uploads\/2021\/04\/gM2QjN1EzNxgDO4cTO.jpg","type":"image\/jpeg"}],"twitter_card":"summary_large_image","twitter_misc":{"Tempo di lettura stimato":"1 minuto"},"schema":{"@context":"https:\/\/schema.org","@graph":[{"@type":"WebPage","@id":"https:\/\/www.libriparlanti.org\/index.php\/prodotto\/e-verra-un-altro-inverno\/","url":"https:\/\/www.libriparlanti.org\/index.php\/prodotto\/e-verra-un-altro-inverno\/","name":"E VERR\u00c0 UN ALTRO INVERNO - Libreria Libri parlanti","isPartOf":{"@id":"https:\/\/www.libriparlanti.org\/#website"},"primaryImageOfPage":{"@id":"https:\/\/www.libriparlanti.org\/index.php\/prodotto\/e-verra-un-altro-inverno\/#primaryimage"},"image":{"@id":"https:\/\/www.libriparlanti.org\/index.php\/prodotto\/e-verra-un-altro-inverno\/#primaryimage"},"thumbnailUrl":"https:\/\/www.libriparlanti.org\/wp-content\/uploads\/2021\/04\/gM2QjN1EzNxgDO4cTO.jpg","datePublished":"2021-04-29T14:49:09+00:00","dateModified":"2021-10-05T08:26:01+00:00","breadcrumb":{"@id":"https:\/\/www.libriparlanti.org\/index.php\/prodotto\/e-verra-un-altro-inverno\/#breadcrumb"},"inLanguage":"it-IT","potentialAction":[{"@type":"ReadAction","target":["https:\/\/www.libriparlanti.org\/index.php\/prodotto\/e-verra-un-altro-inverno\/"]}]},{"@type":"ImageObject","inLanguage":"it-IT","@id":"https:\/\/www.libriparlanti.org\/index.php\/prodotto\/e-verra-un-altro-inverno\/#primaryimage","url":"https:\/\/www.libriparlanti.org\/wp-content\/uploads\/2021\/04\/gM2QjN1EzNxgDO4cTO.jpg","contentUrl":"https:\/\/www.libriparlanti.org\/wp-content\/uploads\/2021\/04\/gM2QjN1EzNxgDO4cTO.jpg","width":196,"height":300},{"@type":"BreadcrumbList","@id":"https:\/\/www.libriparlanti.org\/index.php\/prodotto\/e-verra-un-altro-inverno\/#breadcrumb","itemListElement":[{"@type":"ListItem","position":1,"name":"Home","item":"https:\/\/www.libriparlanti.org\/"},{"@type":"ListItem","position":2,"name":"Shop","item":"https:\/\/www.libriparlanti.org\/index.php\/negozio\/"},{"@type":"ListItem","position":3,"name":"E VERR\u00c0 UN ALTRO INVERNO"}]},{"@type":"WebSite","@id":"https:\/\/www.libriparlanti.org\/#website","url":"https:\/\/www.libriparlanti.org\/","name":"Libreria Libri parlanti","description":"Libreria in Castiglione del Lago (Pg)","potentialAction":[{"@type":"SearchAction","target":{"@type":"EntryPoint","urlTemplate":"https:\/\/www.libriparlanti.org\/?s={search_term_string}"},"query-input":{"@type":"PropertyValueSpecification","valueRequired":true,"valueName":"search_term_string"}}],"inLanguage":"it-IT"}]}},"_links":{"self":[{"href":"https:\/\/www.libriparlanti.org\/index.php\/wp-json\/wp\/v2\/product\/15391","targetHints":{"allow":["GET"]}}],"collection":[{"href":"https:\/\/www.libriparlanti.org\/index.php\/wp-json\/wp\/v2\/product"}],"about":[{"href":"https:\/\/www.libriparlanti.org\/index.php\/wp-json\/wp\/v2\/types\/product"}],"replies":[{"embeddable":true,"href":"https:\/\/www.libriparlanti.org\/index.php\/wp-json\/wp\/v2\/comments?post=15391"}],"wp:featuredmedia":[{"embeddable":true,"href":"https:\/\/www.libriparlanti.org\/index.php\/wp-json\/wp\/v2\/media\/15390"}],"wp:attachment":[{"href":"https:\/\/www.libriparlanti.org\/index.php\/wp-json\/wp\/v2\/media?parent=15391"}],"wp:term":[{"taxonomy":"product_brand","embeddable":true,"href":"https:\/\/www.libriparlanti.org\/index.php\/wp-json\/wp\/v2\/product_brand?post=15391"},{"taxonomy":"product_cat","embeddable":true,"href":"https:\/\/www.libriparlanti.org\/index.php\/wp-json\/wp\/v2\/product_cat?post=15391"},{"taxonomy":"product_tag","embeddable":true,"href":"https:\/\/www.libriparlanti.org\/index.php\/wp-json\/wp\/v2\/product_tag?post=15391"}],"curies":[{"name":"wp","href":"https:\/\/api.w.org\/{rel}","templated":true}]}}

E VERRÀ UN ALTRO INVERNO

<p>Bruno Manera e Federica Pesenti sembrano una coppia felice. Lui è un ricco cinquantenne, lei di anni ne ha trentacinque ed è l&#8217;erede di una dinastia di imprenditori della ?valle?, operoso distretto del Settentrione dove dominano i maggiorenti, l&#8217;élite dei capitani d&#8217;industria che ha costruito l&#8217;ordine del duro lavoro per tanti, del profitto per pochi e delle menzogne per tutti. Su insistenza di Federica, Bruno accetta di trasferirsi in paese, varcando la frontiera invisibile della provincia profonda. Ma quando Manera comincia a subire una serie di gravi atti intimidatori, la situazione precipita. Ad aiutarlo c&#8217;è solo Manlio Giavazzi, un vigilante dalla vita sfortunata, convinto che certe faccende vadano risolte tra paesani. Poi il caso gioca un tiro mancino e in una girandola di fulminanti colpi di scena scivoliamo nelle pieghe di un mondo marcio ? il nostro ? in cui l&#8217;amicizia è il vincolo di un&#8217;associazione a delinquere, l&#8217;amore una speculazione, il matrimonio un campo di battaglia, la solidarietà tra conterranei un patto d&#8217;omertà e la famiglia una connection criminale.</p>

<!-- This site is optimized with the Yoast SEO plugin v27.5 - https://yoast.com/product/yoast-seo-wordpress/ -->
<title>E VERRÀ UN ALTRO INVERNO - Libreria Libri parlanti</title>
<meta name="robots" content="index, follow, max-snippet:-1, max-image-preview:large, max-video-preview:-1" />
<link rel="canonical" href="https://www.libriparlanti.org/index.php/prodotto/e-verra-un-altro-inverno/" />
<meta property="og:locale" content="it_IT" />
<meta property="og:type" content="article" />
<meta property="og:title" content="E VERRÀ UN ALTRO INVERNO - Libreria Libri parlanti" />
<meta property="og:description" content="Autore: MASSIMO CARLOTTO Editore: RIZZOLI ISBN: 9788817156462 Pubblicazione: 27/04/2021" />
<meta property="og:url" content="https://www.libriparlanti.org/index.php/prodotto/e-verra-un-altro-inverno/" />
<meta property="og:site_name" content="Libreria Libri parlanti" />
<meta property="article:publisher" content="https://www.facebook.com/LibriParlanti" />
<meta property="article:modified_time" content="2021-10-05T08:26:01+00:00" />
<meta property="og:image" content="https://www.libriparlanti.org/wp-content/uploads/2021/04/gM2QjN1EzNxgDO4cTO.jpg" />
	<meta property="og:image:width" content="196" />
	<meta property="og:image:height" content="300" />
	<meta property="og:image:type" content="image/jpeg" />
<meta name="twitter:card" content="summary_large_image" />
<meta name="twitter:label1" content="Tempo di lettura stimato" />
	<meta name="twitter:data1" content="1 minuto" />
<script type="application/ld+json" class="yoast-schema-graph">{"@context":"https:\/\/schema.org","@graph":[{"@type":"WebPage","@id":"https:\/\/www.libriparlanti.org\/index.php\/prodotto\/e-verra-un-altro-inverno\/","url":"https:\/\/www.libriparlanti.org\/index.php\/prodotto\/e-verra-un-altro-inverno\/","name":"E VERRÀ UN ALTRO INVERNO - Libreria Libri parlanti","isPartOf":{"@id":"https:\/\/www.libriparlanti.org\/#website"},"primaryImageOfPage":{"@id":"https:\/\/www.libriparlanti.org\/index.php\/prodotto\/e-verra-un-altro-inverno\/#primaryimage"},"image":{"@id":"https:\/\/www.libriparlanti.org\/index.php\/prodotto\/e-verra-un-altro-inverno\/#primaryimage"},"thumbnailUrl":"https:\/\/www.libriparlanti.org\/wp-content\/uploads\/2021\/04\/gM2QjN1EzNxgDO4cTO.jpg","datePublished":"2021-04-29T14:49:09+00:00","dateModified":"2021-10-05T08:26:01+00:00","breadcrumb":{"@id":"https:\/\/www.libriparlanti.org\/index.php\/prodotto\/e-verra-un-altro-inverno\/#breadcrumb"},"inLanguage":"it-IT","potentialAction":[{"@type":"ReadAction","target":["https:\/\/www.libriparlanti.org\/index.php\/prodotto\/e-verra-un-altro-inverno\/"]}]},{"@type":"ImageObject","inLanguage":"it-IT","@id":"https:\/\/www.libriparlanti.org\/index.php\/prodotto\/e-verra-un-altro-inverno\/#primaryimage","url":"https:\/\/www.libriparlanti.org\/wp-content\/uploads\/2021\/04\/gM2QjN1EzNxgDO4cTO.jpg","contentUrl":"https:\/\/www.libriparlanti.org\/wp-content\/uploads\/2021\/04\/gM2QjN1EzNxgDO4cTO.jpg","width":196,"height":300},{"@type":"BreadcrumbList","@id":"https:\/\/www.libriparlanti.org\/index.php\/prodotto\/e-verra-un-altro-inverno\/#breadcrumb","itemListElement":[{"@type":"ListItem","position":1,"name":"Home","item":"https:\/\/www.libriparlanti.org\/"},{"@type":"ListItem","position":2,"name":"Shop","item":"https:\/\/www.libriparlanti.org\/index.php\/negozio\/"},{"@type":"ListItem","position":3,"name":"E VERRÀ UN ALTRO INVERNO"}]},{"@type":"WebSite","@id":"https:\/\/www.libriparlanti.org\/#website","url":"https:\/\/www.libriparlanti.org\/","name":"Libreria Libri parlanti","description":"Libreria in Castiglione del Lago (Pg)","potentialAction":[{"@type":"SearchAction","target":{"@type":"EntryPoint","urlTemplate":"https:\/\/www.libriparlanti.org\/?s={search_term_string}"},"query-input":{"@type":"PropertyValueSpecification","valueRequired":true,"valueName":"search_term_string"}}],"inLanguage":"it-IT"}]}</script>
<!-- / Yoast SEO plugin. -->

E VERRÀ UN ALTRO INVERNO - Libreria Libri parlanti
