{"id":15292,"date":"2021-04-28T08:32:49","date_gmt":"2021-04-28T06:32:49","guid":{"rendered":"https:\/\/www.libriparlanti.org\/index.php\/prodotto\/il-terzo-tempo\/"},"modified":"2022-01-07T13:17:28","modified_gmt":"2022-01-07T11:17:28","slug":"il-terzo-tempo","status":"publish","type":"product","link":"https:\/\/www.libriparlanti.org\/index.php\/prodotto\/il-terzo-tempo\/","title":{"rendered":"IL TERZO TEMPO"},"content":{"rendered":"<p>Costanza non \u00e8 vecchia per\u00f2 presto lo sar\u00e0. Convinta che il terzo tempo sia da vivere pienamente, senza mai smettere di cercare la felicit\u00e0, ne scrive con spirito battagliero in una rubrica. &#8220;Insegno malinconia positiva. Soffrire da vecchi \u00e8 la regola. Soltanto i vecchi speciali ce la fanno. E i vecchi speciali sono quelli che stanno bene.&#8221; Quando eredita dal padre un austero ex convento a Civita di Bagnoregio si lascia prendere da un progetto vagamente sconsiderato: radunare in quella casa bella e nuda, incastonata in un luogo simbolico che si sfalda lentamente, i compagni con cui giovanissima ha condiviso a Milano la vita e l&#8217;impegno politico, per ricreare una comune, una famiglia larga in cui spartire gli affanni e discutere del futuro perch\u00e9 un futuro c&#8217;\u00e8 sempre, fino alla fine dei giochi. \u00c8 un tentativo di tornare all&#8217;et\u00e0 delle illusioni, &#8220;la leggenda d&#8217;aver ragione che ha nutrito la nostra seconda infanzia&#8221;? Energica, accentratrice, un po&#8217; egoista, Costanza \u00e8 il magnete da cui tutti finiscono per essere catturati: gli amici di un tempo, con i loro dolori, le rivalse, i fallimenti; il compagno di una vita, Dom, che lei ha scelto di allontanare ma che la sorveglia con la tenacia di un&#8217;affettuosa sentinella; il figlio Matteo, che cova da grande distanza un suo carico di pena. Mentre tutti convergono su di lei, Costanza si sente soffocata dall&#8217;enormit\u00e0 del suo disegno. Riuscir\u00e0 a portarlo a compimento? \u00c8 proprio sicura di volerlo? E che cosa succeder\u00e0?<\/p>\n","protected":false},"excerpt":{"rendered":"<p><em>Autore:<\/em> RAVERA LIDIA<br \/>\n<em>Editore:<\/em> BOMPIANI<br \/>\n<em>ISBN:<\/em> 9788830104471<br \/>\n<em>Pubblicazione:<\/em> 24\/06\/2020<\/p>\n","protected":false},"featured_media":15291,"comment_status":"closed","ping_status":"closed","template":"","meta":{"_et_pb_use_builder":"","_et_pb_old_content":"","_et_gb_content_width":"","_joinchat":[]},"product_brand":[],"product_cat":[1736],"product_tag":[],"class_list":{"0":"post-15292","1":"product","2":"type-product","3":"status-publish","4":"has-post-thumbnail","6":"product_cat-narrativa","8":"first","9":"onbackorder","10":"taxable","11":"shipping-taxable","12":"purchasable","13":"product-type-simple"},"yoast_head":"<!-- This site is optimized with the Yoast SEO plugin v27.5 - https:\/\/yoast.com\/product\/yoast-seo-wordpress\/ -->\n<title>IL TERZO TEMPO - Libreria Libri parlanti<\/title>\n<meta name=\"robots\" content=\"index, follow, max-snippet:-1, max-image-preview:large, max-video-preview:-1\" \/>\n<link rel=\"canonical\" href=\"https:\/\/www.libriparlanti.org\/index.php\/prodotto\/il-terzo-tempo\/\" \/>\n<meta property=\"og:locale\" content=\"it_IT\" \/>\n<meta property=\"og:type\" content=\"article\" \/>\n<meta property=\"og:title\" content=\"IL TERZO TEMPO - Libreria Libri parlanti\" \/>\n<meta property=\"og:description\" content=\"Autore: RAVERA LIDIA Editore: BOMPIANI ISBN: 9788830104471 Pubblicazione: 24\/06\/2020\" \/>\n<meta property=\"og:url\" content=\"https:\/\/www.libriparlanti.org\/index.php\/prodotto\/il-terzo-tempo\/\" \/>\n<meta property=\"og:site_name\" content=\"Libreria Libri parlanti\" \/>\n<meta property=\"article:publisher\" content=\"https:\/\/www.facebook.com\/LibriParlanti\" \/>\n<meta property=\"article:modified_time\" content=\"2022-01-07T11:17:28+00:00\" \/>\n<meta property=\"og:image\" content=\"https:\/\/www.libriparlanti.org\/wp-content\/uploads\/2021\/04\/QM3QDNwEDMzgDO4cTO.jpg\" \/>\n\t<meta property=\"og:image:width\" content=\"196\" \/>\n\t<meta property=\"og:image:height\" content=\"300\" \/>\n\t<meta property=\"og:image:type\" content=\"image\/jpeg\" \/>\n<meta name=\"twitter:card\" content=\"summary_large_image\" \/>\n<meta name=\"twitter:label1\" content=\"Tempo di lettura stimato\" \/>\n\t<meta name=\"twitter:data1\" content=\"1 minuto\" \/>\n<script type=\"application\/ld+json\" class=\"yoast-schema-graph\">{\"@context\":\"https:\\\/\\\/schema.org\",\"@graph\":[{\"@type\":\"WebPage\",\"@id\":\"https:\\\/\\\/www.libriparlanti.org\\\/index.php\\\/prodotto\\\/il-terzo-tempo\\\/\",\"url\":\"https:\\\/\\\/www.libriparlanti.org\\\/index.php\\\/prodotto\\\/il-terzo-tempo\\\/\",\"name\":\"IL TERZO TEMPO - Libreria Libri parlanti\",\"isPartOf\":{\"@id\":\"https:\\\/\\\/www.libriparlanti.org\\\/#website\"},\"primaryImageOfPage\":{\"@id\":\"https:\\\/\\\/www.libriparlanti.org\\\/index.php\\\/prodotto\\\/il-terzo-tempo\\\/#primaryimage\"},\"image\":{\"@id\":\"https:\\\/\\\/www.libriparlanti.org\\\/index.php\\\/prodotto\\\/il-terzo-tempo\\\/#primaryimage\"},\"thumbnailUrl\":\"https:\\\/\\\/www.libriparlanti.org\\\/wp-content\\\/uploads\\\/2021\\\/04\\\/QM3QDNwEDMzgDO4cTO.jpg\",\"datePublished\":\"2021-04-28T06:32:49+00:00\",\"dateModified\":\"2022-01-07T11:17:28+00:00\",\"breadcrumb\":{\"@id\":\"https:\\\/\\\/www.libriparlanti.org\\\/index.php\\\/prodotto\\\/il-terzo-tempo\\\/#breadcrumb\"},\"inLanguage\":\"it-IT\",\"potentialAction\":[{\"@type\":\"ReadAction\",\"target\":[\"https:\\\/\\\/www.libriparlanti.org\\\/index.php\\\/prodotto\\\/il-terzo-tempo\\\/\"]}]},{\"@type\":\"ImageObject\",\"inLanguage\":\"it-IT\",\"@id\":\"https:\\\/\\\/www.libriparlanti.org\\\/index.php\\\/prodotto\\\/il-terzo-tempo\\\/#primaryimage\",\"url\":\"https:\\\/\\\/www.libriparlanti.org\\\/wp-content\\\/uploads\\\/2021\\\/04\\\/QM3QDNwEDMzgDO4cTO.jpg\",\"contentUrl\":\"https:\\\/\\\/www.libriparlanti.org\\\/wp-content\\\/uploads\\\/2021\\\/04\\\/QM3QDNwEDMzgDO4cTO.jpg\",\"width\":196,\"height\":300},{\"@type\":\"BreadcrumbList\",\"@id\":\"https:\\\/\\\/www.libriparlanti.org\\\/index.php\\\/prodotto\\\/il-terzo-tempo\\\/#breadcrumb\",\"itemListElement\":[{\"@type\":\"ListItem\",\"position\":1,\"name\":\"Home\",\"item\":\"https:\\\/\\\/www.libriparlanti.org\\\/\"},{\"@type\":\"ListItem\",\"position\":2,\"name\":\"Shop\",\"item\":\"https:\\\/\\\/www.libriparlanti.org\\\/index.php\\\/negozio\\\/\"},{\"@type\":\"ListItem\",\"position\":3,\"name\":\"IL TERZO TEMPO\"}]},{\"@type\":\"WebSite\",\"@id\":\"https:\\\/\\\/www.libriparlanti.org\\\/#website\",\"url\":\"https:\\\/\\\/www.libriparlanti.org\\\/\",\"name\":\"Libreria Libri parlanti\",\"description\":\"Libreria in Castiglione del Lago (Pg)\",\"potentialAction\":[{\"@type\":\"SearchAction\",\"target\":{\"@type\":\"EntryPoint\",\"urlTemplate\":\"https:\\\/\\\/www.libriparlanti.org\\\/?s={search_term_string}\"},\"query-input\":{\"@type\":\"PropertyValueSpecification\",\"valueRequired\":true,\"valueName\":\"search_term_string\"}}],\"inLanguage\":\"it-IT\"}]}<\/script>\n<!-- \/ Yoast SEO plugin. -->","yoast_head_json":{"title":"IL TERZO TEMPO - Libreria Libri parlanti","robots":{"index":"index","follow":"follow","max-snippet":"max-snippet:-1","max-image-preview":"max-image-preview:large","max-video-preview":"max-video-preview:-1"},"canonical":"https:\/\/www.libriparlanti.org\/index.php\/prodotto\/il-terzo-tempo\/","og_locale":"it_IT","og_type":"article","og_title":"IL TERZO TEMPO - Libreria Libri parlanti","og_description":"Autore: RAVERA LIDIA Editore: BOMPIANI ISBN: 9788830104471 Pubblicazione: 24\/06\/2020","og_url":"https:\/\/www.libriparlanti.org\/index.php\/prodotto\/il-terzo-tempo\/","og_site_name":"Libreria Libri parlanti","article_publisher":"https:\/\/www.facebook.com\/LibriParlanti","article_modified_time":"2022-01-07T11:17:28+00:00","og_image":[{"width":196,"height":300,"url":"https:\/\/www.libriparlanti.org\/wp-content\/uploads\/2021\/04\/QM3QDNwEDMzgDO4cTO.jpg","type":"image\/jpeg"}],"twitter_card":"summary_large_image","twitter_misc":{"Tempo di lettura stimato":"1 minuto"},"schema":{"@context":"https:\/\/schema.org","@graph":[{"@type":"WebPage","@id":"https:\/\/www.libriparlanti.org\/index.php\/prodotto\/il-terzo-tempo\/","url":"https:\/\/www.libriparlanti.org\/index.php\/prodotto\/il-terzo-tempo\/","name":"IL TERZO TEMPO - Libreria Libri parlanti","isPartOf":{"@id":"https:\/\/www.libriparlanti.org\/#website"},"primaryImageOfPage":{"@id":"https:\/\/www.libriparlanti.org\/index.php\/prodotto\/il-terzo-tempo\/#primaryimage"},"image":{"@id":"https:\/\/www.libriparlanti.org\/index.php\/prodotto\/il-terzo-tempo\/#primaryimage"},"thumbnailUrl":"https:\/\/www.libriparlanti.org\/wp-content\/uploads\/2021\/04\/QM3QDNwEDMzgDO4cTO.jpg","datePublished":"2021-04-28T06:32:49+00:00","dateModified":"2022-01-07T11:17:28+00:00","breadcrumb":{"@id":"https:\/\/www.libriparlanti.org\/index.php\/prodotto\/il-terzo-tempo\/#breadcrumb"},"inLanguage":"it-IT","potentialAction":[{"@type":"ReadAction","target":["https:\/\/www.libriparlanti.org\/index.php\/prodotto\/il-terzo-tempo\/"]}]},{"@type":"ImageObject","inLanguage":"it-IT","@id":"https:\/\/www.libriparlanti.org\/index.php\/prodotto\/il-terzo-tempo\/#primaryimage","url":"https:\/\/www.libriparlanti.org\/wp-content\/uploads\/2021\/04\/QM3QDNwEDMzgDO4cTO.jpg","contentUrl":"https:\/\/www.libriparlanti.org\/wp-content\/uploads\/2021\/04\/QM3QDNwEDMzgDO4cTO.jpg","width":196,"height":300},{"@type":"BreadcrumbList","@id":"https:\/\/www.libriparlanti.org\/index.php\/prodotto\/il-terzo-tempo\/#breadcrumb","itemListElement":[{"@type":"ListItem","position":1,"name":"Home","item":"https:\/\/www.libriparlanti.org\/"},{"@type":"ListItem","position":2,"name":"Shop","item":"https:\/\/www.libriparlanti.org\/index.php\/negozio\/"},{"@type":"ListItem","position":3,"name":"IL TERZO TEMPO"}]},{"@type":"WebSite","@id":"https:\/\/www.libriparlanti.org\/#website","url":"https:\/\/www.libriparlanti.org\/","name":"Libreria Libri parlanti","description":"Libreria in Castiglione del Lago (Pg)","potentialAction":[{"@type":"SearchAction","target":{"@type":"EntryPoint","urlTemplate":"https:\/\/www.libriparlanti.org\/?s={search_term_string}"},"query-input":{"@type":"PropertyValueSpecification","valueRequired":true,"valueName":"search_term_string"}}],"inLanguage":"it-IT"}]}},"_links":{"self":[{"href":"https:\/\/www.libriparlanti.org\/index.php\/wp-json\/wp\/v2\/product\/15292","targetHints":{"allow":["GET"]}}],"collection":[{"href":"https:\/\/www.libriparlanti.org\/index.php\/wp-json\/wp\/v2\/product"}],"about":[{"href":"https:\/\/www.libriparlanti.org\/index.php\/wp-json\/wp\/v2\/types\/product"}],"replies":[{"embeddable":true,"href":"https:\/\/www.libriparlanti.org\/index.php\/wp-json\/wp\/v2\/comments?post=15292"}],"wp:featuredmedia":[{"embeddable":true,"href":"https:\/\/www.libriparlanti.org\/index.php\/wp-json\/wp\/v2\/media\/15291"}],"wp:attachment":[{"href":"https:\/\/www.libriparlanti.org\/index.php\/wp-json\/wp\/v2\/media?parent=15292"}],"wp:term":[{"taxonomy":"product_brand","embeddable":true,"href":"https:\/\/www.libriparlanti.org\/index.php\/wp-json\/wp\/v2\/product_brand?post=15292"},{"taxonomy":"product_cat","embeddable":true,"href":"https:\/\/www.libriparlanti.org\/index.php\/wp-json\/wp\/v2\/product_cat?post=15292"},{"taxonomy":"product_tag","embeddable":true,"href":"https:\/\/www.libriparlanti.org\/index.php\/wp-json\/wp\/v2\/product_tag?post=15292"}],"curies":[{"name":"wp","href":"https:\/\/api.w.org\/{rel}","templated":true}]}}

<p>Costanza non è vecchia però presto lo sarà. Convinta che il terzo tempo sia da vivere pienamente, senza mai smettere di cercare la felicità, ne scrive con spirito battagliero in una rubrica. &#8220;Insegno malinconia positiva. Soffrire da vecchi è la regola. Soltanto i vecchi speciali ce la fanno. E i vecchi speciali sono quelli che stanno bene.&#8221; Quando eredita dal padre un austero ex convento a Civita di Bagnoregio si lascia prendere da un progetto vagamente sconsiderato: radunare in quella casa bella e nuda, incastonata in un luogo simbolico che si sfalda lentamente, i compagni con cui giovanissima ha condiviso a Milano la vita e l&#8217;impegno politico, per ricreare una comune, una famiglia larga in cui spartire gli affanni e discutere del futuro perché un futuro c&#8217;è sempre, fino alla fine dei giochi. È un tentativo di tornare all&#8217;età delle illusioni, &#8220;la leggenda d&#8217;aver ragione che ha nutrito la nostra seconda infanzia&#8221;? Energica, accentratrice, un po&#8217; egoista, Costanza è il magnete da cui tutti finiscono per essere catturati: gli amici di un tempo, con i loro dolori, le rivalse, i fallimenti; il compagno di una vita, Dom, che lei ha scelto di allontanare ma che la sorveglia con la tenacia di un&#8217;affettuosa sentinella; il figlio Matteo, che cova da grande distanza un suo carico di pena. Mentre tutti convergono su di lei, Costanza si sente soffocata dall&#8217;enormità del suo disegno. Riuscirà a portarlo a compimento? È proprio sicura di volerlo? E che cosa succederà?</p>
