{"id":14376,"date":"2021-03-25T13:09:22","date_gmt":"2021-03-25T11:09:22","guid":{"rendered":"https:\/\/www.libriparlanti.org\/index.php\/prodotto\/un-te-a-chaverton-house\/"},"modified":"2021-12-03T18:10:33","modified_gmt":"2021-12-03T16:10:33","slug":"un-te-a-chaverton-house","status":"publish","type":"product","link":"https:\/\/www.libriparlanti.org\/index.php\/prodotto\/un-te-a-chaverton-house\/","title":{"rendered":"UN T\u00c8 A CHAVERTON HOUSE"},"content":{"rendered":"<p>&#8220;Mi chiamo Angelica e questa \u00e8 la lista delle cose che avevo immaginato per me: un fidanzato fedele, un bel terrazzino, genitori senza grandi aspettative. Peccato che nessuna si sia avverata. Ecco invece la lista delle cose che sono accadute: lasciare tutto, partire per l&#8217;Inghilterra e ritrovarmi con un lavoro inaspettato. Cos\u00ec sono arrivata a Chaverton House, un&#8217;antica dimora del Dorset. Questo viaggio doveva essere solo una visita veloce per indagare su una vecchia storia di famiglia, e invece si \u00e8 rivelato molto di pi\u00f9. Ora zittire la vocina che lega la scelta di restare ad Alessandro, lo sfuggente manager della tenuta, non \u00e8 facile. Ma devo provarci. Lui ha altro per la testa e anche io. Per esempio prepararmi per fare da guida ai turisti. Anche se ho scoperto che i libri non bastano, ma mi tocca imparare a memoria i particolari di una serie tv ambientata a Chaverton. La gente vuole solo riconoscere ogni angolo di ogni scena cult. Io invece preferisco servizi da t\u00e8, pareti dai motivi floreali e soprattutto la biblioteca, che custodisce le prime edizioni di Jane Austen e Emily Bront\u00eb. \u00c8 come immergermi nei romanzi che amo. E questo non ha prezzo. O forse uno lo ha e neanche troppo basso: incontrare Alessandro \u00e8 ormai la norma. E io subisco sempre di pi\u00f9 il fascino della sua aria da nobilt\u00e0 offesa. Forse la decisione di restare non \u00e8 cos\u00ec giusta, perch\u00e9 io so bene che quello che non si dovrebbe fare \u00e8 quello che si desidera di pi\u00f9. Quello che non so \u00e8 se seguire la testa o il cuore.<\/p>\n","protected":false},"excerpt":{"rendered":"<p><em>Autore:<\/em> ALESSIA GAZZOLA<br \/>\n<em>Editore:<\/em> GARZANTI<br \/>\n<em>ISBN:<\/em> 9788811817925<br \/>\n<em>Pubblicazione:<\/em> 15\/03\/2021<\/p>\n","protected":false},"featured_media":14375,"comment_status":"closed","ping_status":"closed","template":"","meta":{"_et_pb_use_builder":"","_et_pb_old_content":"","_et_gb_content_width":"","_joinchat":[]},"product_brand":[],"product_cat":[1736],"product_tag":[],"class_list":{"0":"post-14376","1":"product","2":"type-product","3":"status-publish","4":"has-post-thumbnail","6":"product_cat-narrativa","8":"first","9":"instock","10":"taxable","11":"shipping-taxable","12":"purchasable","13":"product-type-simple"},"yoast_head":"<!-- This site is optimized with the Yoast SEO plugin v27.5 - https:\/\/yoast.com\/product\/yoast-seo-wordpress\/ -->\n<title>UN T\u00c8 A CHAVERTON HOUSE - Libreria Libri parlanti<\/title>\n<meta name=\"robots\" content=\"index, follow, max-snippet:-1, max-image-preview:large, max-video-preview:-1\" \/>\n<link rel=\"canonical\" href=\"https:\/\/www.libriparlanti.org\/index.php\/prodotto\/un-te-a-chaverton-house\/\" \/>\n<meta property=\"og:locale\" content=\"it_IT\" \/>\n<meta property=\"og:type\" content=\"article\" \/>\n<meta property=\"og:title\" content=\"UN T\u00c8 A CHAVERTON HOUSE - Libreria Libri parlanti\" \/>\n<meta property=\"og:description\" content=\"Autore: ALESSIA GAZZOLA Editore: GARZANTI ISBN: 9788811817925 Pubblicazione: 15\/03\/2021\" \/>\n<meta property=\"og:url\" content=\"https:\/\/www.libriparlanti.org\/index.php\/prodotto\/un-te-a-chaverton-house\/\" \/>\n<meta property=\"og:site_name\" content=\"Libreria Libri parlanti\" \/>\n<meta property=\"article:publisher\" content=\"https:\/\/www.facebook.com\/LibriParlanti\" \/>\n<meta property=\"article:modified_time\" content=\"2021-12-03T16:10:33+00:00\" \/>\n<meta property=\"og:image\" content=\"https:\/\/www.libriparlanti.org\/wp-content\/uploads\/2021\/03\/QNykzNxgTMxgDO4cTO.jpg\" \/>\n\t<meta property=\"og:image:width\" content=\"201\" \/>\n\t<meta property=\"og:image:height\" content=\"300\" \/>\n\t<meta property=\"og:image:type\" content=\"image\/jpeg\" \/>\n<meta name=\"twitter:card\" content=\"summary_large_image\" \/>\n<meta name=\"twitter:label1\" content=\"Tempo di lettura stimato\" \/>\n\t<meta name=\"twitter:data1\" content=\"1 minuto\" \/>\n<script type=\"application\/ld+json\" class=\"yoast-schema-graph\">{\"@context\":\"https:\\\/\\\/schema.org\",\"@graph\":[{\"@type\":\"WebPage\",\"@id\":\"https:\\\/\\\/www.libriparlanti.org\\\/index.php\\\/prodotto\\\/un-te-a-chaverton-house\\\/\",\"url\":\"https:\\\/\\\/www.libriparlanti.org\\\/index.php\\\/prodotto\\\/un-te-a-chaverton-house\\\/\",\"name\":\"UN T\u00c8 A CHAVERTON HOUSE - Libreria Libri parlanti\",\"isPartOf\":{\"@id\":\"https:\\\/\\\/www.libriparlanti.org\\\/#website\"},\"primaryImageOfPage\":{\"@id\":\"https:\\\/\\\/www.libriparlanti.org\\\/index.php\\\/prodotto\\\/un-te-a-chaverton-house\\\/#primaryimage\"},\"image\":{\"@id\":\"https:\\\/\\\/www.libriparlanti.org\\\/index.php\\\/prodotto\\\/un-te-a-chaverton-house\\\/#primaryimage\"},\"thumbnailUrl\":\"https:\\\/\\\/www.libriparlanti.org\\\/wp-content\\\/uploads\\\/2021\\\/03\\\/QNykzNxgTMxgDO4cTO.jpg\",\"datePublished\":\"2021-03-25T11:09:22+00:00\",\"dateModified\":\"2021-12-03T16:10:33+00:00\",\"breadcrumb\":{\"@id\":\"https:\\\/\\\/www.libriparlanti.org\\\/index.php\\\/prodotto\\\/un-te-a-chaverton-house\\\/#breadcrumb\"},\"inLanguage\":\"it-IT\",\"potentialAction\":[{\"@type\":\"ReadAction\",\"target\":[\"https:\\\/\\\/www.libriparlanti.org\\\/index.php\\\/prodotto\\\/un-te-a-chaverton-house\\\/\"]}]},{\"@type\":\"ImageObject\",\"inLanguage\":\"it-IT\",\"@id\":\"https:\\\/\\\/www.libriparlanti.org\\\/index.php\\\/prodotto\\\/un-te-a-chaverton-house\\\/#primaryimage\",\"url\":\"https:\\\/\\\/www.libriparlanti.org\\\/wp-content\\\/uploads\\\/2021\\\/03\\\/QNykzNxgTMxgDO4cTO.jpg\",\"contentUrl\":\"https:\\\/\\\/www.libriparlanti.org\\\/wp-content\\\/uploads\\\/2021\\\/03\\\/QNykzNxgTMxgDO4cTO.jpg\",\"width\":201,\"height\":300},{\"@type\":\"BreadcrumbList\",\"@id\":\"https:\\\/\\\/www.libriparlanti.org\\\/index.php\\\/prodotto\\\/un-te-a-chaverton-house\\\/#breadcrumb\",\"itemListElement\":[{\"@type\":\"ListItem\",\"position\":1,\"name\":\"Home\",\"item\":\"https:\\\/\\\/www.libriparlanti.org\\\/\"},{\"@type\":\"ListItem\",\"position\":2,\"name\":\"Shop\",\"item\":\"https:\\\/\\\/www.libriparlanti.org\\\/index.php\\\/negozio\\\/\"},{\"@type\":\"ListItem\",\"position\":3,\"name\":\"UN T\u00c8 A CHAVERTON HOUSE\"}]},{\"@type\":\"WebSite\",\"@id\":\"https:\\\/\\\/www.libriparlanti.org\\\/#website\",\"url\":\"https:\\\/\\\/www.libriparlanti.org\\\/\",\"name\":\"Libreria Libri parlanti\",\"description\":\"Libreria in Castiglione del Lago (Pg)\",\"potentialAction\":[{\"@type\":\"SearchAction\",\"target\":{\"@type\":\"EntryPoint\",\"urlTemplate\":\"https:\\\/\\\/www.libriparlanti.org\\\/?s={search_term_string}\"},\"query-input\":{\"@type\":\"PropertyValueSpecification\",\"valueRequired\":true,\"valueName\":\"search_term_string\"}}],\"inLanguage\":\"it-IT\"}]}<\/script>\n<!-- \/ Yoast SEO plugin. -->","yoast_head_json":{"title":"UN T\u00c8 A CHAVERTON HOUSE - Libreria Libri parlanti","robots":{"index":"index","follow":"follow","max-snippet":"max-snippet:-1","max-image-preview":"max-image-preview:large","max-video-preview":"max-video-preview:-1"},"canonical":"https:\/\/www.libriparlanti.org\/index.php\/prodotto\/un-te-a-chaverton-house\/","og_locale":"it_IT","og_type":"article","og_title":"UN T\u00c8 A CHAVERTON HOUSE - Libreria Libri parlanti","og_description":"Autore: ALESSIA GAZZOLA Editore: GARZANTI ISBN: 9788811817925 Pubblicazione: 15\/03\/2021","og_url":"https:\/\/www.libriparlanti.org\/index.php\/prodotto\/un-te-a-chaverton-house\/","og_site_name":"Libreria Libri parlanti","article_publisher":"https:\/\/www.facebook.com\/LibriParlanti","article_modified_time":"2021-12-03T16:10:33+00:00","og_image":[{"width":201,"height":300,"url":"https:\/\/www.libriparlanti.org\/wp-content\/uploads\/2021\/03\/QNykzNxgTMxgDO4cTO.jpg","type":"image\/jpeg"}],"twitter_card":"summary_large_image","twitter_misc":{"Tempo di lettura stimato":"1 minuto"},"schema":{"@context":"https:\/\/schema.org","@graph":[{"@type":"WebPage","@id":"https:\/\/www.libriparlanti.org\/index.php\/prodotto\/un-te-a-chaverton-house\/","url":"https:\/\/www.libriparlanti.org\/index.php\/prodotto\/un-te-a-chaverton-house\/","name":"UN T\u00c8 A CHAVERTON HOUSE - Libreria Libri parlanti","isPartOf":{"@id":"https:\/\/www.libriparlanti.org\/#website"},"primaryImageOfPage":{"@id":"https:\/\/www.libriparlanti.org\/index.php\/prodotto\/un-te-a-chaverton-house\/#primaryimage"},"image":{"@id":"https:\/\/www.libriparlanti.org\/index.php\/prodotto\/un-te-a-chaverton-house\/#primaryimage"},"thumbnailUrl":"https:\/\/www.libriparlanti.org\/wp-content\/uploads\/2021\/03\/QNykzNxgTMxgDO4cTO.jpg","datePublished":"2021-03-25T11:09:22+00:00","dateModified":"2021-12-03T16:10:33+00:00","breadcrumb":{"@id":"https:\/\/www.libriparlanti.org\/index.php\/prodotto\/un-te-a-chaverton-house\/#breadcrumb"},"inLanguage":"it-IT","potentialAction":[{"@type":"ReadAction","target":["https:\/\/www.libriparlanti.org\/index.php\/prodotto\/un-te-a-chaverton-house\/"]}]},{"@type":"ImageObject","inLanguage":"it-IT","@id":"https:\/\/www.libriparlanti.org\/index.php\/prodotto\/un-te-a-chaverton-house\/#primaryimage","url":"https:\/\/www.libriparlanti.org\/wp-content\/uploads\/2021\/03\/QNykzNxgTMxgDO4cTO.jpg","contentUrl":"https:\/\/www.libriparlanti.org\/wp-content\/uploads\/2021\/03\/QNykzNxgTMxgDO4cTO.jpg","width":201,"height":300},{"@type":"BreadcrumbList","@id":"https:\/\/www.libriparlanti.org\/index.php\/prodotto\/un-te-a-chaverton-house\/#breadcrumb","itemListElement":[{"@type":"ListItem","position":1,"name":"Home","item":"https:\/\/www.libriparlanti.org\/"},{"@type":"ListItem","position":2,"name":"Shop","item":"https:\/\/www.libriparlanti.org\/index.php\/negozio\/"},{"@type":"ListItem","position":3,"name":"UN T\u00c8 A CHAVERTON HOUSE"}]},{"@type":"WebSite","@id":"https:\/\/www.libriparlanti.org\/#website","url":"https:\/\/www.libriparlanti.org\/","name":"Libreria Libri parlanti","description":"Libreria in Castiglione del Lago (Pg)","potentialAction":[{"@type":"SearchAction","target":{"@type":"EntryPoint","urlTemplate":"https:\/\/www.libriparlanti.org\/?s={search_term_string}"},"query-input":{"@type":"PropertyValueSpecification","valueRequired":true,"valueName":"search_term_string"}}],"inLanguage":"it-IT"}]}},"_links":{"self":[{"href":"https:\/\/www.libriparlanti.org\/index.php\/wp-json\/wp\/v2\/product\/14376","targetHints":{"allow":["GET"]}}],"collection":[{"href":"https:\/\/www.libriparlanti.org\/index.php\/wp-json\/wp\/v2\/product"}],"about":[{"href":"https:\/\/www.libriparlanti.org\/index.php\/wp-json\/wp\/v2\/types\/product"}],"replies":[{"embeddable":true,"href":"https:\/\/www.libriparlanti.org\/index.php\/wp-json\/wp\/v2\/comments?post=14376"}],"wp:featuredmedia":[{"embeddable":true,"href":"https:\/\/www.libriparlanti.org\/index.php\/wp-json\/wp\/v2\/media\/14375"}],"wp:attachment":[{"href":"https:\/\/www.libriparlanti.org\/index.php\/wp-json\/wp\/v2\/media?parent=14376"}],"wp:term":[{"taxonomy":"product_brand","embeddable":true,"href":"https:\/\/www.libriparlanti.org\/index.php\/wp-json\/wp\/v2\/product_brand?post=14376"},{"taxonomy":"product_cat","embeddable":true,"href":"https:\/\/www.libriparlanti.org\/index.php\/wp-json\/wp\/v2\/product_cat?post=14376"},{"taxonomy":"product_tag","embeddable":true,"href":"https:\/\/www.libriparlanti.org\/index.php\/wp-json\/wp\/v2\/product_tag?post=14376"}],"curies":[{"name":"wp","href":"https:\/\/api.w.org\/{rel}","templated":true}]}}