{"id":12914,"date":"2021-02-10T18:06:58","date_gmt":"2021-02-10T16:06:58","guid":{"rendered":"https:\/\/www.libriparlanti.org\/index.php\/prodotto\/biancaneve-nel-novecento\/"},"modified":"2021-07-14T10:52:17","modified_gmt":"2021-07-14T08:52:17","slug":"biancaneve-nel-novecento","status":"publish","type":"product","link":"https:\/\/www.libriparlanti.org\/index.php\/prodotto\/biancaneve-nel-novecento\/","title":{"rendered":"BIANCANEVE NEL NOVECENTO"},"content":{"rendered":"<p>Giovanni \u00e8 un uomo affascinante, generoso e fallito. Candi \u00e8 una donna bellissima che esagera con il turpiloquio, con l&#8217;alcol e con l&#8217;amore. E Bianca? \u00c8 la loro unica figlia, che cresce nel disordinato appartamento della periferia bolognese, respirando un&#8217;aria densa di conflitti e di un&#8217;inspiegabile ostilit\u00e0 materna. Fin da piccola si rifugia nelle fiabe, dove le madri sono matrigne ma le bambine, alla fine, nel bosco riescono a salvarsi. Poi, negli anni, la strana linea di frattura che la divide da Candi diventa il filo teso su un abisso sempre pronto a inghiottirla. Bianca attraversa cos\u00ec i suoi primi vent&#8217;anni: la scuola e gli amori, la tragedia che pone fine alla sua infanzia e le passioni, tra cui quella per i libri, che la salveranno nell&#8217;adolescenza. Negli anni Novanta, infatti, l&#8217;eroina arriva in citt\u00e0 come un flagello e Bianca sfiora l&#8217;autodistruzione: mentre sua madre si avvelena con l&#8217;alcol, lei presta orecchio al richiamo della droga. Perch\u00e9, diverse sotto ogni aspetto, si somigliano solo nel disagio sottile con cui affrontano il mondo? \u00c8 un desiderio di annullarsi che in realt\u00e0 viene da lontano, da una tragedia vecchia di decenni e che pure sembra non volersi estinguere mai: \u00e8 cominciata nel Sonderbau, il bordello del campo di concentramento di Buchenwald. Con una penna vibrante, intinta nella storia del Novecento e affilata da una profonda sensibilit\u00e0 per le umane lacerazioni e debolezze, Maril\u00f9 Oliva disegna una vicenda incalzante che \u00e8 anche una riflessione su quello che le famiglie non dicono, sulle ferite non rimarginate che si riaprono, implacabili, attraverso le generazioni. Un romanzo che d\u00e0 voce al rimosso di un secolo.<\/p>\n","protected":false},"excerpt":{"rendered":"<p><em>Autore:<\/em> M. OLIVA<br \/>\n<em>Editore:<\/em> SOLFERINO<br \/>\n<em>ISBN:<\/em> 9788828205623<\/p>\n","protected":false},"featured_media":12913,"comment_status":"closed","ping_status":"closed","template":"","meta":{"_et_pb_use_builder":"","_et_pb_old_content":"","_et_gb_content_width":"","_joinchat":[]},"product_brand":[],"product_cat":[1736],"product_tag":[],"class_list":{"0":"post-12914","1":"product","2":"type-product","3":"status-publish","4":"has-post-thumbnail","6":"product_cat-narrativa","8":"first","9":"instock","10":"taxable","11":"shipping-taxable","12":"purchasable","13":"product-type-simple"},"yoast_head":"<!-- This site is optimized with the Yoast SEO plugin v27.5 - https:\/\/yoast.com\/product\/yoast-seo-wordpress\/ -->\n<title>BIANCANEVE NEL NOVECENTO - Libreria Libri parlanti<\/title>\n<meta name=\"robots\" content=\"index, follow, max-snippet:-1, max-image-preview:large, max-video-preview:-1\" \/>\n<link rel=\"canonical\" href=\"https:\/\/www.libriparlanti.org\/index.php\/prodotto\/biancaneve-nel-novecento\/\" \/>\n<meta property=\"og:locale\" content=\"it_IT\" \/>\n<meta property=\"og:type\" content=\"article\" \/>\n<meta property=\"og:title\" content=\"BIANCANEVE NEL NOVECENTO - Libreria Libri parlanti\" \/>\n<meta property=\"og:description\" content=\"Autore: M. OLIVA Editore: SOLFERINO ISBN: 9788828205623\" \/>\n<meta property=\"og:url\" content=\"https:\/\/www.libriparlanti.org\/index.php\/prodotto\/biancaneve-nel-novecento\/\" \/>\n<meta property=\"og:site_name\" content=\"Libreria Libri parlanti\" \/>\n<meta property=\"article:publisher\" content=\"https:\/\/www.facebook.com\/LibriParlanti\" \/>\n<meta property=\"article:modified_time\" content=\"2021-07-14T08:52:17+00:00\" \/>\n<meta property=\"og:image\" content=\"https:\/\/www.libriparlanti.org\/wp-content\/uploads\/2021\/02\/9788828205623.jpg\" \/>\n\t<meta property=\"og:image:width\" content=\"128\" \/>\n\t<meta property=\"og:image:height\" content=\"190\" \/>\n\t<meta property=\"og:image:type\" content=\"image\/jpeg\" \/>\n<meta name=\"twitter:card\" content=\"summary_large_image\" \/>\n<meta name=\"twitter:label1\" content=\"Tempo di lettura stimato\" \/>\n\t<meta name=\"twitter:data1\" content=\"1 minuto\" \/>\n<script type=\"application\/ld+json\" class=\"yoast-schema-graph\">{\"@context\":\"https:\\\/\\\/schema.org\",\"@graph\":[{\"@type\":\"WebPage\",\"@id\":\"https:\\\/\\\/www.libriparlanti.org\\\/index.php\\\/prodotto\\\/biancaneve-nel-novecento\\\/\",\"url\":\"https:\\\/\\\/www.libriparlanti.org\\\/index.php\\\/prodotto\\\/biancaneve-nel-novecento\\\/\",\"name\":\"BIANCANEVE NEL NOVECENTO - Libreria Libri parlanti\",\"isPartOf\":{\"@id\":\"https:\\\/\\\/www.libriparlanti.org\\\/#website\"},\"primaryImageOfPage\":{\"@id\":\"https:\\\/\\\/www.libriparlanti.org\\\/index.php\\\/prodotto\\\/biancaneve-nel-novecento\\\/#primaryimage\"},\"image\":{\"@id\":\"https:\\\/\\\/www.libriparlanti.org\\\/index.php\\\/prodotto\\\/biancaneve-nel-novecento\\\/#primaryimage\"},\"thumbnailUrl\":\"https:\\\/\\\/www.libriparlanti.org\\\/wp-content\\\/uploads\\\/2021\\\/02\\\/9788828205623.jpg\",\"datePublished\":\"2021-02-10T16:06:58+00:00\",\"dateModified\":\"2021-07-14T08:52:17+00:00\",\"breadcrumb\":{\"@id\":\"https:\\\/\\\/www.libriparlanti.org\\\/index.php\\\/prodotto\\\/biancaneve-nel-novecento\\\/#breadcrumb\"},\"inLanguage\":\"it-IT\",\"potentialAction\":[{\"@type\":\"ReadAction\",\"target\":[\"https:\\\/\\\/www.libriparlanti.org\\\/index.php\\\/prodotto\\\/biancaneve-nel-novecento\\\/\"]}]},{\"@type\":\"ImageObject\",\"inLanguage\":\"it-IT\",\"@id\":\"https:\\\/\\\/www.libriparlanti.org\\\/index.php\\\/prodotto\\\/biancaneve-nel-novecento\\\/#primaryimage\",\"url\":\"https:\\\/\\\/www.libriparlanti.org\\\/wp-content\\\/uploads\\\/2021\\\/02\\\/9788828205623.jpg\",\"contentUrl\":\"https:\\\/\\\/www.libriparlanti.org\\\/wp-content\\\/uploads\\\/2021\\\/02\\\/9788828205623.jpg\",\"width\":128,\"height\":190},{\"@type\":\"BreadcrumbList\",\"@id\":\"https:\\\/\\\/www.libriparlanti.org\\\/index.php\\\/prodotto\\\/biancaneve-nel-novecento\\\/#breadcrumb\",\"itemListElement\":[{\"@type\":\"ListItem\",\"position\":1,\"name\":\"Home\",\"item\":\"https:\\\/\\\/www.libriparlanti.org\\\/\"},{\"@type\":\"ListItem\",\"position\":2,\"name\":\"Shop\",\"item\":\"https:\\\/\\\/www.libriparlanti.org\\\/index.php\\\/negozio\\\/\"},{\"@type\":\"ListItem\",\"position\":3,\"name\":\"BIANCANEVE NEL NOVECENTO\"}]},{\"@type\":\"WebSite\",\"@id\":\"https:\\\/\\\/www.libriparlanti.org\\\/#website\",\"url\":\"https:\\\/\\\/www.libriparlanti.org\\\/\",\"name\":\"Libreria Libri parlanti\",\"description\":\"Libreria in Castiglione del Lago (Pg)\",\"potentialAction\":[{\"@type\":\"SearchAction\",\"target\":{\"@type\":\"EntryPoint\",\"urlTemplate\":\"https:\\\/\\\/www.libriparlanti.org\\\/?s={search_term_string}\"},\"query-input\":{\"@type\":\"PropertyValueSpecification\",\"valueRequired\":true,\"valueName\":\"search_term_string\"}}],\"inLanguage\":\"it-IT\"}]}<\/script>\n<!-- \/ Yoast SEO plugin. -->","yoast_head_json":{"title":"BIANCANEVE NEL NOVECENTO - Libreria Libri parlanti","robots":{"index":"index","follow":"follow","max-snippet":"max-snippet:-1","max-image-preview":"max-image-preview:large","max-video-preview":"max-video-preview:-1"},"canonical":"https:\/\/www.libriparlanti.org\/index.php\/prodotto\/biancaneve-nel-novecento\/","og_locale":"it_IT","og_type":"article","og_title":"BIANCANEVE NEL NOVECENTO - Libreria Libri parlanti","og_description":"Autore: M. OLIVA Editore: SOLFERINO ISBN: 9788828205623","og_url":"https:\/\/www.libriparlanti.org\/index.php\/prodotto\/biancaneve-nel-novecento\/","og_site_name":"Libreria Libri parlanti","article_publisher":"https:\/\/www.facebook.com\/LibriParlanti","article_modified_time":"2021-07-14T08:52:17+00:00","og_image":[{"width":128,"height":190,"url":"https:\/\/www.libriparlanti.org\/wp-content\/uploads\/2021\/02\/9788828205623.jpg","type":"image\/jpeg"}],"twitter_card":"summary_large_image","twitter_misc":{"Tempo di lettura stimato":"1 minuto"},"schema":{"@context":"https:\/\/schema.org","@graph":[{"@type":"WebPage","@id":"https:\/\/www.libriparlanti.org\/index.php\/prodotto\/biancaneve-nel-novecento\/","url":"https:\/\/www.libriparlanti.org\/index.php\/prodotto\/biancaneve-nel-novecento\/","name":"BIANCANEVE NEL NOVECENTO - Libreria Libri parlanti","isPartOf":{"@id":"https:\/\/www.libriparlanti.org\/#website"},"primaryImageOfPage":{"@id":"https:\/\/www.libriparlanti.org\/index.php\/prodotto\/biancaneve-nel-novecento\/#primaryimage"},"image":{"@id":"https:\/\/www.libriparlanti.org\/index.php\/prodotto\/biancaneve-nel-novecento\/#primaryimage"},"thumbnailUrl":"https:\/\/www.libriparlanti.org\/wp-content\/uploads\/2021\/02\/9788828205623.jpg","datePublished":"2021-02-10T16:06:58+00:00","dateModified":"2021-07-14T08:52:17+00:00","breadcrumb":{"@id":"https:\/\/www.libriparlanti.org\/index.php\/prodotto\/biancaneve-nel-novecento\/#breadcrumb"},"inLanguage":"it-IT","potentialAction":[{"@type":"ReadAction","target":["https:\/\/www.libriparlanti.org\/index.php\/prodotto\/biancaneve-nel-novecento\/"]}]},{"@type":"ImageObject","inLanguage":"it-IT","@id":"https:\/\/www.libriparlanti.org\/index.php\/prodotto\/biancaneve-nel-novecento\/#primaryimage","url":"https:\/\/www.libriparlanti.org\/wp-content\/uploads\/2021\/02\/9788828205623.jpg","contentUrl":"https:\/\/www.libriparlanti.org\/wp-content\/uploads\/2021\/02\/9788828205623.jpg","width":128,"height":190},{"@type":"BreadcrumbList","@id":"https:\/\/www.libriparlanti.org\/index.php\/prodotto\/biancaneve-nel-novecento\/#breadcrumb","itemListElement":[{"@type":"ListItem","position":1,"name":"Home","item":"https:\/\/www.libriparlanti.org\/"},{"@type":"ListItem","position":2,"name":"Shop","item":"https:\/\/www.libriparlanti.org\/index.php\/negozio\/"},{"@type":"ListItem","position":3,"name":"BIANCANEVE NEL NOVECENTO"}]},{"@type":"WebSite","@id":"https:\/\/www.libriparlanti.org\/#website","url":"https:\/\/www.libriparlanti.org\/","name":"Libreria Libri parlanti","description":"Libreria in Castiglione del Lago (Pg)","potentialAction":[{"@type":"SearchAction","target":{"@type":"EntryPoint","urlTemplate":"https:\/\/www.libriparlanti.org\/?s={search_term_string}"},"query-input":{"@type":"PropertyValueSpecification","valueRequired":true,"valueName":"search_term_string"}}],"inLanguage":"it-IT"}]}},"_links":{"self":[{"href":"https:\/\/www.libriparlanti.org\/index.php\/wp-json\/wp\/v2\/product\/12914","targetHints":{"allow":["GET"]}}],"collection":[{"href":"https:\/\/www.libriparlanti.org\/index.php\/wp-json\/wp\/v2\/product"}],"about":[{"href":"https:\/\/www.libriparlanti.org\/index.php\/wp-json\/wp\/v2\/types\/product"}],"replies":[{"embeddable":true,"href":"https:\/\/www.libriparlanti.org\/index.php\/wp-json\/wp\/v2\/comments?post=12914"}],"wp:featuredmedia":[{"embeddable":true,"href":"https:\/\/www.libriparlanti.org\/index.php\/wp-json\/wp\/v2\/media\/12913"}],"wp:attachment":[{"href":"https:\/\/www.libriparlanti.org\/index.php\/wp-json\/wp\/v2\/media?parent=12914"}],"wp:term":[{"taxonomy":"product_brand","embeddable":true,"href":"https:\/\/www.libriparlanti.org\/index.php\/wp-json\/wp\/v2\/product_brand?post=12914"},{"taxonomy":"product_cat","embeddable":true,"href":"https:\/\/www.libriparlanti.org\/index.php\/wp-json\/wp\/v2\/product_cat?post=12914"},{"taxonomy":"product_tag","embeddable":true,"href":"https:\/\/www.libriparlanti.org\/index.php\/wp-json\/wp\/v2\/product_tag?post=12914"}],"curies":[{"name":"wp","href":"https:\/\/api.w.org\/{rel}","templated":true}]}}

<p>Giovanni è un uomo affascinante, generoso e fallito. Candi è una donna bellissima che esagera con il turpiloquio, con l&#8217;alcol e con l&#8217;amore. E Bianca? È la loro unica figlia, che cresce nel disordinato appartamento della periferia bolognese, respirando un&#8217;aria densa di conflitti e di un&#8217;inspiegabile ostilità materna. Fin da piccola si rifugia nelle fiabe, dove le madri sono matrigne ma le bambine, alla fine, nel bosco riescono a salvarsi. Poi, negli anni, la strana linea di frattura che la divide da Candi diventa il filo teso su un abisso sempre pronto a inghiottirla. Bianca attraversa così i suoi primi vent&#8217;anni: la scuola e gli amori, la tragedia che pone fine alla sua infanzia e le passioni, tra cui quella per i libri, che la salveranno nell&#8217;adolescenza. Negli anni Novanta, infatti, l&#8217;eroina arriva in città come un flagello e Bianca sfiora l&#8217;autodistruzione: mentre sua madre si avvelena con l&#8217;alcol, lei presta orecchio al richiamo della droga. Perché, diverse sotto ogni aspetto, si somigliano solo nel disagio sottile con cui affrontano il mondo? È un desiderio di annullarsi che in realtà viene da lontano, da una tragedia vecchia di decenni e che pure sembra non volersi estinguere mai: è cominciata nel Sonderbau, il bordello del campo di concentramento di Buchenwald. Con una penna vibrante, intinta nella storia del Novecento e affilata da una profonda sensibilità per le umane lacerazioni e debolezze, Marilù Oliva disegna una vicenda incalzante che è anche una riflessione su quello che le famiglie non dicono, sulle ferite non rimarginate che si riaprono, implacabili, attraverso le generazioni. Un romanzo che dà voce al rimosso di un secolo.</p>
