{"id":12204,"date":"2020-11-27T12:46:04","date_gmt":"2020-11-27T10:46:04","guid":{"rendered":"https:\/\/www.libriparlanti.org\/index.php\/prodotto\/con-tutto-il-bene-che-posso\/"},"modified":"2020-12-08T11:27:08","modified_gmt":"2020-12-08T09:27:08","slug":"con-tutto-il-bene-che-posso-2","status":"publish","type":"product","link":"https:\/\/www.libriparlanti.org\/index.php\/prodotto\/con-tutto-il-bene-che-posso-2\/","title":{"rendered":"CON TUTTO IL BENE CHE POSSO"},"content":{"rendered":"<p>Potrebbe sembrare un gioco, in realt\u00e0 \u00e8 una storia molto seria quella che si apprestano a vivere Daniele &#8211; diciassettenne fiorentino &#8211; e suo padre Enzo. In apparenza quasi non si conoscono, il rapporto tra loro \u00e8 stato a lungo mediato da Franca, mamma e moglie, che ora per\u00f2 ha deciso di andarsene e restare lontano fin quando le cose non cambieranno. \u00c8 cos\u00ec che i due dovranno imparare a convivere, parlarsi, scovare i peggiori errori dal proprio passato, svelarli e rimediarli assieme all&#8217;altro. Daniele ha un conto in sospeso col capitano della squadra ciclistica, ha sedotto e maltrattato l&#8217;unica ragazza che gli ha voluto bene, ha umiliato un suo coetaneo insieme a dei bulletti: come farsi perdonare? Enzo si \u00e8 lasciato risucchiare dal lavoro trascurando la famiglia, si \u00e8 inimicato i colleghi e perfino il fratello, il mitico zio Sanzio con cui ha un conto in sospeso da anni&#8230; In un&#8217;altalena emozionale che li condurr\u00e0 dal rifiuto alla tenerezza, forse all&#8217;abbraccio, \u00abbabbo \u00bb e figlio pedalano veloci tra citt\u00e0, periferie e campagne toscane, scoprendo la vita dell&#8217;altro e mettendosi in discussione fino in fondo, con coraggio e senso della sfida. E con tutto il bene che possono.<\/p>\n","protected":false},"excerpt":{"rendered":"<p><em>Autore:<\/em> GUCCI EMILIANO<br \/>\n<em>Editore:<\/em> GIUNTI<br \/>\n<em>ISBN:<\/em> 9788809884496<br \/>\n<em>Pubblicazione:<\/em> 23\/09\/2020<\/p>\n","protected":false},"featured_media":12203,"comment_status":"closed","ping_status":"closed","template":"","meta":{"_et_pb_use_builder":"","_et_pb_old_content":"","_et_gb_content_width":"","_joinchat":[]},"product_brand":[],"product_cat":[1730],"product_tag":[],"class_list":{"0":"post-12204","1":"product","2":"type-product","3":"status-publish","4":"has-post-thumbnail","6":"product_cat-varia","8":"first","9":"instock","10":"taxable","11":"shipping-taxable","12":"purchasable","13":"product-type-simple"},"yoast_head":"<!-- This site is optimized with the Yoast SEO plugin v27.5 - https:\/\/yoast.com\/product\/yoast-seo-wordpress\/ -->\n<title>CON TUTTO IL BENE CHE POSSO - Libreria Libri parlanti<\/title>\n<meta name=\"robots\" content=\"index, follow, max-snippet:-1, max-image-preview:large, max-video-preview:-1\" \/>\n<link rel=\"canonical\" href=\"https:\/\/www.libriparlanti.org\/index.php\/prodotto\/con-tutto-il-bene-che-posso-2\/\" \/>\n<meta property=\"og:locale\" content=\"it_IT\" \/>\n<meta property=\"og:type\" content=\"article\" \/>\n<meta property=\"og:title\" content=\"CON TUTTO IL BENE CHE POSSO - Libreria Libri parlanti\" \/>\n<meta property=\"og:description\" content=\"Autore: GUCCI EMILIANO Editore: GIUNTI ISBN: 9788809884496 Pubblicazione: 23\/09\/2020\" \/>\n<meta property=\"og:url\" content=\"https:\/\/www.libriparlanti.org\/index.php\/prodotto\/con-tutto-il-bene-che-posso-2\/\" \/>\n<meta property=\"og:site_name\" content=\"Libreria Libri parlanti\" \/>\n<meta property=\"article:publisher\" content=\"https:\/\/www.facebook.com\/LibriParlanti\" \/>\n<meta property=\"article:modified_time\" content=\"2020-12-08T09:27:08+00:00\" \/>\n<meta property=\"og:image\" content=\"https:\/\/www.libriparlanti.org\/wp-content\/uploads\/2020\/11\/9788809884496_0_221_0_75.jpg\" \/>\n\t<meta property=\"og:image:width\" content=\"221\" \/>\n\t<meta property=\"og:image:height\" content=\"343\" \/>\n\t<meta property=\"og:image:type\" content=\"image\/jpeg\" \/>\n<meta name=\"twitter:card\" content=\"summary_large_image\" \/>\n<meta name=\"twitter:label1\" content=\"Tempo di lettura stimato\" \/>\n\t<meta name=\"twitter:data1\" content=\"1 minuto\" \/>\n<script type=\"application\/ld+json\" class=\"yoast-schema-graph\">{\"@context\":\"https:\\\/\\\/schema.org\",\"@graph\":[{\"@type\":\"WebPage\",\"@id\":\"https:\\\/\\\/www.libriparlanti.org\\\/index.php\\\/prodotto\\\/con-tutto-il-bene-che-posso-2\\\/\",\"url\":\"https:\\\/\\\/www.libriparlanti.org\\\/index.php\\\/prodotto\\\/con-tutto-il-bene-che-posso-2\\\/\",\"name\":\"CON TUTTO IL BENE CHE POSSO - Libreria Libri parlanti\",\"isPartOf\":{\"@id\":\"https:\\\/\\\/www.libriparlanti.org\\\/#website\"},\"primaryImageOfPage\":{\"@id\":\"https:\\\/\\\/www.libriparlanti.org\\\/index.php\\\/prodotto\\\/con-tutto-il-bene-che-posso-2\\\/#primaryimage\"},\"image\":{\"@id\":\"https:\\\/\\\/www.libriparlanti.org\\\/index.php\\\/prodotto\\\/con-tutto-il-bene-che-posso-2\\\/#primaryimage\"},\"thumbnailUrl\":\"https:\\\/\\\/www.libriparlanti.org\\\/wp-content\\\/uploads\\\/2020\\\/11\\\/9788809884496_0_221_0_75.jpg\",\"datePublished\":\"2020-11-27T10:46:04+00:00\",\"dateModified\":\"2020-12-08T09:27:08+00:00\",\"breadcrumb\":{\"@id\":\"https:\\\/\\\/www.libriparlanti.org\\\/index.php\\\/prodotto\\\/con-tutto-il-bene-che-posso-2\\\/#breadcrumb\"},\"inLanguage\":\"it-IT\",\"potentialAction\":[{\"@type\":\"ReadAction\",\"target\":[\"https:\\\/\\\/www.libriparlanti.org\\\/index.php\\\/prodotto\\\/con-tutto-il-bene-che-posso-2\\\/\"]}]},{\"@type\":\"ImageObject\",\"inLanguage\":\"it-IT\",\"@id\":\"https:\\\/\\\/www.libriparlanti.org\\\/index.php\\\/prodotto\\\/con-tutto-il-bene-che-posso-2\\\/#primaryimage\",\"url\":\"https:\\\/\\\/www.libriparlanti.org\\\/wp-content\\\/uploads\\\/2020\\\/11\\\/9788809884496_0_221_0_75.jpg\",\"contentUrl\":\"https:\\\/\\\/www.libriparlanti.org\\\/wp-content\\\/uploads\\\/2020\\\/11\\\/9788809884496_0_221_0_75.jpg\",\"width\":221,\"height\":343},{\"@type\":\"BreadcrumbList\",\"@id\":\"https:\\\/\\\/www.libriparlanti.org\\\/index.php\\\/prodotto\\\/con-tutto-il-bene-che-posso-2\\\/#breadcrumb\",\"itemListElement\":[{\"@type\":\"ListItem\",\"position\":1,\"name\":\"Home\",\"item\":\"https:\\\/\\\/www.libriparlanti.org\\\/\"},{\"@type\":\"ListItem\",\"position\":2,\"name\":\"Shop\",\"item\":\"https:\\\/\\\/www.libriparlanti.org\\\/index.php\\\/negozio\\\/\"},{\"@type\":\"ListItem\",\"position\":3,\"name\":\"CON TUTTO IL BENE CHE POSSO\"}]},{\"@type\":\"WebSite\",\"@id\":\"https:\\\/\\\/www.libriparlanti.org\\\/#website\",\"url\":\"https:\\\/\\\/www.libriparlanti.org\\\/\",\"name\":\"Libreria Libri parlanti\",\"description\":\"Libreria in Castiglione del Lago (Pg)\",\"potentialAction\":[{\"@type\":\"SearchAction\",\"target\":{\"@type\":\"EntryPoint\",\"urlTemplate\":\"https:\\\/\\\/www.libriparlanti.org\\\/?s={search_term_string}\"},\"query-input\":{\"@type\":\"PropertyValueSpecification\",\"valueRequired\":true,\"valueName\":\"search_term_string\"}}],\"inLanguage\":\"it-IT\"}]}<\/script>\n<!-- \/ Yoast SEO plugin. -->","yoast_head_json":{"title":"CON TUTTO IL BENE CHE POSSO - Libreria Libri parlanti","robots":{"index":"index","follow":"follow","max-snippet":"max-snippet:-1","max-image-preview":"max-image-preview:large","max-video-preview":"max-video-preview:-1"},"canonical":"https:\/\/www.libriparlanti.org\/index.php\/prodotto\/con-tutto-il-bene-che-posso-2\/","og_locale":"it_IT","og_type":"article","og_title":"CON TUTTO IL BENE CHE POSSO - Libreria Libri parlanti","og_description":"Autore: GUCCI EMILIANO Editore: GIUNTI ISBN: 9788809884496 Pubblicazione: 23\/09\/2020","og_url":"https:\/\/www.libriparlanti.org\/index.php\/prodotto\/con-tutto-il-bene-che-posso-2\/","og_site_name":"Libreria Libri parlanti","article_publisher":"https:\/\/www.facebook.com\/LibriParlanti","article_modified_time":"2020-12-08T09:27:08+00:00","og_image":[{"width":221,"height":343,"url":"https:\/\/www.libriparlanti.org\/wp-content\/uploads\/2020\/11\/9788809884496_0_221_0_75.jpg","type":"image\/jpeg"}],"twitter_card":"summary_large_image","twitter_misc":{"Tempo di lettura stimato":"1 minuto"},"schema":{"@context":"https:\/\/schema.org","@graph":[{"@type":"WebPage","@id":"https:\/\/www.libriparlanti.org\/index.php\/prodotto\/con-tutto-il-bene-che-posso-2\/","url":"https:\/\/www.libriparlanti.org\/index.php\/prodotto\/con-tutto-il-bene-che-posso-2\/","name":"CON TUTTO IL BENE CHE POSSO - Libreria Libri parlanti","isPartOf":{"@id":"https:\/\/www.libriparlanti.org\/#website"},"primaryImageOfPage":{"@id":"https:\/\/www.libriparlanti.org\/index.php\/prodotto\/con-tutto-il-bene-che-posso-2\/#primaryimage"},"image":{"@id":"https:\/\/www.libriparlanti.org\/index.php\/prodotto\/con-tutto-il-bene-che-posso-2\/#primaryimage"},"thumbnailUrl":"https:\/\/www.libriparlanti.org\/wp-content\/uploads\/2020\/11\/9788809884496_0_221_0_75.jpg","datePublished":"2020-11-27T10:46:04+00:00","dateModified":"2020-12-08T09:27:08+00:00","breadcrumb":{"@id":"https:\/\/www.libriparlanti.org\/index.php\/prodotto\/con-tutto-il-bene-che-posso-2\/#breadcrumb"},"inLanguage":"it-IT","potentialAction":[{"@type":"ReadAction","target":["https:\/\/www.libriparlanti.org\/index.php\/prodotto\/con-tutto-il-bene-che-posso-2\/"]}]},{"@type":"ImageObject","inLanguage":"it-IT","@id":"https:\/\/www.libriparlanti.org\/index.php\/prodotto\/con-tutto-il-bene-che-posso-2\/#primaryimage","url":"https:\/\/www.libriparlanti.org\/wp-content\/uploads\/2020\/11\/9788809884496_0_221_0_75.jpg","contentUrl":"https:\/\/www.libriparlanti.org\/wp-content\/uploads\/2020\/11\/9788809884496_0_221_0_75.jpg","width":221,"height":343},{"@type":"BreadcrumbList","@id":"https:\/\/www.libriparlanti.org\/index.php\/prodotto\/con-tutto-il-bene-che-posso-2\/#breadcrumb","itemListElement":[{"@type":"ListItem","position":1,"name":"Home","item":"https:\/\/www.libriparlanti.org\/"},{"@type":"ListItem","position":2,"name":"Shop","item":"https:\/\/www.libriparlanti.org\/index.php\/negozio\/"},{"@type":"ListItem","position":3,"name":"CON TUTTO IL BENE CHE POSSO"}]},{"@type":"WebSite","@id":"https:\/\/www.libriparlanti.org\/#website","url":"https:\/\/www.libriparlanti.org\/","name":"Libreria Libri parlanti","description":"Libreria in Castiglione del Lago (Pg)","potentialAction":[{"@type":"SearchAction","target":{"@type":"EntryPoint","urlTemplate":"https:\/\/www.libriparlanti.org\/?s={search_term_string}"},"query-input":{"@type":"PropertyValueSpecification","valueRequired":true,"valueName":"search_term_string"}}],"inLanguage":"it-IT"}]}},"_links":{"self":[{"href":"https:\/\/www.libriparlanti.org\/index.php\/wp-json\/wp\/v2\/product\/12204","targetHints":{"allow":["GET"]}}],"collection":[{"href":"https:\/\/www.libriparlanti.org\/index.php\/wp-json\/wp\/v2\/product"}],"about":[{"href":"https:\/\/www.libriparlanti.org\/index.php\/wp-json\/wp\/v2\/types\/product"}],"replies":[{"embeddable":true,"href":"https:\/\/www.libriparlanti.org\/index.php\/wp-json\/wp\/v2\/comments?post=12204"}],"wp:featuredmedia":[{"embeddable":true,"href":"https:\/\/www.libriparlanti.org\/index.php\/wp-json\/wp\/v2\/media\/12203"}],"wp:attachment":[{"href":"https:\/\/www.libriparlanti.org\/index.php\/wp-json\/wp\/v2\/media?parent=12204"}],"wp:term":[{"taxonomy":"product_brand","embeddable":true,"href":"https:\/\/www.libriparlanti.org\/index.php\/wp-json\/wp\/v2\/product_brand?post=12204"},{"taxonomy":"product_cat","embeddable":true,"href":"https:\/\/www.libriparlanti.org\/index.php\/wp-json\/wp\/v2\/product_cat?post=12204"},{"taxonomy":"product_tag","embeddable":true,"href":"https:\/\/www.libriparlanti.org\/index.php\/wp-json\/wp\/v2\/product_tag?post=12204"}],"curies":[{"name":"wp","href":"https:\/\/api.w.org\/{rel}","templated":true}]}}

<p>Potrebbe sembrare un gioco, in realtà è una storia molto seria quella che si apprestano a vivere Daniele &#8211; diciassettenne fiorentino &#8211; e suo padre Enzo. In apparenza quasi non si conoscono, il rapporto tra loro è stato a lungo mediato da Franca, mamma e moglie, che ora però ha deciso di andarsene e restare lontano fin quando le cose non cambieranno. È così che i due dovranno imparare a convivere, parlarsi, scovare i peggiori errori dal proprio passato, svelarli e rimediarli assieme all&#8217;altro. Daniele ha un conto in sospeso col capitano della squadra ciclistica, ha sedotto e maltrattato l&#8217;unica ragazza che gli ha voluto bene, ha umiliato un suo coetaneo insieme a dei bulletti: come farsi perdonare? Enzo si è lasciato risucchiare dal lavoro trascurando la famiglia, si è inimicato i colleghi e perfino il fratello, il mitico zio Sanzio con cui ha un conto in sospeso da anni&#8230; In un&#8217;altalena emozionale che li condurrà dal rifiuto alla tenerezza, forse all&#8217;abbraccio, «babbo » e figlio pedalano veloci tra città, periferie e campagne toscane, scoprendo la vita dell&#8217;altro e mettendosi in discussione fino in fondo, con coraggio e senso della sfida. E con tutto il bene che possono.</p>
