{"id":11496,"date":"2020-11-04T11:19:23","date_gmt":"2020-11-04T09:19:23","guid":{"rendered":"https:\/\/www.libriparlanti.org\/?post_type=product&#038;p=11496"},"modified":"2021-01-29T19:18:40","modified_gmt":"2021-01-29T17:18:40","slug":"resta-ancora-un-po","status":"publish","type":"product","link":"https:\/\/www.libriparlanti.org\/index.php\/prodotto\/resta-ancora-un-po\/","title":{"rendered":"RESTA ANCORA UN PO&#8217;"},"content":{"rendered":"<p><a href=\"https:\/\/www.libriparlanti.org\/wp-content\/uploads\/2020\/11\/download-2.jpg\"><img loading=\"lazy\" decoding=\"async\" class=\"alignnone size-full wp-image-11497\" src=\"https:\/\/www.libriparlanti.org\/wp-content\/uploads\/2020\/11\/download-2.jpg\" alt=\"\" width=\"180\" height=\"280\"><\/a><\/p>\n","protected":false},"excerpt":{"rendered":"","protected":false},"featured_media":11497,"comment_status":"open","ping_status":"closed","template":"","meta":{"_et_pb_use_builder":"","_et_pb_old_content":"","_et_gb_content_width":"","_joinchat":[]},"product_brand":[],"product_cat":[959],"product_tag":[],"class_list":{"0":"post-11496","1":"product","2":"type-product","3":"status-publish","4":"has-post-thumbnail","6":"product_cat-senza-categoria","8":"first","9":"instock","10":"taxable","11":"shipping-taxable","12":"purchasable","13":"product-type-simple"},"yoast_head":"<!-- This site is optimized with the Yoast SEO plugin v27.3 - https:\/\/yoast.com\/product\/yoast-seo-wordpress\/ -->\n<title>RESTA ANCORA UN PO&#039; - Libreria Libri parlanti<\/title>\n<meta name=\"description\" content=\"Giuditta si \u00e8 messa in testa di scegliere il luogo pi\u00f9 adatto per il suo eterno riposo. Con tutina rosa e scarpette di vernice esplorer\u00e0 lapidi e vialetti alla ricerca del cimitero perfetto e, senza troppi convenevoli, entrer\u00e0 nelle vite dei suoi giovani accompagnatori e in tutte le loro vite lascer\u00e0 un segno.\" \/>\n<meta name=\"robots\" content=\"index, follow, max-snippet:-1, max-image-preview:large, max-video-preview:-1\" \/>\n<link rel=\"canonical\" href=\"https:\/\/www.libriparlanti.org\/index.php\/prodotto\/resta-ancora-un-po\/\" \/>\n<meta property=\"og:locale\" content=\"it_IT\" \/>\n<meta property=\"og:type\" content=\"article\" \/>\n<meta property=\"og:title\" content=\"RESTA ANCORA UN PO&#039; - Libreria Libri parlanti\" \/>\n<meta property=\"og:description\" content=\"Giuditta si \u00e8 messa in testa di scegliere il luogo pi\u00f9 adatto per il suo eterno riposo. Con tutina rosa e scarpette di vernice esplorer\u00e0 lapidi e vialetti alla ricerca del cimitero perfetto e, senza troppi convenevoli, entrer\u00e0 nelle vite dei suoi giovani accompagnatori e in tutte le loro vite lascer\u00e0 un segno.\" \/>\n<meta property=\"og:url\" content=\"https:\/\/www.libriparlanti.org\/index.php\/prodotto\/resta-ancora-un-po\/\" \/>\n<meta property=\"og:site_name\" content=\"Libreria Libri parlanti\" \/>\n<meta property=\"article:publisher\" content=\"https:\/\/www.facebook.com\/LibriParlanti\" \/>\n<meta property=\"article:modified_time\" content=\"2021-01-29T17:18:40+00:00\" \/>\n<meta property=\"og:image\" content=\"https:\/\/www.libriparlanti.org\/wp-content\/uploads\/2020\/11\/download-2.jpg\" \/>\n\t<meta property=\"og:image:width\" content=\"180\" \/>\n\t<meta property=\"og:image:height\" content=\"280\" \/>\n\t<meta property=\"og:image:type\" content=\"image\/jpeg\" \/>\n<meta name=\"twitter:card\" content=\"summary_large_image\" \/>\n<script type=\"application\/ld+json\" class=\"yoast-schema-graph\">{\"@context\":\"https:\\\/\\\/schema.org\",\"@graph\":[{\"@type\":\"WebPage\",\"@id\":\"https:\\\/\\\/www.libriparlanti.org\\\/index.php\\\/prodotto\\\/resta-ancora-un-po\\\/\",\"url\":\"https:\\\/\\\/www.libriparlanti.org\\\/index.php\\\/prodotto\\\/resta-ancora-un-po\\\/\",\"name\":\"RESTA ANCORA UN PO' - Libreria Libri parlanti\",\"isPartOf\":{\"@id\":\"https:\\\/\\\/www.libriparlanti.org\\\/#website\"},\"primaryImageOfPage\":{\"@id\":\"https:\\\/\\\/www.libriparlanti.org\\\/index.php\\\/prodotto\\\/resta-ancora-un-po\\\/#primaryimage\"},\"image\":{\"@id\":\"https:\\\/\\\/www.libriparlanti.org\\\/index.php\\\/prodotto\\\/resta-ancora-un-po\\\/#primaryimage\"},\"thumbnailUrl\":\"https:\\\/\\\/www.libriparlanti.org\\\/wp-content\\\/uploads\\\/2020\\\/11\\\/download-2.jpg\",\"datePublished\":\"2020-11-04T09:19:23+00:00\",\"dateModified\":\"2021-01-29T17:18:40+00:00\",\"description\":\"Giuditta si \u00e8 messa in testa di scegliere il luogo pi\u00f9 adatto per il suo eterno riposo. Con tutina rosa e scarpette di vernice esplorer\u00e0 lapidi e vialetti alla ricerca del cimitero perfetto e, senza troppi convenevoli, entrer\u00e0 nelle vite dei suoi giovani accompagnatori e in tutte le loro vite lascer\u00e0 un segno.\",\"breadcrumb\":{\"@id\":\"https:\\\/\\\/www.libriparlanti.org\\\/index.php\\\/prodotto\\\/resta-ancora-un-po\\\/#breadcrumb\"},\"inLanguage\":\"it-IT\",\"potentialAction\":[{\"@type\":\"ReadAction\",\"target\":[\"https:\\\/\\\/www.libriparlanti.org\\\/index.php\\\/prodotto\\\/resta-ancora-un-po\\\/\"]}]},{\"@type\":\"ImageObject\",\"inLanguage\":\"it-IT\",\"@id\":\"https:\\\/\\\/www.libriparlanti.org\\\/index.php\\\/prodotto\\\/resta-ancora-un-po\\\/#primaryimage\",\"url\":\"https:\\\/\\\/www.libriparlanti.org\\\/wp-content\\\/uploads\\\/2020\\\/11\\\/download-2.jpg\",\"contentUrl\":\"https:\\\/\\\/www.libriparlanti.org\\\/wp-content\\\/uploads\\\/2020\\\/11\\\/download-2.jpg\",\"width\":180,\"height\":280},{\"@type\":\"BreadcrumbList\",\"@id\":\"https:\\\/\\\/www.libriparlanti.org\\\/index.php\\\/prodotto\\\/resta-ancora-un-po\\\/#breadcrumb\",\"itemListElement\":[{\"@type\":\"ListItem\",\"position\":1,\"name\":\"Home\",\"item\":\"https:\\\/\\\/www.libriparlanti.org\\\/\"},{\"@type\":\"ListItem\",\"position\":2,\"name\":\"Shop\",\"item\":\"https:\\\/\\\/www.libriparlanti.org\\\/index.php\\\/negozio\\\/\"},{\"@type\":\"ListItem\",\"position\":3,\"name\":\"RESTA ANCORA UN PO&#8217;\"}]},{\"@type\":\"WebSite\",\"@id\":\"https:\\\/\\\/www.libriparlanti.org\\\/#website\",\"url\":\"https:\\\/\\\/www.libriparlanti.org\\\/\",\"name\":\"Libreria Libri parlanti\",\"description\":\"Libreria in Castiglione del Lago (Pg)\",\"potentialAction\":[{\"@type\":\"SearchAction\",\"target\":{\"@type\":\"EntryPoint\",\"urlTemplate\":\"https:\\\/\\\/www.libriparlanti.org\\\/?s={search_term_string}\"},\"query-input\":{\"@type\":\"PropertyValueSpecification\",\"valueRequired\":true,\"valueName\":\"search_term_string\"}}],\"inLanguage\":\"it-IT\"}]}<\/script>\n<!-- \/ Yoast SEO plugin. -->","yoast_head_json":{"title":"RESTA ANCORA UN PO' - Libreria Libri parlanti","description":"Giuditta si \u00e8 messa in testa di scegliere il luogo pi\u00f9 adatto per il suo eterno riposo. Con tutina rosa e scarpette di vernice esplorer\u00e0 lapidi e vialetti alla ricerca del cimitero perfetto e, senza troppi convenevoli, entrer\u00e0 nelle vite dei suoi giovani accompagnatori e in tutte le loro vite lascer\u00e0 un segno.","robots":{"index":"index","follow":"follow","max-snippet":"max-snippet:-1","max-image-preview":"max-image-preview:large","max-video-preview":"max-video-preview:-1"},"canonical":"https:\/\/www.libriparlanti.org\/index.php\/prodotto\/resta-ancora-un-po\/","og_locale":"it_IT","og_type":"article","og_title":"RESTA ANCORA UN PO' - Libreria Libri parlanti","og_description":"Giuditta si \u00e8 messa in testa di scegliere il luogo pi\u00f9 adatto per il suo eterno riposo. Con tutina rosa e scarpette di vernice esplorer\u00e0 lapidi e vialetti alla ricerca del cimitero perfetto e, senza troppi convenevoli, entrer\u00e0 nelle vite dei suoi giovani accompagnatori e in tutte le loro vite lascer\u00e0 un segno.","og_url":"https:\/\/www.libriparlanti.org\/index.php\/prodotto\/resta-ancora-un-po\/","og_site_name":"Libreria Libri parlanti","article_publisher":"https:\/\/www.facebook.com\/LibriParlanti","article_modified_time":"2021-01-29T17:18:40+00:00","og_image":[{"width":180,"height":280,"url":"https:\/\/www.libriparlanti.org\/wp-content\/uploads\/2020\/11\/download-2.jpg","type":"image\/jpeg"}],"twitter_card":"summary_large_image","schema":{"@context":"https:\/\/schema.org","@graph":[{"@type":"WebPage","@id":"https:\/\/www.libriparlanti.org\/index.php\/prodotto\/resta-ancora-un-po\/","url":"https:\/\/www.libriparlanti.org\/index.php\/prodotto\/resta-ancora-un-po\/","name":"RESTA ANCORA UN PO' - Libreria Libri parlanti","isPartOf":{"@id":"https:\/\/www.libriparlanti.org\/#website"},"primaryImageOfPage":{"@id":"https:\/\/www.libriparlanti.org\/index.php\/prodotto\/resta-ancora-un-po\/#primaryimage"},"image":{"@id":"https:\/\/www.libriparlanti.org\/index.php\/prodotto\/resta-ancora-un-po\/#primaryimage"},"thumbnailUrl":"https:\/\/www.libriparlanti.org\/wp-content\/uploads\/2020\/11\/download-2.jpg","datePublished":"2020-11-04T09:19:23+00:00","dateModified":"2021-01-29T17:18:40+00:00","description":"Giuditta si \u00e8 messa in testa di scegliere il luogo pi\u00f9 adatto per il suo eterno riposo. Con tutina rosa e scarpette di vernice esplorer\u00e0 lapidi e vialetti alla ricerca del cimitero perfetto e, senza troppi convenevoli, entrer\u00e0 nelle vite dei suoi giovani accompagnatori e in tutte le loro vite lascer\u00e0 un segno.","breadcrumb":{"@id":"https:\/\/www.libriparlanti.org\/index.php\/prodotto\/resta-ancora-un-po\/#breadcrumb"},"inLanguage":"it-IT","potentialAction":[{"@type":"ReadAction","target":["https:\/\/www.libriparlanti.org\/index.php\/prodotto\/resta-ancora-un-po\/"]}]},{"@type":"ImageObject","inLanguage":"it-IT","@id":"https:\/\/www.libriparlanti.org\/index.php\/prodotto\/resta-ancora-un-po\/#primaryimage","url":"https:\/\/www.libriparlanti.org\/wp-content\/uploads\/2020\/11\/download-2.jpg","contentUrl":"https:\/\/www.libriparlanti.org\/wp-content\/uploads\/2020\/11\/download-2.jpg","width":180,"height":280},{"@type":"BreadcrumbList","@id":"https:\/\/www.libriparlanti.org\/index.php\/prodotto\/resta-ancora-un-po\/#breadcrumb","itemListElement":[{"@type":"ListItem","position":1,"name":"Home","item":"https:\/\/www.libriparlanti.org\/"},{"@type":"ListItem","position":2,"name":"Shop","item":"https:\/\/www.libriparlanti.org\/index.php\/negozio\/"},{"@type":"ListItem","position":3,"name":"RESTA ANCORA UN PO&#8217;"}]},{"@type":"WebSite","@id":"https:\/\/www.libriparlanti.org\/#website","url":"https:\/\/www.libriparlanti.org\/","name":"Libreria Libri parlanti","description":"Libreria in Castiglione del Lago (Pg)","potentialAction":[{"@type":"SearchAction","target":{"@type":"EntryPoint","urlTemplate":"https:\/\/www.libriparlanti.org\/?s={search_term_string}"},"query-input":{"@type":"PropertyValueSpecification","valueRequired":true,"valueName":"search_term_string"}}],"inLanguage":"it-IT"}]}},"_links":{"self":[{"href":"https:\/\/www.libriparlanti.org\/index.php\/wp-json\/wp\/v2\/product\/11496","targetHints":{"allow":["GET"]}}],"collection":[{"href":"https:\/\/www.libriparlanti.org\/index.php\/wp-json\/wp\/v2\/product"}],"about":[{"href":"https:\/\/www.libriparlanti.org\/index.php\/wp-json\/wp\/v2\/types\/product"}],"replies":[{"embeddable":true,"href":"https:\/\/www.libriparlanti.org\/index.php\/wp-json\/wp\/v2\/comments?post=11496"}],"wp:featuredmedia":[{"embeddable":true,"href":"https:\/\/www.libriparlanti.org\/index.php\/wp-json\/wp\/v2\/media\/11497"}],"wp:attachment":[{"href":"https:\/\/www.libriparlanti.org\/index.php\/wp-json\/wp\/v2\/media?parent=11496"}],"wp:term":[{"taxonomy":"product_brand","embeddable":true,"href":"https:\/\/www.libriparlanti.org\/index.php\/wp-json\/wp\/v2\/product_brand?post=11496"},{"taxonomy":"product_cat","embeddable":true,"href":"https:\/\/www.libriparlanti.org\/index.php\/wp-json\/wp\/v2\/product_cat?post=11496"},{"taxonomy":"product_tag","embeddable":true,"href":"https:\/\/www.libriparlanti.org\/index.php\/wp-json\/wp\/v2\/product_tag?post=11496"}],"curies":[{"name":"wp","href":"https:\/\/api.w.org\/{rel}","templated":true}]}}