{"id":11372,"date":"2020-10-26T17:04:20","date_gmt":"2020-10-26T15:04:20","guid":{"rendered":"https:\/\/www.libriparlanti.org\/?post_type=product&#038;p=11372"},"modified":"2020-10-26T17:34:34","modified_gmt":"2020-10-26T15:34:34","slug":"azami","status":"publish","type":"product","link":"https:\/\/www.libriparlanti.org\/index.php\/prodotto\/azami\/","title":{"rendered":"AZAMI"},"content":{"rendered":"<p>Il trentaseienne Mitsuo Kawano si divide tra la famiglia e il lavoro di redattore in una rivista d&#8217;attualit\u00e0, e per compensare l&#8217;inesistente vita sessuale con Atsuko, la madre dei suoi figli, frequenta locali a luci rosse. Un giorno incontra per caso Goro Kida, un ex compagno di classe diventato presidente dell&#8217;azienda di famiglia, che lo invita a trascorrere una serata in un lussuoso club. L\u00ec lavora come entra\u00eeneuse la bella e misteriosa Mitsuko, un&#8217;altra ex compagna di classe, il primo amore segreto di Mitsuo, la ragazza che nel suo diario chiamava &#8220;Azami&#8221;, come il fiore del cardo. I ricordi riaffiorano e ben presto tra i due nasce una relazione in cui Mitsuo riscopre una passionalit\u00e0 inattesa e totalizzante. Tuttavia, l&#8217;apparente equilibrio tra la quotidianit\u00e0 e gli incontri furtivi \u00e8 destinato a incrinarsi per mano dell&#8217;intrigante Goro Kida&#8230; Coincidenze e simbologie impreziosiscono l&#8217;evocativa scrittura dell&#8217;autrice, dalla radice dei nomi di Mitsuo e Mitsuko &#8211; che racchiude l&#8217;idea dell&#8217;appagamento, bench\u00e9 nessuno dei due sia soddisfatto della propria vita &#8211; al fiore del cardo, un fiore bello ma pieno di spine, emblema dell&#8217;indipendenza e della vendetta. Nelle pagine di Azami, primo romanzo di una pentalogia, Aki Shimazaki racconta di una famiglia come tante, dipingendo sentimenti intimi, rapporti lacerati vissuti nell&#8217;ombra e nella menzogna.<\/p>\n<div id=\"attachment_11373\" style=\"width: 195px\" class=\"wp-caption alignnone\"><a href=\"https:\/\/www.libriparlanti.org\/wp-content\/uploads\/2020\/10\/9788807034190_quarta.jpg.600x800_q100_upscale.jpg\"><img loading=\"lazy\" decoding=\"async\" aria-describedby=\"caption-attachment-11373\" class=\"size-medium wp-image-11373\" src=\"https:\/\/www.libriparlanti.org\/wp-content\/uploads\/2020\/10\/9788807034190_quarta.jpg.600x800_q100_upscale-185x300.jpg\" alt=\"APE SU FIORE SFONDO COLORE ROSA \" width=\"185\" height=\"300\" srcset=\"https:\/\/www.libriparlanti.org\/wp-content\/uploads\/2020\/10\/9788807034190_quarta.jpg.600x800_q100_upscale-185x300.jpg 185w, https:\/\/www.libriparlanti.org\/wp-content\/uploads\/2020\/10\/9788807034190_quarta.jpg.600x800_q100_upscale-300x486.jpg 300w, https:\/\/www.libriparlanti.org\/wp-content\/uploads\/2020\/10\/9788807034190_quarta.jpg.600x800_q100_upscale.jpg 494w\" sizes=\"(max-width: 185px) 100vw, 185px\" \/><\/a><p id=\"caption-attachment-11373\" class=\"wp-caption-text\">AZAMI<\/p><\/div>\n<div id=\"attachment_11373\" style=\"width: 195px\" class=\"wp-caption alignnone\"><a href=\"https:\/\/www.libriparlanti.org\/wp-content\/uploads\/2020\/10\/9788807034190_quarta.jpg.600x800_q100_upscale.jpg\"><img loading=\"lazy\" decoding=\"async\" aria-describedby=\"caption-attachment-11373\" class=\"size-medium wp-image-11373\" src=\"https:\/\/www.libriparlanti.org\/wp-content\/uploads\/2020\/10\/9788807034190_quarta.jpg.600x800_q100_upscale-185x300.jpg\" alt=\"APE SU FIORE SFONDO COLORE ROSA \" width=\"185\" height=\"300\" srcset=\"https:\/\/www.libriparlanti.org\/wp-content\/uploads\/2020\/10\/9788807034190_quarta.jpg.600x800_q100_upscale-185x300.jpg 185w, https:\/\/www.libriparlanti.org\/wp-content\/uploads\/2020\/10\/9788807034190_quarta.jpg.600x800_q100_upscale-300x486.jpg 300w, https:\/\/www.libriparlanti.org\/wp-content\/uploads\/2020\/10\/9788807034190_quarta.jpg.600x800_q100_upscale.jpg 494w\" sizes=\"(max-width: 185px) 100vw, 185px\" \/><\/a><p id=\"caption-attachment-11373\" class=\"wp-caption-text\">AZAMI<\/p><\/div>\n","protected":false},"excerpt":{"rendered":"<p>Il trentaseienne Mitsuo Kawano si divide tra la famiglia e il lavoro di redattore in una rivista d\u2019attualit\u00e0, e per compensare l\u2019inesistente vita sessuale con Atsuko, la madre dei suoi figli, frequenta locali a luci rosse. Un giorno incontra per caso Goro&nbsp;Kida, un ex compagno di classe diventato presidente dell\u2019azienda di famiglia, che lo invita a trascorrere una serata in un lussuoso club. L\u00ec lavora come entra\u00eeneuse la bella e misteriosa Mitsuko, un\u2019altra ex compagna di classe, il primo amore segreto di Mitsuo, la ragazza che nel suo diario chiamava \u201cAzami\u201d, come il fiore del cardo. I ricordi riaffiorano e ben presto tra i due nasce una relazione in cui Mitsuo riscopre una passionalit\u00e0 inattesa e totalizzante.&nbsp;Tuttavia, l\u2019apparente equilibrio tra la quotidianit\u00e0&nbsp;e gli incontri furtivi \u00e8 destinato a incrinarsi per mano dell\u2019intrigante Goro&nbsp;Kida. Repentini cambiamenti di vita e l\u2019infittirsi del mistero attorno a Mitsuko culminano in un malinconico&nbsp;finale ricco di suspense. Coincidenze e simbologie&nbsp;impreziosiscono la sempre evocativa scrittura dell\u2019autrice, dalla radice dei nomi di Mitsuo e Mitsuko \u2013 che racchiude l\u2019idea dell\u2019appagamento, bench\u00e9 nessuno dei due sia soddisfatto della propria vita \u2013 al fiore del cardo, un fiore bello ma pieno di spine, emblema dell\u2019indipendenza e della vendetta.<\/p>\n<p>Nelle pagine di&nbsp;<i>Azami<\/i>, primo romanzo di una nuova avvincente pentalogia, Aki Shimazaki racconta di una famiglia come tante, dipingendo sentimenti intimi, rapporti lacerati vissuti nell\u2019ombra e nella menzogna.<\/p>\n<div id=\"attachment_11373\" style=\"width: 195px\" class=\"wp-caption alignnone\"><a href=\"https:\/\/www.libriparlanti.org\/wp-content\/uploads\/2020\/10\/9788807034190_quarta.jpg.600x800_q100_upscale.jpg\"><img loading=\"lazy\" decoding=\"async\" aria-describedby=\"caption-attachment-11373\" class=\"size-medium wp-image-11373\" src=\"https:\/\/www.libriparlanti.org\/wp-content\/uploads\/2020\/10\/9788807034190_quarta.jpg.600x800_q100_upscale-185x300.jpg\" alt=\"APE SU FIORE SFONDO COLORE ROSA\" width=\"185\" height=\"300\" srcset=\"https:\/\/www.libriparlanti.org\/wp-content\/uploads\/2020\/10\/9788807034190_quarta.jpg.600x800_q100_upscale-185x300.jpg 185w, https:\/\/www.libriparlanti.org\/wp-content\/uploads\/2020\/10\/9788807034190_quarta.jpg.600x800_q100_upscale-300x486.jpg 300w, https:\/\/www.libriparlanti.org\/wp-content\/uploads\/2020\/10\/9788807034190_quarta.jpg.600x800_q100_upscale.jpg 494w\" sizes=\"(max-width: 185px) 100vw, 185px\" \/><\/a><p id=\"caption-attachment-11373\" class=\"wp-caption-text\">AZAMI<\/p><\/div>\n","protected":false},"featured_media":11373,"comment_status":"open","ping_status":"closed","template":"","meta":{"_et_pb_use_builder":"","_et_pb_old_content":"","_et_gb_content_width":"","_joinchat":[]},"product_brand":[],"product_cat":[1736],"product_tag":[1818,1819],"class_list":{"0":"post-11372","1":"product","2":"type-product","3":"status-publish","4":"has-post-thumbnail","6":"product_cat-narrativa","7":"product_tag-azami","8":"product_tag-giappone","10":"first","11":"instock","12":"taxable","13":"shipping-taxable","14":"purchasable","15":"product-type-simple"},"yoast_head":"<!-- This site is optimized with the Yoast SEO plugin v27.3 - https:\/\/yoast.com\/product\/yoast-seo-wordpress\/ -->\n<title>AZAMI - Libreria Libri parlanti<\/title>\n<meta name=\"robots\" content=\"index, follow, max-snippet:-1, max-image-preview:large, max-video-preview:-1\" \/>\n<link rel=\"canonical\" href=\"https:\/\/www.libriparlanti.org\/index.php\/prodotto\/azami\/\" \/>\n<meta property=\"og:locale\" content=\"it_IT\" \/>\n<meta property=\"og:type\" content=\"article\" \/>\n<meta property=\"og:title\" content=\"AZAMI - Libreria Libri parlanti\" \/>\n<meta property=\"og:description\" content=\"Il trentaseienne Mitsuo Kawano si divide tra la famiglia e il lavoro di redattore in una rivista d\u2019attualit\u00e0, e per compensare l\u2019inesistente vita sessuale con Atsuko, la madre dei suoi figli, frequenta locali a luci rosse. Un giorno incontra per caso Goro&nbsp;Kida, un ex compagno di classe diventato presidente dell\u2019azienda di famiglia, che lo invita a trascorrere una serata in un lussuoso club. L\u00ec lavora come entra\u00eeneuse la bella e misteriosa Mitsuko, un\u2019altra ex compagna di classe, il primo amore segreto di Mitsuo, la ragazza che nel suo diario chiamava \u201cAzami\u201d, come il fiore del cardo. I ricordi riaffiorano e ben presto tra i due nasce una relazione in cui Mitsuo riscopre una passionalit\u00e0 inattesa e totalizzante.&nbsp;Tuttavia, l\u2019apparente equilibrio tra la quotidianit\u00e0&nbsp;e gli incontri furtivi \u00e8 destinato a incrinarsi per mano dell\u2019intrigante Goro&nbsp;Kida. Repentini cambiamenti di vita e l\u2019infittirsi del mistero attorno a Mitsuko culminano in un malinconico&nbsp;finale ricco di suspense. Coincidenze e simbologie&nbsp;impreziosiscono la sempre evocativa scrittura dell\u2019autrice, dalla radice dei nomi di Mitsuo e Mitsuko \u2013 che racchiude l\u2019idea dell\u2019appagamento, bench\u00e9 nessuno dei due sia soddisfatto della propria vita \u2013 al fiore del cardo, un fiore bello ma pieno di spine, emblema dell\u2019indipendenza e della vendetta.  Nelle pagine di&nbsp;Azami, primo romanzo di una nuova avvincente pentalogia, Aki Shimazaki racconta di una famiglia come tante, dipingendo sentimenti intimi, rapporti lacerati vissuti nell\u2019ombra e nella menzogna.\" \/>\n<meta property=\"og:url\" content=\"https:\/\/www.libriparlanti.org\/index.php\/prodotto\/azami\/\" \/>\n<meta property=\"og:site_name\" content=\"Libreria Libri parlanti\" \/>\n<meta property=\"article:publisher\" content=\"https:\/\/www.facebook.com\/LibriParlanti\" \/>\n<meta property=\"article:modified_time\" content=\"2020-10-26T15:34:34+00:00\" \/>\n<meta property=\"og:image\" content=\"https:\/\/www.libriparlanti.org\/wp-content\/uploads\/2020\/10\/9788807034190_quarta.jpg.600x800_q100_upscale.jpg\" \/>\n\t<meta property=\"og:image:width\" content=\"494\" \/>\n\t<meta property=\"og:image:height\" content=\"800\" \/>\n\t<meta property=\"og:image:type\" content=\"image\/jpeg\" \/>\n<meta name=\"twitter:card\" content=\"summary_large_image\" \/>\n<meta name=\"twitter:label1\" content=\"Tempo di lettura stimato\" \/>\n\t<meta name=\"twitter:data1\" content=\"1 minuto\" \/>\n<script type=\"application\/ld+json\" class=\"yoast-schema-graph\">{\"@context\":\"https:\\\/\\\/schema.org\",\"@graph\":[{\"@type\":\"WebPage\",\"@id\":\"https:\\\/\\\/www.libriparlanti.org\\\/index.php\\\/prodotto\\\/azami\\\/\",\"url\":\"https:\\\/\\\/www.libriparlanti.org\\\/index.php\\\/prodotto\\\/azami\\\/\",\"name\":\"AZAMI - Libreria Libri parlanti\",\"isPartOf\":{\"@id\":\"https:\\\/\\\/www.libriparlanti.org\\\/#website\"},\"primaryImageOfPage\":{\"@id\":\"https:\\\/\\\/www.libriparlanti.org\\\/index.php\\\/prodotto\\\/azami\\\/#primaryimage\"},\"image\":{\"@id\":\"https:\\\/\\\/www.libriparlanti.org\\\/index.php\\\/prodotto\\\/azami\\\/#primaryimage\"},\"thumbnailUrl\":\"https:\\\/\\\/www.libriparlanti.org\\\/wp-content\\\/uploads\\\/2020\\\/10\\\/9788807034190_quarta.jpg.600x800_q100_upscale.jpg\",\"datePublished\":\"2020-10-26T15:04:20+00:00\",\"dateModified\":\"2020-10-26T15:34:34+00:00\",\"breadcrumb\":{\"@id\":\"https:\\\/\\\/www.libriparlanti.org\\\/index.php\\\/prodotto\\\/azami\\\/#breadcrumb\"},\"inLanguage\":\"it-IT\",\"potentialAction\":[{\"@type\":\"ReadAction\",\"target\":[\"https:\\\/\\\/www.libriparlanti.org\\\/index.php\\\/prodotto\\\/azami\\\/\"]}]},{\"@type\":\"ImageObject\",\"inLanguage\":\"it-IT\",\"@id\":\"https:\\\/\\\/www.libriparlanti.org\\\/index.php\\\/prodotto\\\/azami\\\/#primaryimage\",\"url\":\"https:\\\/\\\/www.libriparlanti.org\\\/wp-content\\\/uploads\\\/2020\\\/10\\\/9788807034190_quarta.jpg.600x800_q100_upscale.jpg\",\"contentUrl\":\"https:\\\/\\\/www.libriparlanti.org\\\/wp-content\\\/uploads\\\/2020\\\/10\\\/9788807034190_quarta.jpg.600x800_q100_upscale.jpg\",\"width\":494,\"height\":800,\"caption\":\"AZAMI\"},{\"@type\":\"BreadcrumbList\",\"@id\":\"https:\\\/\\\/www.libriparlanti.org\\\/index.php\\\/prodotto\\\/azami\\\/#breadcrumb\",\"itemListElement\":[{\"@type\":\"ListItem\",\"position\":1,\"name\":\"Home\",\"item\":\"https:\\\/\\\/www.libriparlanti.org\\\/\"},{\"@type\":\"ListItem\",\"position\":2,\"name\":\"Shop\",\"item\":\"https:\\\/\\\/www.libriparlanti.org\\\/index.php\\\/negozio\\\/\"},{\"@type\":\"ListItem\",\"position\":3,\"name\":\"AZAMI\"}]},{\"@type\":\"WebSite\",\"@id\":\"https:\\\/\\\/www.libriparlanti.org\\\/#website\",\"url\":\"https:\\\/\\\/www.libriparlanti.org\\\/\",\"name\":\"Libreria Libri parlanti\",\"description\":\"Libreria in Castiglione del Lago (Pg)\",\"potentialAction\":[{\"@type\":\"SearchAction\",\"target\":{\"@type\":\"EntryPoint\",\"urlTemplate\":\"https:\\\/\\\/www.libriparlanti.org\\\/?s={search_term_string}\"},\"query-input\":{\"@type\":\"PropertyValueSpecification\",\"valueRequired\":true,\"valueName\":\"search_term_string\"}}],\"inLanguage\":\"it-IT\"}]}<\/script>\n<!-- \/ Yoast SEO plugin. -->","yoast_head_json":{"title":"AZAMI - Libreria Libri parlanti","robots":{"index":"index","follow":"follow","max-snippet":"max-snippet:-1","max-image-preview":"max-image-preview:large","max-video-preview":"max-video-preview:-1"},"canonical":"https:\/\/www.libriparlanti.org\/index.php\/prodotto\/azami\/","og_locale":"it_IT","og_type":"article","og_title":"AZAMI - Libreria Libri parlanti","og_description":"Il trentaseienne Mitsuo Kawano si divide tra la famiglia e il lavoro di redattore in una rivista d\u2019attualit\u00e0, e per compensare l\u2019inesistente vita sessuale con Atsuko, la madre dei suoi figli, frequenta locali a luci rosse. Un giorno incontra per caso Goro&nbsp;Kida, un ex compagno di classe diventato presidente dell\u2019azienda di famiglia, che lo invita a trascorrere una serata in un lussuoso club. L\u00ec lavora come entra\u00eeneuse la bella e misteriosa Mitsuko, un\u2019altra ex compagna di classe, il primo amore segreto di Mitsuo, la ragazza che nel suo diario chiamava \u201cAzami\u201d, come il fiore del cardo. I ricordi riaffiorano e ben presto tra i due nasce una relazione in cui Mitsuo riscopre una passionalit\u00e0 inattesa e totalizzante.&nbsp;Tuttavia, l\u2019apparente equilibrio tra la quotidianit\u00e0&nbsp;e gli incontri furtivi \u00e8 destinato a incrinarsi per mano dell\u2019intrigante Goro&nbsp;Kida. Repentini cambiamenti di vita e l\u2019infittirsi del mistero attorno a Mitsuko culminano in un malinconico&nbsp;finale ricco di suspense. Coincidenze e simbologie&nbsp;impreziosiscono la sempre evocativa scrittura dell\u2019autrice, dalla radice dei nomi di Mitsuo e Mitsuko \u2013 che racchiude l\u2019idea dell\u2019appagamento, bench\u00e9 nessuno dei due sia soddisfatto della propria vita \u2013 al fiore del cardo, un fiore bello ma pieno di spine, emblema dell\u2019indipendenza e della vendetta.  Nelle pagine di&nbsp;Azami, primo romanzo di una nuova avvincente pentalogia, Aki Shimazaki racconta di una famiglia come tante, dipingendo sentimenti intimi, rapporti lacerati vissuti nell\u2019ombra e nella menzogna.","og_url":"https:\/\/www.libriparlanti.org\/index.php\/prodotto\/azami\/","og_site_name":"Libreria Libri parlanti","article_publisher":"https:\/\/www.facebook.com\/LibriParlanti","article_modified_time":"2020-10-26T15:34:34+00:00","og_image":[{"width":494,"height":800,"url":"https:\/\/www.libriparlanti.org\/wp-content\/uploads\/2020\/10\/9788807034190_quarta.jpg.600x800_q100_upscale.jpg","type":"image\/jpeg"}],"twitter_card":"summary_large_image","twitter_misc":{"Tempo di lettura stimato":"1 minuto"},"schema":{"@context":"https:\/\/schema.org","@graph":[{"@type":"WebPage","@id":"https:\/\/www.libriparlanti.org\/index.php\/prodotto\/azami\/","url":"https:\/\/www.libriparlanti.org\/index.php\/prodotto\/azami\/","name":"AZAMI - Libreria Libri parlanti","isPartOf":{"@id":"https:\/\/www.libriparlanti.org\/#website"},"primaryImageOfPage":{"@id":"https:\/\/www.libriparlanti.org\/index.php\/prodotto\/azami\/#primaryimage"},"image":{"@id":"https:\/\/www.libriparlanti.org\/index.php\/prodotto\/azami\/#primaryimage"},"thumbnailUrl":"https:\/\/www.libriparlanti.org\/wp-content\/uploads\/2020\/10\/9788807034190_quarta.jpg.600x800_q100_upscale.jpg","datePublished":"2020-10-26T15:04:20+00:00","dateModified":"2020-10-26T15:34:34+00:00","breadcrumb":{"@id":"https:\/\/www.libriparlanti.org\/index.php\/prodotto\/azami\/#breadcrumb"},"inLanguage":"it-IT","potentialAction":[{"@type":"ReadAction","target":["https:\/\/www.libriparlanti.org\/index.php\/prodotto\/azami\/"]}]},{"@type":"ImageObject","inLanguage":"it-IT","@id":"https:\/\/www.libriparlanti.org\/index.php\/prodotto\/azami\/#primaryimage","url":"https:\/\/www.libriparlanti.org\/wp-content\/uploads\/2020\/10\/9788807034190_quarta.jpg.600x800_q100_upscale.jpg","contentUrl":"https:\/\/www.libriparlanti.org\/wp-content\/uploads\/2020\/10\/9788807034190_quarta.jpg.600x800_q100_upscale.jpg","width":494,"height":800,"caption":"AZAMI"},{"@type":"BreadcrumbList","@id":"https:\/\/www.libriparlanti.org\/index.php\/prodotto\/azami\/#breadcrumb","itemListElement":[{"@type":"ListItem","position":1,"name":"Home","item":"https:\/\/www.libriparlanti.org\/"},{"@type":"ListItem","position":2,"name":"Shop","item":"https:\/\/www.libriparlanti.org\/index.php\/negozio\/"},{"@type":"ListItem","position":3,"name":"AZAMI"}]},{"@type":"WebSite","@id":"https:\/\/www.libriparlanti.org\/#website","url":"https:\/\/www.libriparlanti.org\/","name":"Libreria Libri parlanti","description":"Libreria in Castiglione del Lago (Pg)","potentialAction":[{"@type":"SearchAction","target":{"@type":"EntryPoint","urlTemplate":"https:\/\/www.libriparlanti.org\/?s={search_term_string}"},"query-input":{"@type":"PropertyValueSpecification","valueRequired":true,"valueName":"search_term_string"}}],"inLanguage":"it-IT"}]}},"_links":{"self":[{"href":"https:\/\/www.libriparlanti.org\/index.php\/wp-json\/wp\/v2\/product\/11372","targetHints":{"allow":["GET"]}}],"collection":[{"href":"https:\/\/www.libriparlanti.org\/index.php\/wp-json\/wp\/v2\/product"}],"about":[{"href":"https:\/\/www.libriparlanti.org\/index.php\/wp-json\/wp\/v2\/types\/product"}],"replies":[{"embeddable":true,"href":"https:\/\/www.libriparlanti.org\/index.php\/wp-json\/wp\/v2\/comments?post=11372"}],"wp:featuredmedia":[{"embeddable":true,"href":"https:\/\/www.libriparlanti.org\/index.php\/wp-json\/wp\/v2\/media\/11373"}],"wp:attachment":[{"href":"https:\/\/www.libriparlanti.org\/index.php\/wp-json\/wp\/v2\/media?parent=11372"}],"wp:term":[{"taxonomy":"product_brand","embeddable":true,"href":"https:\/\/www.libriparlanti.org\/index.php\/wp-json\/wp\/v2\/product_brand?post=11372"},{"taxonomy":"product_cat","embeddable":true,"href":"https:\/\/www.libriparlanti.org\/index.php\/wp-json\/wp\/v2\/product_cat?post=11372"},{"taxonomy":"product_tag","embeddable":true,"href":"https:\/\/www.libriparlanti.org\/index.php\/wp-json\/wp\/v2\/product_tag?post=11372"}],"curies":[{"name":"wp","href":"https:\/\/api.w.org\/{rel}","templated":true}]}}