{"id":11303,"date":"2020-10-24T10:35:30","date_gmt":"2020-10-24T08:35:30","guid":{"rendered":"https:\/\/www.libriparlanti.org\/?post_type=product&#038;p=11303"},"modified":"2020-10-24T10:43:23","modified_gmt":"2020-10-24T08:43:23","slug":"vita-uno-spettacolo-straordinario-di-lisa-aisato","status":"publish","type":"product","link":"https:\/\/www.libriparlanti.org\/index.php\/prodotto\/vita-uno-spettacolo-straordinario-di-lisa-aisato\/","title":{"rendered":"VITA UNO SPETTACOLO STRAORDINARIO DI LISA AISATO"},"content":{"rendered":"<h2 class=\"pagina-text-h2\">UNO SPETTACOLO STRAORDINARIO<\/h2>\n<div class=\"mt_20 gray min500\">\n<p>Da tanto tempo sognavo di pubblicare un libro che raccogliesse le mie migliori illustrazioni, e ora eccolo qui, tra le tue mani. Per Vita \u2013 Uno spettacolo straordinario ho tirato fuori disegni e dipinti da un\u2019intensa carriera di illustratrice: alcuni sono inediti e recentissimi, altri sono dei classici gi\u00e0 comparsi nei libri o nel magazine del quotidiano Dagbladet con cui collaboro da molti anni. Ho trascorso giorni e giorni a guardarli e non ci ho messo molto ad accorgermi che avevo sotto gli occhi la vita, la vita illustrata. Nel libro le immagini sono accostate a formare una storia che parla di noi esseri umani. Sono partita dalla mia esperienza, ma ho anche parlato con le persone a me vicine di quali tappe \u00e8 composta la vita. I colori, il gioco e la seriet\u00e0 dell\u2019infanzia, la giovinezza sensibile e caotica, il peso dell\u2019essere adulti e la libert\u00e0, le nostalgie e la sapienza della vecchiaia. \u00c8 un libro visivo, il testo pu\u00f2 solo tenerti delicatamente per mano mentre lo sfogli. Forse non ti riconoscerai in tutte le mie descrizioni ma spero che ti lascerai emozionare. E spero che leggere questo libro ti dar\u00e0 la stessa gioia che ha dato a me lavorarci. Lisa Aisato<\/p>\n<div id=\"attachment_11304\" style=\"width: 269px\" class=\"wp-caption alignnone\"><a href=\"https:\/\/www.libriparlanti.org\/wp-content\/uploads\/2020\/10\/5026301-9788817149914-285x330-1.png\"><img loading=\"lazy\" decoding=\"async\" aria-describedby=\"caption-attachment-11304\" class=\"size-medium wp-image-11304\" src=\"https:\/\/www.libriparlanti.org\/wp-content\/uploads\/2020\/10\/5026301-9788817149914-285x330-1-259x300.png\" alt=\"\" width=\"259\" height=\"300\" srcset=\"https:\/\/www.libriparlanti.org\/wp-content\/uploads\/2020\/10\/5026301-9788817149914-285x330-1-259x300.png 259w, https:\/\/www.libriparlanti.org\/wp-content\/uploads\/2020\/10\/5026301-9788817149914-285x330-1.png 285w\" sizes=\"(max-width: 259px) 100vw, 259px\" \/><\/a><p id=\"caption-attachment-11304\" class=\"wp-caption-text\">VITA &#8211; UNO SPETTACOLO STRAORDINARIO<\/p><\/div>\n<\/div>\n","protected":false},"excerpt":{"rendered":"<h2 class=\"pagina-text-h2\">UNO SPETTACOLO STRAORDINARIO<\/h2>\n<div class=\"mt_20 gray min500\">\n<p>Da tanto tempo sognavo di pubblicare un libro che raccogliesse le mie migliori illustrazioni, e ora eccolo qui, tra le tue mani. Per Vita \u2013 Uno spettacolo straordinario ho tirato fuori disegni e dipinti da un\u2019intensa carriera di illustratrice: alcuni sono inediti e recentissimi, altri sono dei classici gi\u00e0 comparsi nei libri o nel magazine del quotidiano Dagbladet con cui collaboro da molti anni. Ho trascorso giorni e giorni a guardarli e non ci ho messo molto ad accorgermi che avevo sotto gli occhi la vita, la vita illustrata. Nel libro le immagini sono accostate a formare una storia che parla di noi esseri umani. Sono partita dalla mia esperienza, ma ho anche parlato con le persone a me vicine di quali tappe \u00e8 composta la vita. I colori, il gioco e la seriet\u00e0 dell\u2019infanzia, la giovinezza sensibile e caotica, il peso dell\u2019essere adulti e la libert\u00e0, le nostalgie e la sapienza della vecchiaia. \u00c8 un libro visivo, il testo pu\u00f2 solo tenerti delicatamente per mano mentre lo sfogli. Forse non ti riconoscerai in tutte le mie descrizioni ma spero che ti lascerai emozionare. E spero che leggere questo libro ti dar\u00e0 la stessa gioia che ha dato a me lavorarci. Lisa Aisato<\/p>\n<div id=\"attachment_11304\" style=\"width: 269px\" class=\"wp-caption alignnone\"><a href=\"https:\/\/www.libriparlanti.org\/wp-content\/uploads\/2020\/10\/5026301-9788817149914-285x330-1.png\"><img loading=\"lazy\" decoding=\"async\" aria-describedby=\"caption-attachment-11304\" class=\"size-medium wp-image-11304\" src=\"https:\/\/www.libriparlanti.org\/wp-content\/uploads\/2020\/10\/5026301-9788817149914-285x330-1-259x300.png\" alt=\"\" width=\"259\" height=\"300\" srcset=\"https:\/\/www.libriparlanti.org\/wp-content\/uploads\/2020\/10\/5026301-9788817149914-285x330-1-259x300.png 259w, https:\/\/www.libriparlanti.org\/wp-content\/uploads\/2020\/10\/5026301-9788817149914-285x330-1.png 285w\" sizes=\"(max-width: 259px) 100vw, 259px\" \/><\/a><p id=\"caption-attachment-11304\" class=\"wp-caption-text\">VITA &#8211; UNO SPETTACOLO STRAORDINARIO<\/p><\/div>\n<\/div>\n<p>&nbsp;<\/p>\n<p>&nbsp;<\/p>\n","protected":false},"featured_media":11304,"comment_status":"open","ping_status":"closed","template":"","meta":{"_et_pb_use_builder":"","_et_pb_old_content":"","_et_gb_content_width":"","_joinchat":[]},"product_brand":[],"product_cat":[1740,959,1730],"product_tag":[1783],"class_list":{"0":"post-11303","1":"product","2":"type-product","3":"status-publish","4":"has-post-thumbnail","6":"product_cat-albo-illustrato","7":"product_cat-senza-categoria","8":"product_cat-varia","9":"product_tag-vita","11":"first","12":"instock","13":"taxable","14":"shipping-taxable","15":"purchasable","16":"product-type-simple"},"yoast_head":"<!-- This site is optimized with the Yoast SEO plugin v27.5 - https:\/\/yoast.com\/product\/yoast-seo-wordpress\/ -->\n<title>VITA UNO SPETTACOLO STRAORDINARIO DI LISA AISATO - Libreria Libri parlanti<\/title>\n<meta name=\"robots\" content=\"index, follow, max-snippet:-1, max-image-preview:large, max-video-preview:-1\" \/>\n<link rel=\"canonical\" href=\"https:\/\/www.libriparlanti.org\/index.php\/prodotto\/vita-uno-spettacolo-straordinario-di-lisa-aisato\/\" \/>\n<meta property=\"og:locale\" content=\"it_IT\" \/>\n<meta property=\"og:type\" content=\"article\" \/>\n<meta property=\"og:title\" content=\"UNO SPETTACOLO STRAORDINARIO\" \/>\n<meta property=\"og:description\" content=\"UNO SPETTACOLO STRAORDINARIODa tanto tempo sognavo di pubblicare un libro che raccogliesse le mie migliori illustrazioni, e ora eccolo qui, tra le tue mani. Per Vita \u2013 Uno spettacolo straordinario ho tirato fuori disegni e dipinti da un\u2019intensa carriera di illustratrice: alcuni sono inediti e recentissimi, altri sono dei classici gi\u00e0 comparsi nei libri o nel magazine del quotidiano Dagbladet con cui collaboro da molti anni. Ho trascorso giorni e giorni a guardarli e non ci ho messo molto ad accorgermi che avevo sotto gli occhi la vita, la vita illustrata. Nel libro le immagini sono accostate a formare una storia che parla di noi esseri umani. Sono partita dalla mia esperienza, ma ho anche parlato con le persone a me vicine di quali tappe \u00e8 composta la vita. I colori, il gioco e la seriet\u00e0 dell\u2019infanzia, la giovinezza sensibile e caotica, il peso dell\u2019essere adulti e la libert\u00e0, le nostalgie e la sapienza della vecchiaia. \u00c8 un libro visivo, il testo pu\u00f2 solo tenerti delicatamente per mano mentre lo sfogli. Forse non ti riconoscerai in tutte le mie descrizioni ma spero che ti lascerai emozionare. E spero che leggere questo libro ti dar\u00e0 la stessa gioia che ha dato a me lavorarci. Lisa Aisato\" \/>\n<meta property=\"og:url\" content=\"https:\/\/www.libriparlanti.org\/index.php\/prodotto\/vita-uno-spettacolo-straordinario-di-lisa-aisato\/\" \/>\n<meta property=\"og:site_name\" content=\"Libreria Libri parlanti\" \/>\n<meta property=\"article:publisher\" content=\"https:\/\/www.facebook.com\/LibriParlanti\" \/>\n<meta property=\"article:modified_time\" content=\"2020-10-24T08:43:23+00:00\" \/>\n<meta property=\"og:image\" content=\"https:\/\/www.libriparlanti.org\/wp-content\/uploads\/2020\/10\/5026301-9788817149914-285x330-1.png\" \/>\n\t<meta property=\"og:image:width\" content=\"285\" \/>\n\t<meta property=\"og:image:height\" content=\"330\" \/>\n\t<meta property=\"og:image:type\" content=\"image\/png\" \/>\n<meta name=\"twitter:card\" content=\"summary_large_image\" \/>\n<meta name=\"twitter:label1\" content=\"Tempo di lettura stimato\" \/>\n\t<meta name=\"twitter:data1\" content=\"1 minuto\" \/>\n<script type=\"application\/ld+json\" class=\"yoast-schema-graph\">{\"@context\":\"https:\\\/\\\/schema.org\",\"@graph\":[{\"@type\":\"WebPage\",\"@id\":\"https:\\\/\\\/www.libriparlanti.org\\\/index.php\\\/prodotto\\\/vita-uno-spettacolo-straordinario-di-lisa-aisato\\\/\",\"url\":\"https:\\\/\\\/www.libriparlanti.org\\\/index.php\\\/prodotto\\\/vita-uno-spettacolo-straordinario-di-lisa-aisato\\\/\",\"name\":\"VITA UNO SPETTACOLO STRAORDINARIO DI LISA AISATO - Libreria Libri parlanti\",\"isPartOf\":{\"@id\":\"https:\\\/\\\/www.libriparlanti.org\\\/#website\"},\"primaryImageOfPage\":{\"@id\":\"https:\\\/\\\/www.libriparlanti.org\\\/index.php\\\/prodotto\\\/vita-uno-spettacolo-straordinario-di-lisa-aisato\\\/#primaryimage\"},\"image\":{\"@id\":\"https:\\\/\\\/www.libriparlanti.org\\\/index.php\\\/prodotto\\\/vita-uno-spettacolo-straordinario-di-lisa-aisato\\\/#primaryimage\"},\"thumbnailUrl\":\"https:\\\/\\\/www.libriparlanti.org\\\/wp-content\\\/uploads\\\/2020\\\/10\\\/5026301-9788817149914-285x330-1.png\",\"datePublished\":\"2020-10-24T08:35:30+00:00\",\"dateModified\":\"2020-10-24T08:43:23+00:00\",\"breadcrumb\":{\"@id\":\"https:\\\/\\\/www.libriparlanti.org\\\/index.php\\\/prodotto\\\/vita-uno-spettacolo-straordinario-di-lisa-aisato\\\/#breadcrumb\"},\"inLanguage\":\"it-IT\",\"potentialAction\":[{\"@type\":\"ReadAction\",\"target\":[\"https:\\\/\\\/www.libriparlanti.org\\\/index.php\\\/prodotto\\\/vita-uno-spettacolo-straordinario-di-lisa-aisato\\\/\"]}]},{\"@type\":\"ImageObject\",\"inLanguage\":\"it-IT\",\"@id\":\"https:\\\/\\\/www.libriparlanti.org\\\/index.php\\\/prodotto\\\/vita-uno-spettacolo-straordinario-di-lisa-aisato\\\/#primaryimage\",\"url\":\"https:\\\/\\\/www.libriparlanti.org\\\/wp-content\\\/uploads\\\/2020\\\/10\\\/5026301-9788817149914-285x330-1.png\",\"contentUrl\":\"https:\\\/\\\/www.libriparlanti.org\\\/wp-content\\\/uploads\\\/2020\\\/10\\\/5026301-9788817149914-285x330-1.png\",\"width\":285,\"height\":330,\"caption\":\"VITA - UNO SPETTACOLO STRAORDINARIO\"},{\"@type\":\"BreadcrumbList\",\"@id\":\"https:\\\/\\\/www.libriparlanti.org\\\/index.php\\\/prodotto\\\/vita-uno-spettacolo-straordinario-di-lisa-aisato\\\/#breadcrumb\",\"itemListElement\":[{\"@type\":\"ListItem\",\"position\":1,\"name\":\"Home\",\"item\":\"https:\\\/\\\/www.libriparlanti.org\\\/\"},{\"@type\":\"ListItem\",\"position\":2,\"name\":\"Shop\",\"item\":\"https:\\\/\\\/www.libriparlanti.org\\\/index.php\\\/negozio\\\/\"},{\"@type\":\"ListItem\",\"position\":3,\"name\":\"VITA UNO SPETTACOLO STRAORDINARIO DI LISA AISATO\"}]},{\"@type\":\"WebSite\",\"@id\":\"https:\\\/\\\/www.libriparlanti.org\\\/#website\",\"url\":\"https:\\\/\\\/www.libriparlanti.org\\\/\",\"name\":\"Libreria Libri parlanti\",\"description\":\"Libreria in Castiglione del Lago (Pg)\",\"potentialAction\":[{\"@type\":\"SearchAction\",\"target\":{\"@type\":\"EntryPoint\",\"urlTemplate\":\"https:\\\/\\\/www.libriparlanti.org\\\/?s={search_term_string}\"},\"query-input\":{\"@type\":\"PropertyValueSpecification\",\"valueRequired\":true,\"valueName\":\"search_term_string\"}}],\"inLanguage\":\"it-IT\"}]}<\/script>\n<!-- \/ Yoast SEO plugin. -->","yoast_head_json":{"title":"VITA UNO SPETTACOLO STRAORDINARIO DI LISA AISATO - Libreria Libri parlanti","robots":{"index":"index","follow":"follow","max-snippet":"max-snippet:-1","max-image-preview":"max-image-preview:large","max-video-preview":"max-video-preview:-1"},"canonical":"https:\/\/www.libriparlanti.org\/index.php\/prodotto\/vita-uno-spettacolo-straordinario-di-lisa-aisato\/","og_locale":"it_IT","og_type":"article","og_title":"UNO SPETTACOLO STRAORDINARIO","og_description":"UNO SPETTACOLO STRAORDINARIODa tanto tempo sognavo di pubblicare un libro che raccogliesse le mie migliori illustrazioni, e ora eccolo qui, tra le tue mani. Per Vita \u2013 Uno spettacolo straordinario ho tirato fuori disegni e dipinti da un\u2019intensa carriera di illustratrice: alcuni sono inediti e recentissimi, altri sono dei classici gi\u00e0 comparsi nei libri o nel magazine del quotidiano Dagbladet con cui collaboro da molti anni. Ho trascorso giorni e giorni a guardarli e non ci ho messo molto ad accorgermi che avevo sotto gli occhi la vita, la vita illustrata. Nel libro le immagini sono accostate a formare una storia che parla di noi esseri umani. Sono partita dalla mia esperienza, ma ho anche parlato con le persone a me vicine di quali tappe \u00e8 composta la vita. I colori, il gioco e la seriet\u00e0 dell\u2019infanzia, la giovinezza sensibile e caotica, il peso dell\u2019essere adulti e la libert\u00e0, le nostalgie e la sapienza della vecchiaia. \u00c8 un libro visivo, il testo pu\u00f2 solo tenerti delicatamente per mano mentre lo sfogli. Forse non ti riconoscerai in tutte le mie descrizioni ma spero che ti lascerai emozionare. E spero che leggere questo libro ti dar\u00e0 la stessa gioia che ha dato a me lavorarci. Lisa Aisato","og_url":"https:\/\/www.libriparlanti.org\/index.php\/prodotto\/vita-uno-spettacolo-straordinario-di-lisa-aisato\/","og_site_name":"Libreria Libri parlanti","article_publisher":"https:\/\/www.facebook.com\/LibriParlanti","article_modified_time":"2020-10-24T08:43:23+00:00","og_image":[{"width":285,"height":330,"url":"https:\/\/www.libriparlanti.org\/wp-content\/uploads\/2020\/10\/5026301-9788817149914-285x330-1.png","type":"image\/png"}],"twitter_card":"summary_large_image","twitter_misc":{"Tempo di lettura stimato":"1 minuto"},"schema":{"@context":"https:\/\/schema.org","@graph":[{"@type":"WebPage","@id":"https:\/\/www.libriparlanti.org\/index.php\/prodotto\/vita-uno-spettacolo-straordinario-di-lisa-aisato\/","url":"https:\/\/www.libriparlanti.org\/index.php\/prodotto\/vita-uno-spettacolo-straordinario-di-lisa-aisato\/","name":"VITA UNO SPETTACOLO STRAORDINARIO DI LISA AISATO - Libreria Libri parlanti","isPartOf":{"@id":"https:\/\/www.libriparlanti.org\/#website"},"primaryImageOfPage":{"@id":"https:\/\/www.libriparlanti.org\/index.php\/prodotto\/vita-uno-spettacolo-straordinario-di-lisa-aisato\/#primaryimage"},"image":{"@id":"https:\/\/www.libriparlanti.org\/index.php\/prodotto\/vita-uno-spettacolo-straordinario-di-lisa-aisato\/#primaryimage"},"thumbnailUrl":"https:\/\/www.libriparlanti.org\/wp-content\/uploads\/2020\/10\/5026301-9788817149914-285x330-1.png","datePublished":"2020-10-24T08:35:30+00:00","dateModified":"2020-10-24T08:43:23+00:00","breadcrumb":{"@id":"https:\/\/www.libriparlanti.org\/index.php\/prodotto\/vita-uno-spettacolo-straordinario-di-lisa-aisato\/#breadcrumb"},"inLanguage":"it-IT","potentialAction":[{"@type":"ReadAction","target":["https:\/\/www.libriparlanti.org\/index.php\/prodotto\/vita-uno-spettacolo-straordinario-di-lisa-aisato\/"]}]},{"@type":"ImageObject","inLanguage":"it-IT","@id":"https:\/\/www.libriparlanti.org\/index.php\/prodotto\/vita-uno-spettacolo-straordinario-di-lisa-aisato\/#primaryimage","url":"https:\/\/www.libriparlanti.org\/wp-content\/uploads\/2020\/10\/5026301-9788817149914-285x330-1.png","contentUrl":"https:\/\/www.libriparlanti.org\/wp-content\/uploads\/2020\/10\/5026301-9788817149914-285x330-1.png","width":285,"height":330,"caption":"VITA - UNO SPETTACOLO STRAORDINARIO"},{"@type":"BreadcrumbList","@id":"https:\/\/www.libriparlanti.org\/index.php\/prodotto\/vita-uno-spettacolo-straordinario-di-lisa-aisato\/#breadcrumb","itemListElement":[{"@type":"ListItem","position":1,"name":"Home","item":"https:\/\/www.libriparlanti.org\/"},{"@type":"ListItem","position":2,"name":"Shop","item":"https:\/\/www.libriparlanti.org\/index.php\/negozio\/"},{"@type":"ListItem","position":3,"name":"VITA UNO SPETTACOLO STRAORDINARIO DI LISA AISATO"}]},{"@type":"WebSite","@id":"https:\/\/www.libriparlanti.org\/#website","url":"https:\/\/www.libriparlanti.org\/","name":"Libreria Libri parlanti","description":"Libreria in Castiglione del Lago (Pg)","potentialAction":[{"@type":"SearchAction","target":{"@type":"EntryPoint","urlTemplate":"https:\/\/www.libriparlanti.org\/?s={search_term_string}"},"query-input":{"@type":"PropertyValueSpecification","valueRequired":true,"valueName":"search_term_string"}}],"inLanguage":"it-IT"}]}},"_links":{"self":[{"href":"https:\/\/www.libriparlanti.org\/index.php\/wp-json\/wp\/v2\/product\/11303","targetHints":{"allow":["GET"]}}],"collection":[{"href":"https:\/\/www.libriparlanti.org\/index.php\/wp-json\/wp\/v2\/product"}],"about":[{"href":"https:\/\/www.libriparlanti.org\/index.php\/wp-json\/wp\/v2\/types\/product"}],"replies":[{"embeddable":true,"href":"https:\/\/www.libriparlanti.org\/index.php\/wp-json\/wp\/v2\/comments?post=11303"}],"wp:featuredmedia":[{"embeddable":true,"href":"https:\/\/www.libriparlanti.org\/index.php\/wp-json\/wp\/v2\/media\/11304"}],"wp:attachment":[{"href":"https:\/\/www.libriparlanti.org\/index.php\/wp-json\/wp\/v2\/media?parent=11303"}],"wp:term":[{"taxonomy":"product_brand","embeddable":true,"href":"https:\/\/www.libriparlanti.org\/index.php\/wp-json\/wp\/v2\/product_brand?post=11303"},{"taxonomy":"product_cat","embeddable":true,"href":"https:\/\/www.libriparlanti.org\/index.php\/wp-json\/wp\/v2\/product_cat?post=11303"},{"taxonomy":"product_tag","embeddable":true,"href":"https:\/\/www.libriparlanti.org\/index.php\/wp-json\/wp\/v2\/product_tag?post=11303"}],"curies":[{"name":"wp","href":"https:\/\/api.w.org\/{rel}","templated":true}]}}