{"id":10930,"date":"2020-09-23T13:27:25","date_gmt":"2020-09-23T11:27:25","guid":{"rendered":"https:\/\/www.libriparlanti.org\/index.php\/prodotto\/il-tempo-a-fumetti\/"},"modified":"2020-10-23T20:04:28","modified_gmt":"2020-10-23T18:04:28","slug":"il-tempo-a-fumetti","status":"publish","type":"product","link":"https:\/\/www.libriparlanti.org\/index.php\/prodotto\/il-tempo-a-fumetti\/","title":{"rendered":"IL TEMPO A FUMETTI"},"content":{"rendered":"<p>Che cos&#8217;\u00e8 il tempo? Perch\u00e9 sembra scorrere in una sola direzione? Il passato \u00e8 davvero &#8216;passato&#8217;? E sono possibili i viaggi nel tempo? Esiste il futuro? E che dire dell&#8217;idea, insita nella gravit\u00e0 quantistica, che il tempo non esiste? Questi e altri temi sono tra i pi\u00f9 profondi e delicati che si possano porre, ma &#8216;Il tempo a fumetti&#8217; li presenta in modo chiaro e coinvolgente. E ironicamente illustrati dai disegni di Ralph Edney. Alla fine il lettore concluder\u00e0 magari che il tempo \u00e8 solo un&#8217;illusione, ma potr\u00e0 anche concedere, con Borges, che &#8216;il tempo \u00e8 un fiume che mi trascina, ma io sono il fiume, \u00e8 una tigre che mi sbrana, ma io sono la tigre, \u00e8 un fuoco che mi divora, ma io sono il fuoco.&#8217;<\/p>\n","protected":false},"excerpt":{"rendered":"<p><em>Autore:<\/em> CRAIG CALLENDER, RALPH EDNEY<br \/>\n<em>Editore:<\/em> CORTINA RAFFAELLO<br \/>\n<em>ISBN:<\/em> 9788860302861<\/p>\n","protected":false},"featured_media":10929,"comment_status":"closed","ping_status":"closed","template":"","meta":{"_et_pb_use_builder":"","_et_pb_old_content":"","_et_gb_content_width":"","_joinchat":[]},"product_brand":[],"product_cat":[1733,1730],"product_tag":[],"class_list":{"0":"post-10930","1":"product","2":"type-product","3":"status-publish","4":"has-post-thumbnail","6":"product_cat-ragazzi","7":"product_cat-varia","9":"first","10":"instock","11":"taxable","12":"shipping-taxable","13":"purchasable","14":"product-type-simple"},"yoast_head":"<!-- This site is optimized with the Yoast SEO plugin v27.5 - https:\/\/yoast.com\/product\/yoast-seo-wordpress\/ -->\n<title>IL TEMPO A FUMETTI - Libreria Libri parlanti<\/title>\n<meta name=\"robots\" content=\"index, follow, max-snippet:-1, max-image-preview:large, max-video-preview:-1\" \/>\n<link rel=\"canonical\" href=\"https:\/\/www.libriparlanti.org\/index.php\/prodotto\/il-tempo-a-fumetti\/\" \/>\n<meta property=\"og:locale\" content=\"it_IT\" \/>\n<meta property=\"og:type\" content=\"article\" \/>\n<meta property=\"og:title\" content=\"IL TEMPO A FUMETTI - Libreria Libri parlanti\" \/>\n<meta property=\"og:description\" content=\"Autore: CRAIG CALLENDER, RALPH EDNEY Editore: CORTINA RAFFAELLO ISBN: 9788860302861\" \/>\n<meta property=\"og:url\" content=\"https:\/\/www.libriparlanti.org\/index.php\/prodotto\/il-tempo-a-fumetti\/\" \/>\n<meta property=\"og:site_name\" content=\"Libreria Libri parlanti\" \/>\n<meta property=\"article:publisher\" content=\"https:\/\/www.facebook.com\/LibriParlanti\" \/>\n<meta property=\"article:modified_time\" content=\"2020-10-23T18:04:28+00:00\" \/>\n<meta property=\"og:image\" content=\"https:\/\/www.libriparlanti.org\/wp-content\/uploads\/2020\/09\/9788860302861.jpg\" \/>\n\t<meta property=\"og:image:width\" content=\"128\" \/>\n\t<meta property=\"og:image:height\" content=\"194\" \/>\n\t<meta property=\"og:image:type\" content=\"image\/jpeg\" \/>\n<meta name=\"twitter:card\" content=\"summary_large_image\" \/>\n<meta name=\"twitter:label1\" content=\"Tempo di lettura stimato\" \/>\n\t<meta name=\"twitter:data1\" content=\"1 minuto\" \/>\n<script type=\"application\/ld+json\" class=\"yoast-schema-graph\">{\"@context\":\"https:\\\/\\\/schema.org\",\"@graph\":[{\"@type\":\"WebPage\",\"@id\":\"https:\\\/\\\/www.libriparlanti.org\\\/index.php\\\/prodotto\\\/il-tempo-a-fumetti\\\/\",\"url\":\"https:\\\/\\\/www.libriparlanti.org\\\/index.php\\\/prodotto\\\/il-tempo-a-fumetti\\\/\",\"name\":\"IL TEMPO A FUMETTI - Libreria Libri parlanti\",\"isPartOf\":{\"@id\":\"https:\\\/\\\/www.libriparlanti.org\\\/#website\"},\"primaryImageOfPage\":{\"@id\":\"https:\\\/\\\/www.libriparlanti.org\\\/index.php\\\/prodotto\\\/il-tempo-a-fumetti\\\/#primaryimage\"},\"image\":{\"@id\":\"https:\\\/\\\/www.libriparlanti.org\\\/index.php\\\/prodotto\\\/il-tempo-a-fumetti\\\/#primaryimage\"},\"thumbnailUrl\":\"https:\\\/\\\/www.libriparlanti.org\\\/wp-content\\\/uploads\\\/2020\\\/09\\\/9788860302861.jpg\",\"datePublished\":\"2020-09-23T11:27:25+00:00\",\"dateModified\":\"2020-10-23T18:04:28+00:00\",\"breadcrumb\":{\"@id\":\"https:\\\/\\\/www.libriparlanti.org\\\/index.php\\\/prodotto\\\/il-tempo-a-fumetti\\\/#breadcrumb\"},\"inLanguage\":\"it-IT\",\"potentialAction\":[{\"@type\":\"ReadAction\",\"target\":[\"https:\\\/\\\/www.libriparlanti.org\\\/index.php\\\/prodotto\\\/il-tempo-a-fumetti\\\/\"]}]},{\"@type\":\"ImageObject\",\"inLanguage\":\"it-IT\",\"@id\":\"https:\\\/\\\/www.libriparlanti.org\\\/index.php\\\/prodotto\\\/il-tempo-a-fumetti\\\/#primaryimage\",\"url\":\"https:\\\/\\\/www.libriparlanti.org\\\/wp-content\\\/uploads\\\/2020\\\/09\\\/9788860302861.jpg\",\"contentUrl\":\"https:\\\/\\\/www.libriparlanti.org\\\/wp-content\\\/uploads\\\/2020\\\/09\\\/9788860302861.jpg\",\"width\":128,\"height\":194},{\"@type\":\"BreadcrumbList\",\"@id\":\"https:\\\/\\\/www.libriparlanti.org\\\/index.php\\\/prodotto\\\/il-tempo-a-fumetti\\\/#breadcrumb\",\"itemListElement\":[{\"@type\":\"ListItem\",\"position\":1,\"name\":\"Home\",\"item\":\"https:\\\/\\\/www.libriparlanti.org\\\/\"},{\"@type\":\"ListItem\",\"position\":2,\"name\":\"Shop\",\"item\":\"https:\\\/\\\/www.libriparlanti.org\\\/index.php\\\/negozio\\\/\"},{\"@type\":\"ListItem\",\"position\":3,\"name\":\"IL TEMPO A FUMETTI\"}]},{\"@type\":\"WebSite\",\"@id\":\"https:\\\/\\\/www.libriparlanti.org\\\/#website\",\"url\":\"https:\\\/\\\/www.libriparlanti.org\\\/\",\"name\":\"Libreria Libri parlanti\",\"description\":\"Libreria in Castiglione del Lago (Pg)\",\"potentialAction\":[{\"@type\":\"SearchAction\",\"target\":{\"@type\":\"EntryPoint\",\"urlTemplate\":\"https:\\\/\\\/www.libriparlanti.org\\\/?s={search_term_string}\"},\"query-input\":{\"@type\":\"PropertyValueSpecification\",\"valueRequired\":true,\"valueName\":\"search_term_string\"}}],\"inLanguage\":\"it-IT\"}]}<\/script>\n<!-- \/ Yoast SEO plugin. -->","yoast_head_json":{"title":"IL TEMPO A FUMETTI - Libreria Libri parlanti","robots":{"index":"index","follow":"follow","max-snippet":"max-snippet:-1","max-image-preview":"max-image-preview:large","max-video-preview":"max-video-preview:-1"},"canonical":"https:\/\/www.libriparlanti.org\/index.php\/prodotto\/il-tempo-a-fumetti\/","og_locale":"it_IT","og_type":"article","og_title":"IL TEMPO A FUMETTI - Libreria Libri parlanti","og_description":"Autore: CRAIG CALLENDER, RALPH EDNEY Editore: CORTINA RAFFAELLO ISBN: 9788860302861","og_url":"https:\/\/www.libriparlanti.org\/index.php\/prodotto\/il-tempo-a-fumetti\/","og_site_name":"Libreria Libri parlanti","article_publisher":"https:\/\/www.facebook.com\/LibriParlanti","article_modified_time":"2020-10-23T18:04:28+00:00","og_image":[{"width":128,"height":194,"url":"https:\/\/www.libriparlanti.org\/wp-content\/uploads\/2020\/09\/9788860302861.jpg","type":"image\/jpeg"}],"twitter_card":"summary_large_image","twitter_misc":{"Tempo di lettura stimato":"1 minuto"},"schema":{"@context":"https:\/\/schema.org","@graph":[{"@type":"WebPage","@id":"https:\/\/www.libriparlanti.org\/index.php\/prodotto\/il-tempo-a-fumetti\/","url":"https:\/\/www.libriparlanti.org\/index.php\/prodotto\/il-tempo-a-fumetti\/","name":"IL TEMPO A FUMETTI - Libreria Libri parlanti","isPartOf":{"@id":"https:\/\/www.libriparlanti.org\/#website"},"primaryImageOfPage":{"@id":"https:\/\/www.libriparlanti.org\/index.php\/prodotto\/il-tempo-a-fumetti\/#primaryimage"},"image":{"@id":"https:\/\/www.libriparlanti.org\/index.php\/prodotto\/il-tempo-a-fumetti\/#primaryimage"},"thumbnailUrl":"https:\/\/www.libriparlanti.org\/wp-content\/uploads\/2020\/09\/9788860302861.jpg","datePublished":"2020-09-23T11:27:25+00:00","dateModified":"2020-10-23T18:04:28+00:00","breadcrumb":{"@id":"https:\/\/www.libriparlanti.org\/index.php\/prodotto\/il-tempo-a-fumetti\/#breadcrumb"},"inLanguage":"it-IT","potentialAction":[{"@type":"ReadAction","target":["https:\/\/www.libriparlanti.org\/index.php\/prodotto\/il-tempo-a-fumetti\/"]}]},{"@type":"ImageObject","inLanguage":"it-IT","@id":"https:\/\/www.libriparlanti.org\/index.php\/prodotto\/il-tempo-a-fumetti\/#primaryimage","url":"https:\/\/www.libriparlanti.org\/wp-content\/uploads\/2020\/09\/9788860302861.jpg","contentUrl":"https:\/\/www.libriparlanti.org\/wp-content\/uploads\/2020\/09\/9788860302861.jpg","width":128,"height":194},{"@type":"BreadcrumbList","@id":"https:\/\/www.libriparlanti.org\/index.php\/prodotto\/il-tempo-a-fumetti\/#breadcrumb","itemListElement":[{"@type":"ListItem","position":1,"name":"Home","item":"https:\/\/www.libriparlanti.org\/"},{"@type":"ListItem","position":2,"name":"Shop","item":"https:\/\/www.libriparlanti.org\/index.php\/negozio\/"},{"@type":"ListItem","position":3,"name":"IL TEMPO A FUMETTI"}]},{"@type":"WebSite","@id":"https:\/\/www.libriparlanti.org\/#website","url":"https:\/\/www.libriparlanti.org\/","name":"Libreria Libri parlanti","description":"Libreria in Castiglione del Lago (Pg)","potentialAction":[{"@type":"SearchAction","target":{"@type":"EntryPoint","urlTemplate":"https:\/\/www.libriparlanti.org\/?s={search_term_string}"},"query-input":{"@type":"PropertyValueSpecification","valueRequired":true,"valueName":"search_term_string"}}],"inLanguage":"it-IT"}]}},"_links":{"self":[{"href":"https:\/\/www.libriparlanti.org\/index.php\/wp-json\/wp\/v2\/product\/10930","targetHints":{"allow":["GET"]}}],"collection":[{"href":"https:\/\/www.libriparlanti.org\/index.php\/wp-json\/wp\/v2\/product"}],"about":[{"href":"https:\/\/www.libriparlanti.org\/index.php\/wp-json\/wp\/v2\/types\/product"}],"replies":[{"embeddable":true,"href":"https:\/\/www.libriparlanti.org\/index.php\/wp-json\/wp\/v2\/comments?post=10930"}],"wp:featuredmedia":[{"embeddable":true,"href":"https:\/\/www.libriparlanti.org\/index.php\/wp-json\/wp\/v2\/media\/10929"}],"wp:attachment":[{"href":"https:\/\/www.libriparlanti.org\/index.php\/wp-json\/wp\/v2\/media?parent=10930"}],"wp:term":[{"taxonomy":"product_brand","embeddable":true,"href":"https:\/\/www.libriparlanti.org\/index.php\/wp-json\/wp\/v2\/product_brand?post=10930"},{"taxonomy":"product_cat","embeddable":true,"href":"https:\/\/www.libriparlanti.org\/index.php\/wp-json\/wp\/v2\/product_cat?post=10930"},{"taxonomy":"product_tag","embeddable":true,"href":"https:\/\/www.libriparlanti.org\/index.php\/wp-json\/wp\/v2\/product_tag?post=10930"}],"curies":[{"name":"wp","href":"https:\/\/api.w.org\/{rel}","templated":true}]}}

<p>Che cos&#8217;è il tempo? Perché sembra scorrere in una sola direzione? Il passato è davvero &#8216;passato&#8217;? E sono possibili i viaggi nel tempo? Esiste il futuro? E che dire dell&#8217;idea, insita nella gravità quantistica, che il tempo non esiste? Questi e altri temi sono tra i più profondi e delicati che si possano porre, ma &#8216;Il tempo a fumetti&#8217; li presenta in modo chiaro e coinvolgente. E ironicamente illustrati dai disegni di Ralph Edney. Alla fine il lettore concluderà magari che il tempo è solo un&#8217;illusione, ma potrà anche concedere, con Borges, che &#8216;il tempo è un fiume che mi trascina, ma io sono il fiume, è una tigre che mi sbrana, ma io sono la tigre, è un fuoco che mi divora, ma io sono il fuoco.&#8217;</p>
