{"id":10443,"date":"2020-07-29T19:23:31","date_gmt":"2020-07-29T17:23:31","guid":{"rendered":"https:\/\/www.libriparlanti.org\/index.php\/prodotto\/il-treno-dei-bambini\/"},"modified":"2025-10-29T23:45:20","modified_gmt":"2025-10-29T21:45:20","slug":"il-treno-dei-bambini","status":"publish","type":"product","link":"https:\/\/www.libriparlanti.org\/index.php\/prodotto\/il-treno-dei-bambini\/","title":{"rendered":"IL TRENO DEI BAMBINI"},"content":{"rendered":"<p>Amerigo cammina per le vie di Napoli dietro la madre Antonietta, donna di poche parole (\u00able chiacchiere non sono arte sua\u00bb), spiando le scarpe della gente. \u00c8 il suo gioco preferito: scarpa sana, punto vinto, scarpa rotta, punto perso. Le sue, di scarpe, lo fanno camminare un po&#8217; storto, perch\u00e9 sono di seconda mano, e mai del numero giusto. Il padre non ce l&#8217;ha, \u00e8 partito per l&#8217;America a cercar fortuna, ma in compenso nel vicolo ha molti amici. Tutti lo conoscono e lo chiamano Nob\u00e8l, perch\u00e9 parla tanto e sa un sacco di cose, dato che ascolta le storie di chiunque. Un giorno, per\u00f2, Amerigo deve lasciare il vicolo e soprattutto la madre. \u00c8 il 1946 e, come migliaia di altri bambini del Sud, sale su uno dei treni che attraversano l&#8217;intera penisola per andare a trascorrere un anno in una famiglia del Nord. Il Partito Comunista ha creato una rete di solidariet\u00e0 per strappare i piccoli alla miseria delle zone pi\u00f9 devastate dall&#8217;ultima guerra. Prima smarrito e nostalgico, poi sempre pi\u00f9 curioso, a Modena Amerigo si affeziona alla nuova famiglia e, attraverso il \u00abpap\u00e0 del Nord\u00bb, scopre pure un talento per la musica. Sar\u00e0 proprio questo, al suo ritorno a Napoli, a segnare il distacco doloroso da Antonietta, che non riesce pi\u00f9 a capirlo. Fino a quando, cinquant&#8217;anni dopo, lui non tenta di ricomporre quella lacerazione, anche se \u00e8 ormai troppo tardi.<\/p>\n","protected":false},"excerpt":{"rendered":"<p><em>Autore:<\/em> VIOLA ARDONE<br \/>\n<em>Editore:<\/em> EINAUDI<br \/>\n<em>ISBN:<\/em> 9788806242329<br \/>\n<em>Pubblicazione:<\/em> 24\/09\/2019<\/p>\n","protected":false},"featured_media":10442,"comment_status":"closed","ping_status":"closed","template":"","meta":{"_et_pb_use_builder":"","_et_pb_old_content":"","_et_gb_content_width":"","_joinchat":[]},"product_brand":[],"product_cat":[1730],"product_tag":[],"class_list":{"0":"post-10443","1":"product","2":"type-product","3":"status-publish","4":"has-post-thumbnail","6":"product_cat-varia","8":"first","9":"instock","10":"taxable","11":"shipping-taxable","12":"purchasable","13":"product-type-simple"},"yoast_head":"<!-- This site is optimized with the Yoast SEO plugin v27.5 - https:\/\/yoast.com\/product\/yoast-seo-wordpress\/ -->\n<title>IL TRENO DEI BAMBINI - Libreria Libri parlanti<\/title>\n<meta name=\"robots\" content=\"index, follow, max-snippet:-1, max-image-preview:large, max-video-preview:-1\" \/>\n<link rel=\"canonical\" href=\"https:\/\/www.libriparlanti.org\/index.php\/prodotto\/il-treno-dei-bambini\/\" \/>\n<meta property=\"og:locale\" content=\"it_IT\" \/>\n<meta property=\"og:type\" content=\"article\" \/>\n<meta property=\"og:title\" content=\"IL TRENO DEI BAMBINI - Libreria Libri parlanti\" \/>\n<meta property=\"og:description\" content=\"Autore: VIOLA ARDONE Editore: EINAUDI ISBN: 9788806242329 Pubblicazione: 24\/09\/2019\" \/>\n<meta property=\"og:url\" content=\"https:\/\/www.libriparlanti.org\/index.php\/prodotto\/il-treno-dei-bambini\/\" \/>\n<meta property=\"og:site_name\" content=\"Libreria Libri parlanti\" \/>\n<meta property=\"article:publisher\" content=\"https:\/\/www.facebook.com\/LibriParlanti\" \/>\n<meta property=\"article:modified_time\" content=\"2025-10-29T21:45:20+00:00\" \/>\n<meta property=\"og:image\" content=\"https:\/\/www.libriparlanti.org\/wp-content\/uploads\/2020\/07\/9788806242329.jpg\" \/>\n\t<meta property=\"og:image:width\" content=\"179\" \/>\n\t<meta property=\"og:image:height\" content=\"281\" \/>\n\t<meta property=\"og:image:type\" content=\"image\/jpeg\" \/>\n<meta name=\"twitter:card\" content=\"summary_large_image\" \/>\n<meta name=\"twitter:label1\" content=\"Tempo di lettura stimato\" \/>\n\t<meta name=\"twitter:data1\" content=\"1 minuto\" \/>\n<script type=\"application\/ld+json\" class=\"yoast-schema-graph\">{\"@context\":\"https:\\\/\\\/schema.org\",\"@graph\":[{\"@type\":\"WebPage\",\"@id\":\"https:\\\/\\\/www.libriparlanti.org\\\/index.php\\\/prodotto\\\/il-treno-dei-bambini\\\/\",\"url\":\"https:\\\/\\\/www.libriparlanti.org\\\/index.php\\\/prodotto\\\/il-treno-dei-bambini\\\/\",\"name\":\"IL TRENO DEI BAMBINI - Libreria Libri parlanti\",\"isPartOf\":{\"@id\":\"https:\\\/\\\/www.libriparlanti.org\\\/#website\"},\"primaryImageOfPage\":{\"@id\":\"https:\\\/\\\/www.libriparlanti.org\\\/index.php\\\/prodotto\\\/il-treno-dei-bambini\\\/#primaryimage\"},\"image\":{\"@id\":\"https:\\\/\\\/www.libriparlanti.org\\\/index.php\\\/prodotto\\\/il-treno-dei-bambini\\\/#primaryimage\"},\"thumbnailUrl\":\"https:\\\/\\\/www.libriparlanti.org\\\/wp-content\\\/uploads\\\/2020\\\/07\\\/9788806242329.jpg\",\"datePublished\":\"2020-07-29T17:23:31+00:00\",\"dateModified\":\"2025-10-29T21:45:20+00:00\",\"breadcrumb\":{\"@id\":\"https:\\\/\\\/www.libriparlanti.org\\\/index.php\\\/prodotto\\\/il-treno-dei-bambini\\\/#breadcrumb\"},\"inLanguage\":\"it-IT\",\"potentialAction\":[{\"@type\":\"ReadAction\",\"target\":[\"https:\\\/\\\/www.libriparlanti.org\\\/index.php\\\/prodotto\\\/il-treno-dei-bambini\\\/\"]}]},{\"@type\":\"ImageObject\",\"inLanguage\":\"it-IT\",\"@id\":\"https:\\\/\\\/www.libriparlanti.org\\\/index.php\\\/prodotto\\\/il-treno-dei-bambini\\\/#primaryimage\",\"url\":\"https:\\\/\\\/www.libriparlanti.org\\\/wp-content\\\/uploads\\\/2020\\\/07\\\/9788806242329.jpg\",\"contentUrl\":\"https:\\\/\\\/www.libriparlanti.org\\\/wp-content\\\/uploads\\\/2020\\\/07\\\/9788806242329.jpg\",\"width\":179,\"height\":281},{\"@type\":\"BreadcrumbList\",\"@id\":\"https:\\\/\\\/www.libriparlanti.org\\\/index.php\\\/prodotto\\\/il-treno-dei-bambini\\\/#breadcrumb\",\"itemListElement\":[{\"@type\":\"ListItem\",\"position\":1,\"name\":\"Home\",\"item\":\"https:\\\/\\\/www.libriparlanti.org\\\/\"},{\"@type\":\"ListItem\",\"position\":2,\"name\":\"Shop\",\"item\":\"https:\\\/\\\/www.libriparlanti.org\\\/index.php\\\/negozio\\\/\"},{\"@type\":\"ListItem\",\"position\":3,\"name\":\"IL TRENO DEI BAMBINI\"}]},{\"@type\":\"WebSite\",\"@id\":\"https:\\\/\\\/www.libriparlanti.org\\\/#website\",\"url\":\"https:\\\/\\\/www.libriparlanti.org\\\/\",\"name\":\"Libreria Libri parlanti\",\"description\":\"Libreria in Castiglione del Lago (Pg)\",\"potentialAction\":[{\"@type\":\"SearchAction\",\"target\":{\"@type\":\"EntryPoint\",\"urlTemplate\":\"https:\\\/\\\/www.libriparlanti.org\\\/?s={search_term_string}\"},\"query-input\":{\"@type\":\"PropertyValueSpecification\",\"valueRequired\":true,\"valueName\":\"search_term_string\"}}],\"inLanguage\":\"it-IT\"}]}<\/script>\n<!-- \/ Yoast SEO plugin. -->","yoast_head_json":{"title":"IL TRENO DEI BAMBINI - Libreria Libri parlanti","robots":{"index":"index","follow":"follow","max-snippet":"max-snippet:-1","max-image-preview":"max-image-preview:large","max-video-preview":"max-video-preview:-1"},"canonical":"https:\/\/www.libriparlanti.org\/index.php\/prodotto\/il-treno-dei-bambini\/","og_locale":"it_IT","og_type":"article","og_title":"IL TRENO DEI BAMBINI - Libreria Libri parlanti","og_description":"Autore: VIOLA ARDONE Editore: EINAUDI ISBN: 9788806242329 Pubblicazione: 24\/09\/2019","og_url":"https:\/\/www.libriparlanti.org\/index.php\/prodotto\/il-treno-dei-bambini\/","og_site_name":"Libreria Libri parlanti","article_publisher":"https:\/\/www.facebook.com\/LibriParlanti","article_modified_time":"2025-10-29T21:45:20+00:00","og_image":[{"width":179,"height":281,"url":"https:\/\/www.libriparlanti.org\/wp-content\/uploads\/2020\/07\/9788806242329.jpg","type":"image\/jpeg"}],"twitter_card":"summary_large_image","twitter_misc":{"Tempo di lettura stimato":"1 minuto"},"schema":{"@context":"https:\/\/schema.org","@graph":[{"@type":"WebPage","@id":"https:\/\/www.libriparlanti.org\/index.php\/prodotto\/il-treno-dei-bambini\/","url":"https:\/\/www.libriparlanti.org\/index.php\/prodotto\/il-treno-dei-bambini\/","name":"IL TRENO DEI BAMBINI - Libreria Libri parlanti","isPartOf":{"@id":"https:\/\/www.libriparlanti.org\/#website"},"primaryImageOfPage":{"@id":"https:\/\/www.libriparlanti.org\/index.php\/prodotto\/il-treno-dei-bambini\/#primaryimage"},"image":{"@id":"https:\/\/www.libriparlanti.org\/index.php\/prodotto\/il-treno-dei-bambini\/#primaryimage"},"thumbnailUrl":"https:\/\/www.libriparlanti.org\/wp-content\/uploads\/2020\/07\/9788806242329.jpg","datePublished":"2020-07-29T17:23:31+00:00","dateModified":"2025-10-29T21:45:20+00:00","breadcrumb":{"@id":"https:\/\/www.libriparlanti.org\/index.php\/prodotto\/il-treno-dei-bambini\/#breadcrumb"},"inLanguage":"it-IT","potentialAction":[{"@type":"ReadAction","target":["https:\/\/www.libriparlanti.org\/index.php\/prodotto\/il-treno-dei-bambini\/"]}]},{"@type":"ImageObject","inLanguage":"it-IT","@id":"https:\/\/www.libriparlanti.org\/index.php\/prodotto\/il-treno-dei-bambini\/#primaryimage","url":"https:\/\/www.libriparlanti.org\/wp-content\/uploads\/2020\/07\/9788806242329.jpg","contentUrl":"https:\/\/www.libriparlanti.org\/wp-content\/uploads\/2020\/07\/9788806242329.jpg","width":179,"height":281},{"@type":"BreadcrumbList","@id":"https:\/\/www.libriparlanti.org\/index.php\/prodotto\/il-treno-dei-bambini\/#breadcrumb","itemListElement":[{"@type":"ListItem","position":1,"name":"Home","item":"https:\/\/www.libriparlanti.org\/"},{"@type":"ListItem","position":2,"name":"Shop","item":"https:\/\/www.libriparlanti.org\/index.php\/negozio\/"},{"@type":"ListItem","position":3,"name":"IL TRENO DEI BAMBINI"}]},{"@type":"WebSite","@id":"https:\/\/www.libriparlanti.org\/#website","url":"https:\/\/www.libriparlanti.org\/","name":"Libreria Libri parlanti","description":"Libreria in Castiglione del Lago (Pg)","potentialAction":[{"@type":"SearchAction","target":{"@type":"EntryPoint","urlTemplate":"https:\/\/www.libriparlanti.org\/?s={search_term_string}"},"query-input":{"@type":"PropertyValueSpecification","valueRequired":true,"valueName":"search_term_string"}}],"inLanguage":"it-IT"}]}},"_links":{"self":[{"href":"https:\/\/www.libriparlanti.org\/index.php\/wp-json\/wp\/v2\/product\/10443","targetHints":{"allow":["GET"]}}],"collection":[{"href":"https:\/\/www.libriparlanti.org\/index.php\/wp-json\/wp\/v2\/product"}],"about":[{"href":"https:\/\/www.libriparlanti.org\/index.php\/wp-json\/wp\/v2\/types\/product"}],"replies":[{"embeddable":true,"href":"https:\/\/www.libriparlanti.org\/index.php\/wp-json\/wp\/v2\/comments?post=10443"}],"wp:featuredmedia":[{"embeddable":true,"href":"https:\/\/www.libriparlanti.org\/index.php\/wp-json\/wp\/v2\/media\/10442"}],"wp:attachment":[{"href":"https:\/\/www.libriparlanti.org\/index.php\/wp-json\/wp\/v2\/media?parent=10443"}],"wp:term":[{"taxonomy":"product_brand","embeddable":true,"href":"https:\/\/www.libriparlanti.org\/index.php\/wp-json\/wp\/v2\/product_brand?post=10443"},{"taxonomy":"product_cat","embeddable":true,"href":"https:\/\/www.libriparlanti.org\/index.php\/wp-json\/wp\/v2\/product_cat?post=10443"},{"taxonomy":"product_tag","embeddable":true,"href":"https:\/\/www.libriparlanti.org\/index.php\/wp-json\/wp\/v2\/product_tag?post=10443"}],"curies":[{"name":"wp","href":"https:\/\/api.w.org\/{rel}","templated":true}]}}

<p>Amerigo cammina per le vie di Napoli dietro la madre Antonietta, donna di poche parole («le chiacchiere non sono arte sua»), spiando le scarpe della gente. È il suo gioco preferito: scarpa sana, punto vinto, scarpa rotta, punto perso. Le sue, di scarpe, lo fanno camminare un po&#8217; storto, perché sono di seconda mano, e mai del numero giusto. Il padre non ce l&#8217;ha, è partito per l&#8217;America a cercar fortuna, ma in compenso nel vicolo ha molti amici. Tutti lo conoscono e lo chiamano Nobèl, perché parla tanto e sa un sacco di cose, dato che ascolta le storie di chiunque. Un giorno, però, Amerigo deve lasciare il vicolo e soprattutto la madre. È il 1946 e, come migliaia di altri bambini del Sud, sale su uno dei treni che attraversano l&#8217;intera penisola per andare a trascorrere un anno in una famiglia del Nord. Il Partito Comunista ha creato una rete di solidarietà per strappare i piccoli alla miseria delle zone più devastate dall&#8217;ultima guerra. Prima smarrito e nostalgico, poi sempre più curioso, a Modena Amerigo si affeziona alla nuova famiglia e, attraverso il «papà del Nord», scopre pure un talento per la musica. Sarà proprio questo, al suo ritorno a Napoli, a segnare il distacco doloroso da Antonietta, che non riesce più a capirlo. Fino a quando, cinquant&#8217;anni dopo, lui non tenta di ricomporre quella lacerazione, anche se è ormai troppo tardi.</p>
