{"id":10013,"date":"2020-07-09T08:34:07","date_gmt":"2020-07-09T06:34:07","guid":{"rendered":"https:\/\/www.libriparlanti.org\/index.php\/prodotto\/harry-potter-e-lordine-della-fenice\/"},"modified":"2025-03-05T18:34:30","modified_gmt":"2025-03-05T16:34:30","slug":"harry-potter-e-lordine-della-fenice","status":"publish","type":"product","link":"https:\/\/www.libriparlanti.org\/index.php\/prodotto\/harry-potter-e-lordine-della-fenice\/","title":{"rendered":"HARRY POTTER E L&#8217;ORDINE DELLA FENICE"},"content":{"rendered":"<p>\u00abTu condividi i suoi pensieri e le sue emozioni. Il preside ritiene che questo non debba continuare. Desidera che io ti insegni a chiudere la mente al Signore Oscuro\u00bb. Il quinto anno a Hogwarts si annuncia carico di sfide difficili per Harry Potter: Lord Voldemort \u00e8 tornato. Che cosa succeder\u00e0 ora che il Signore Oscuro \u00e8 di nuovo in pieno possesso dei suoi terrificanti poteri? Il Ministro della Magia sembra non prendere sul serio questa spaventosa minaccia. Toccher\u00e0 a Harry organizzare la resistenza, con l&#8217;aiuto degli amici di sempre e il tumultuoso coraggio dell&#8217;adolescenza. Edizione speciale con contenuti inediti: la mappa di Hogwarts, il glossario, curiosit\u00e0 sui fondatori di Hogwarts. Et\u00e0 di lettura: da 10 anni.<\/p>\n","protected":false},"excerpt":{"rendered":"<p><em>Autore:<\/em> J. K. ROWLING<br \/>\n<em>Editore:<\/em> SALANI<br \/>\n<em>ISBN:<\/em> 9788831003421<\/p>\n","protected":false},"featured_media":10012,"comment_status":"closed","ping_status":"closed","template":"","meta":{"_et_pb_use_builder":"","_et_pb_old_content":"","_et_gb_content_width":"","_joinchat":[]},"product_brand":[],"product_cat":[1736,1730],"product_tag":[],"class_list":{"0":"post-10013","1":"product","2":"type-product","3":"status-publish","4":"has-post-thumbnail","6":"product_cat-narrativa","7":"product_cat-varia","9":"first","10":"instock","11":"taxable","12":"shipping-taxable","13":"purchasable","14":"product-type-simple"},"yoast_head":"<!-- This site is optimized with the Yoast SEO plugin v27.5 - https:\/\/yoast.com\/product\/yoast-seo-wordpress\/ -->\n<title>HARRY POTTER E L&#039;ORDINE DELLA FENICE - Libreria Libri parlanti<\/title>\n<meta name=\"robots\" content=\"index, follow, max-snippet:-1, max-image-preview:large, max-video-preview:-1\" \/>\n<link rel=\"canonical\" href=\"https:\/\/www.libriparlanti.org\/index.php\/prodotto\/harry-potter-e-lordine-della-fenice\/\" \/>\n<meta property=\"og:locale\" content=\"it_IT\" \/>\n<meta property=\"og:type\" content=\"article\" \/>\n<meta property=\"og:title\" content=\"HARRY POTTER E L&#039;ORDINE DELLA FENICE - Libreria Libri parlanti\" \/>\n<meta property=\"og:description\" content=\"Autore: J. K. ROWLING Editore: SALANI ISBN: 9788831003421\" \/>\n<meta property=\"og:url\" content=\"https:\/\/www.libriparlanti.org\/index.php\/prodotto\/harry-potter-e-lordine-della-fenice\/\" \/>\n<meta property=\"og:site_name\" content=\"Libreria Libri parlanti\" \/>\n<meta property=\"article:publisher\" content=\"https:\/\/www.facebook.com\/LibriParlanti\" \/>\n<meta property=\"article:modified_time\" content=\"2025-03-05T16:34:30+00:00\" \/>\n<meta property=\"og:image\" content=\"https:\/\/www.libriparlanti.org\/wp-content\/uploads\/2020\/07\/9788831003421.jpg\" \/>\n\t<meta property=\"og:image:width\" content=\"128\" \/>\n\t<meta property=\"og:image:height\" content=\"200\" \/>\n\t<meta property=\"og:image:type\" content=\"image\/jpeg\" \/>\n<meta name=\"twitter:card\" content=\"summary_large_image\" \/>\n<meta name=\"twitter:label1\" content=\"Tempo di lettura stimato\" \/>\n\t<meta name=\"twitter:data1\" content=\"1 minuto\" \/>\n<script type=\"application\/ld+json\" class=\"yoast-schema-graph\">{\"@context\":\"https:\\\/\\\/schema.org\",\"@graph\":[{\"@type\":\"WebPage\",\"@id\":\"https:\\\/\\\/www.libriparlanti.org\\\/index.php\\\/prodotto\\\/harry-potter-e-lordine-della-fenice\\\/\",\"url\":\"https:\\\/\\\/www.libriparlanti.org\\\/index.php\\\/prodotto\\\/harry-potter-e-lordine-della-fenice\\\/\",\"name\":\"HARRY POTTER E L'ORDINE DELLA FENICE - Libreria Libri parlanti\",\"isPartOf\":{\"@id\":\"https:\\\/\\\/www.libriparlanti.org\\\/#website\"},\"primaryImageOfPage\":{\"@id\":\"https:\\\/\\\/www.libriparlanti.org\\\/index.php\\\/prodotto\\\/harry-potter-e-lordine-della-fenice\\\/#primaryimage\"},\"image\":{\"@id\":\"https:\\\/\\\/www.libriparlanti.org\\\/index.php\\\/prodotto\\\/harry-potter-e-lordine-della-fenice\\\/#primaryimage\"},\"thumbnailUrl\":\"https:\\\/\\\/www.libriparlanti.org\\\/wp-content\\\/uploads\\\/2020\\\/07\\\/9788831003421.jpg\",\"datePublished\":\"2020-07-09T06:34:07+00:00\",\"dateModified\":\"2025-03-05T16:34:30+00:00\",\"breadcrumb\":{\"@id\":\"https:\\\/\\\/www.libriparlanti.org\\\/index.php\\\/prodotto\\\/harry-potter-e-lordine-della-fenice\\\/#breadcrumb\"},\"inLanguage\":\"it-IT\",\"potentialAction\":[{\"@type\":\"ReadAction\",\"target\":[\"https:\\\/\\\/www.libriparlanti.org\\\/index.php\\\/prodotto\\\/harry-potter-e-lordine-della-fenice\\\/\"]}]},{\"@type\":\"ImageObject\",\"inLanguage\":\"it-IT\",\"@id\":\"https:\\\/\\\/www.libriparlanti.org\\\/index.php\\\/prodotto\\\/harry-potter-e-lordine-della-fenice\\\/#primaryimage\",\"url\":\"https:\\\/\\\/www.libriparlanti.org\\\/wp-content\\\/uploads\\\/2020\\\/07\\\/9788831003421.jpg\",\"contentUrl\":\"https:\\\/\\\/www.libriparlanti.org\\\/wp-content\\\/uploads\\\/2020\\\/07\\\/9788831003421.jpg\",\"width\":128,\"height\":200},{\"@type\":\"BreadcrumbList\",\"@id\":\"https:\\\/\\\/www.libriparlanti.org\\\/index.php\\\/prodotto\\\/harry-potter-e-lordine-della-fenice\\\/#breadcrumb\",\"itemListElement\":[{\"@type\":\"ListItem\",\"position\":1,\"name\":\"Home\",\"item\":\"https:\\\/\\\/www.libriparlanti.org\\\/\"},{\"@type\":\"ListItem\",\"position\":2,\"name\":\"Shop\",\"item\":\"https:\\\/\\\/www.libriparlanti.org\\\/index.php\\\/negozio\\\/\"},{\"@type\":\"ListItem\",\"position\":3,\"name\":\"HARRY POTTER E L&#8217;ORDINE DELLA FENICE\"}]},{\"@type\":\"WebSite\",\"@id\":\"https:\\\/\\\/www.libriparlanti.org\\\/#website\",\"url\":\"https:\\\/\\\/www.libriparlanti.org\\\/\",\"name\":\"Libreria Libri parlanti\",\"description\":\"Libreria in Castiglione del Lago (Pg)\",\"potentialAction\":[{\"@type\":\"SearchAction\",\"target\":{\"@type\":\"EntryPoint\",\"urlTemplate\":\"https:\\\/\\\/www.libriparlanti.org\\\/?s={search_term_string}\"},\"query-input\":{\"@type\":\"PropertyValueSpecification\",\"valueRequired\":true,\"valueName\":\"search_term_string\"}}],\"inLanguage\":\"it-IT\"}]}<\/script>\n<!-- \/ Yoast SEO plugin. -->","yoast_head_json":{"title":"HARRY POTTER E L'ORDINE DELLA FENICE - Libreria Libri parlanti","robots":{"index":"index","follow":"follow","max-snippet":"max-snippet:-1","max-image-preview":"max-image-preview:large","max-video-preview":"max-video-preview:-1"},"canonical":"https:\/\/www.libriparlanti.org\/index.php\/prodotto\/harry-potter-e-lordine-della-fenice\/","og_locale":"it_IT","og_type":"article","og_title":"HARRY POTTER E L'ORDINE DELLA FENICE - Libreria Libri parlanti","og_description":"Autore: J. K. ROWLING Editore: SALANI ISBN: 9788831003421","og_url":"https:\/\/www.libriparlanti.org\/index.php\/prodotto\/harry-potter-e-lordine-della-fenice\/","og_site_name":"Libreria Libri parlanti","article_publisher":"https:\/\/www.facebook.com\/LibriParlanti","article_modified_time":"2025-03-05T16:34:30+00:00","og_image":[{"width":128,"height":200,"url":"https:\/\/www.libriparlanti.org\/wp-content\/uploads\/2020\/07\/9788831003421.jpg","type":"image\/jpeg"}],"twitter_card":"summary_large_image","twitter_misc":{"Tempo di lettura stimato":"1 minuto"},"schema":{"@context":"https:\/\/schema.org","@graph":[{"@type":"WebPage","@id":"https:\/\/www.libriparlanti.org\/index.php\/prodotto\/harry-potter-e-lordine-della-fenice\/","url":"https:\/\/www.libriparlanti.org\/index.php\/prodotto\/harry-potter-e-lordine-della-fenice\/","name":"HARRY POTTER E L'ORDINE DELLA FENICE - Libreria Libri parlanti","isPartOf":{"@id":"https:\/\/www.libriparlanti.org\/#website"},"primaryImageOfPage":{"@id":"https:\/\/www.libriparlanti.org\/index.php\/prodotto\/harry-potter-e-lordine-della-fenice\/#primaryimage"},"image":{"@id":"https:\/\/www.libriparlanti.org\/index.php\/prodotto\/harry-potter-e-lordine-della-fenice\/#primaryimage"},"thumbnailUrl":"https:\/\/www.libriparlanti.org\/wp-content\/uploads\/2020\/07\/9788831003421.jpg","datePublished":"2020-07-09T06:34:07+00:00","dateModified":"2025-03-05T16:34:30+00:00","breadcrumb":{"@id":"https:\/\/www.libriparlanti.org\/index.php\/prodotto\/harry-potter-e-lordine-della-fenice\/#breadcrumb"},"inLanguage":"it-IT","potentialAction":[{"@type":"ReadAction","target":["https:\/\/www.libriparlanti.org\/index.php\/prodotto\/harry-potter-e-lordine-della-fenice\/"]}]},{"@type":"ImageObject","inLanguage":"it-IT","@id":"https:\/\/www.libriparlanti.org\/index.php\/prodotto\/harry-potter-e-lordine-della-fenice\/#primaryimage","url":"https:\/\/www.libriparlanti.org\/wp-content\/uploads\/2020\/07\/9788831003421.jpg","contentUrl":"https:\/\/www.libriparlanti.org\/wp-content\/uploads\/2020\/07\/9788831003421.jpg","width":128,"height":200},{"@type":"BreadcrumbList","@id":"https:\/\/www.libriparlanti.org\/index.php\/prodotto\/harry-potter-e-lordine-della-fenice\/#breadcrumb","itemListElement":[{"@type":"ListItem","position":1,"name":"Home","item":"https:\/\/www.libriparlanti.org\/"},{"@type":"ListItem","position":2,"name":"Shop","item":"https:\/\/www.libriparlanti.org\/index.php\/negozio\/"},{"@type":"ListItem","position":3,"name":"HARRY POTTER E L&#8217;ORDINE DELLA FENICE"}]},{"@type":"WebSite","@id":"https:\/\/www.libriparlanti.org\/#website","url":"https:\/\/www.libriparlanti.org\/","name":"Libreria Libri parlanti","description":"Libreria in Castiglione del Lago (Pg)","potentialAction":[{"@type":"SearchAction","target":{"@type":"EntryPoint","urlTemplate":"https:\/\/www.libriparlanti.org\/?s={search_term_string}"},"query-input":{"@type":"PropertyValueSpecification","valueRequired":true,"valueName":"search_term_string"}}],"inLanguage":"it-IT"}]}},"_links":{"self":[{"href":"https:\/\/www.libriparlanti.org\/index.php\/wp-json\/wp\/v2\/product\/10013","targetHints":{"allow":["GET"]}}],"collection":[{"href":"https:\/\/www.libriparlanti.org\/index.php\/wp-json\/wp\/v2\/product"}],"about":[{"href":"https:\/\/www.libriparlanti.org\/index.php\/wp-json\/wp\/v2\/types\/product"}],"replies":[{"embeddable":true,"href":"https:\/\/www.libriparlanti.org\/index.php\/wp-json\/wp\/v2\/comments?post=10013"}],"wp:featuredmedia":[{"embeddable":true,"href":"https:\/\/www.libriparlanti.org\/index.php\/wp-json\/wp\/v2\/media\/10012"}],"wp:attachment":[{"href":"https:\/\/www.libriparlanti.org\/index.php\/wp-json\/wp\/v2\/media?parent=10013"}],"wp:term":[{"taxonomy":"product_brand","embeddable":true,"href":"https:\/\/www.libriparlanti.org\/index.php\/wp-json\/wp\/v2\/product_brand?post=10013"},{"taxonomy":"product_cat","embeddable":true,"href":"https:\/\/www.libriparlanti.org\/index.php\/wp-json\/wp\/v2\/product_cat?post=10013"},{"taxonomy":"product_tag","embeddable":true,"href":"https:\/\/www.libriparlanti.org\/index.php\/wp-json\/wp\/v2\/product_tag?post=10013"}],"curies":[{"name":"wp","href":"https:\/\/api.w.org\/{rel}","templated":true}]}}

<p>«Tu condividi i suoi pensieri e le sue emozioni. Il preside ritiene che questo non debba continuare. Desidera che io ti insegni a chiudere la mente al Signore Oscuro». Il quinto anno a Hogwarts si annuncia carico di sfide difficili per Harry Potter: Lord Voldemort è tornato. Che cosa succederà ora che il Signore Oscuro è di nuovo in pieno possesso dei suoi terrificanti poteri? Il Ministro della Magia sembra non prendere sul serio questa spaventosa minaccia. Toccherà a Harry organizzare la resistenza, con l&#8217;aiuto degli amici di sempre e il tumultuoso coraggio dell&#8217;adolescenza. Edizione speciale con contenuti inediti: la mappa di Hogwarts, il glossario, curiosità sui fondatori di Hogwarts. Età di lettura: da 10 anni.</p>
