{"id":31,"date":"2011-08-30T13:43:25","date_gmt":"2011-08-30T13:43:25","guid":{"rendered":"http:\/\/www.libriparlanti.org\/?page_id=31"},"modified":"2020-03-03T06:33:38","modified_gmt":"2020-03-03T06:33:38","slug":"chi-siamo","status":"publish","type":"page","link":"https:\/\/www.libriparlanti.org\/index.php\/chi-siamo\/","title":{"rendered":"Chi siamo"},"content":{"rendered":"\n<figure class=\"wp-block-image size-large\"><img loading=\"lazy\" decoding=\"async\" width=\"960\" height=\"720\" src=\"http:\/\/www.libriparlanti.org\/wp-content\/uploads\/2020\/03\/Monica-e-Grazia-titiolari-di-Libri-parlanti.jpg\" alt=\"\" class=\"wp-image-7686\" srcset=\"https:\/\/www.libriparlanti.org\/wp-content\/uploads\/2020\/03\/Monica-e-Grazia-titiolari-di-Libri-parlanti.jpg 960w, https:\/\/www.libriparlanti.org\/wp-content\/uploads\/2020\/03\/Monica-e-Grazia-titiolari-di-Libri-parlanti-600x450.jpg 600w, https:\/\/www.libriparlanti.org\/wp-content\/uploads\/2020\/03\/Monica-e-Grazia-titiolari-di-Libri-parlanti-300x225.jpg 300w, https:\/\/www.libriparlanti.org\/wp-content\/uploads\/2020\/03\/Monica-e-Grazia-titiolari-di-Libri-parlanti-768x576.jpg 768w\" sizes=\"(max-width: 960px) 100vw, 960px\" \/><figcaption>Monica e Grazia titolari di Libri parlanti<\/figcaption><\/figure>\n\n\n\n<p><strong>Libri parlanti \u00e8 una libreria per bambini e per ragazzi<\/strong>, realt\u00e0 unica e originale di Castiglione del Lago. All&#8217;interno si trovano <strong>oltre 4.000 titoli dedicati alla fascia di et\u00e0 0-14 anni<\/strong>, oltre che <strong>testi di puericultura e di pedagogia<\/strong>. Inoltre si trova uno spazio caffetteria con ristoro tavola fredda.<br>All&#8217;interno della libreria si organizzano laboratori, letture animate, feste di compleanno, gite, corsi per ogni fascia di et\u00e0.<\/p>\n\n\n\n<h2 class=\"wp-block-heading\">Il sogno<\/h2>\n\n\n\n<p><strong>Il nostro sogno<\/strong> \u00e8 qui: in questi 150 metri quadrati di parole, favole, libri e storie. Un filo sottilissimo fra di noi che ci porta ad una forma, a uno spazio e a un&#8217;idea fissa: <strong>la nostra libreria<\/strong>.<br>Uno spazio dove ricomporre il puzzle delle nostre vite, incastri perfetti che a volte non vedi nella tua storia:<\/p>\n\n\n\n<ul class=\"wp-block-list\"><li>l&#8217;amore per la lettura<\/li><li>l&#8217;idea salda che esista una storia speciale per ognuno di noi<\/li><li>la nostra amicizia fatta di poche concrete parole e di sguardi semplici e di intesa. <\/li><\/ul>\n\n\n\n<p>Ed ecco che allora due donne, due mamme hanno fatto di un sogno un ritmo nuovo per le loro vite, una follia che odora di realt\u00e0: un posto dove si possa annusare un buon libro, dove poter leggere le storie in ogni momento, dove non si va di corsa ma si respira il profumo di un th\u00e8 e delle pagine illustrate, stando seduti o in movimento, assieme o da soli, uno spazio fuori dai ritmi troppo rapidi del quotidiano. <\/p>\n\n\n\n<h2 class=\"wp-block-heading\">La realt\u00e0<\/h2>\n\n\n\n<p><strong>Nasce cos\u00ec la nostra realt\u00e0<\/strong>, con tante proposte per i piccoli, per i loro genitori, per le insegnanti, per gli addetti ai lavori, ma anche per chi un libro deve ancora imparare a prenderlo in mano.<\/p>\n\n\n\n<p><strong>Una sola regola: stare in ascolto<\/strong>, non solo dei libri che parlano, ma anche di tutti coloro che vorranno venirci a trovare per condividere idee e sopra ogni cosa la fantasia.<\/p>\n\n\n\n<p><strong>La nostra nuova vita<\/strong> con un solo obbligo: quello di ringraziare i nostri figli che ci hanno insegnato ad ascoltare e a leggere di nuovo, i nostri mariti che hanno reso possibile con pazienza e follia questa realt\u00e0.<\/p>\n\n\n\n<p>Maria Grazia &amp; Monica<\/p>\n","protected":false},"excerpt":{"rendered":"<p>Libri parlanti \u00e8 una libreria per bambini e per ragazzi, realt\u00e0 unica e originale di Castiglione del Lago. All&#8217;interno si trovano oltre 4.000 titoli dedicati alla fascia di et\u00e0 0-14 anni, oltre che testi di puericultura e di pedagogia. Inoltre si trova uno spazio caffetteria con ristoro tavola fredda.All&#8217;interno della libreria si organizzano laboratori, letture [&hellip;]<\/p>\n","protected":false},"author":1,"featured_media":0,"parent":0,"menu_order":0,"comment_status":"open","ping_status":"closed","template":"","meta":{"_et_pb_use_builder":"","_et_pb_old_content":"","_et_gb_content_width":"","_joinchat":[],"footnotes":""},"class_list":["post-31","page","type-page","status-publish","hentry"],"yoast_head":"<!-- This site is optimized with the Yoast SEO plugin v27.4 - https:\/\/yoast.com\/product\/yoast-seo-wordpress\/ -->\n<title>Chi siamo - Libreria Libri parlanti<\/title>\n<meta name=\"description\" content=\"Siamo una libreria per bambini e ragazzi e una caffetteria dove si organizzano laboratori, letture animate, feste di compleanno, gite e corsi.\" \/>\n<meta name=\"robots\" content=\"index, follow, max-snippet:-1, max-image-preview:large, max-video-preview:-1\" \/>\n<link rel=\"canonical\" href=\"https:\/\/www.libriparlanti.org\/index.php\/chi-siamo\/\" \/>\n<meta property=\"og:locale\" content=\"it_IT\" \/>\n<meta property=\"og:type\" content=\"article\" \/>\n<meta property=\"og:title\" content=\"Chi siamo - Libreria Libri parlanti\" \/>\n<meta property=\"og:description\" content=\"Siamo una libreria per bambini e ragazzi e una caffetteria dove si organizzano laboratori, letture animate, feste di compleanno, gite e corsi.\" \/>\n<meta property=\"og:url\" content=\"https:\/\/www.libriparlanti.org\/index.php\/chi-siamo\/\" \/>\n<meta property=\"og:site_name\" content=\"Libreria Libri parlanti\" \/>\n<meta property=\"article:publisher\" content=\"https:\/\/www.facebook.com\/LibriParlanti\" \/>\n<meta property=\"article:modified_time\" content=\"2020-03-03T06:33:38+00:00\" \/>\n<meta property=\"og:image\" content=\"http:\/\/www.libriparlanti.org\/wp-content\/uploads\/2020\/03\/Monica-e-Grazia-titiolari-di-Libri-parlanti.jpg\" \/>\n<meta name=\"twitter:card\" content=\"summary_large_image\" \/>\n<meta name=\"twitter:label1\" content=\"Tempo di lettura stimato\" \/>\n\t<meta name=\"twitter:data1\" content=\"2 minuti\" \/>\n<script type=\"application\/ld+json\" class=\"yoast-schema-graph\">{\"@context\":\"https:\\\/\\\/schema.org\",\"@graph\":[{\"@type\":\"WebPage\",\"@id\":\"https:\\\/\\\/www.libriparlanti.org\\\/index.php\\\/chi-siamo\\\/\",\"url\":\"https:\\\/\\\/www.libriparlanti.org\\\/index.php\\\/chi-siamo\\\/\",\"name\":\"Chi siamo - Libreria Libri parlanti\",\"isPartOf\":{\"@id\":\"https:\\\/\\\/www.libriparlanti.org\\\/#website\"},\"primaryImageOfPage\":{\"@id\":\"https:\\\/\\\/www.libriparlanti.org\\\/index.php\\\/chi-siamo\\\/#primaryimage\"},\"image\":{\"@id\":\"https:\\\/\\\/www.libriparlanti.org\\\/index.php\\\/chi-siamo\\\/#primaryimage\"},\"thumbnailUrl\":\"http:\\\/\\\/www.libriparlanti.org\\\/wp-content\\\/uploads\\\/2020\\\/03\\\/Monica-e-Grazia-titiolari-di-Libri-parlanti.jpg\",\"datePublished\":\"2011-08-30T13:43:25+00:00\",\"dateModified\":\"2020-03-03T06:33:38+00:00\",\"description\":\"Siamo una libreria per bambini e ragazzi e una caffetteria dove si organizzano laboratori, letture animate, feste di compleanno, gite e corsi.\",\"breadcrumb\":{\"@id\":\"https:\\\/\\\/www.libriparlanti.org\\\/index.php\\\/chi-siamo\\\/#breadcrumb\"},\"inLanguage\":\"it-IT\",\"potentialAction\":[{\"@type\":\"ReadAction\",\"target\":[\"https:\\\/\\\/www.libriparlanti.org\\\/index.php\\\/chi-siamo\\\/\"]}]},{\"@type\":\"ImageObject\",\"inLanguage\":\"it-IT\",\"@id\":\"https:\\\/\\\/www.libriparlanti.org\\\/index.php\\\/chi-siamo\\\/#primaryimage\",\"url\":\"http:\\\/\\\/www.libriparlanti.org\\\/wp-content\\\/uploads\\\/2020\\\/03\\\/Monica-e-Grazia-titiolari-di-Libri-parlanti.jpg\",\"contentUrl\":\"http:\\\/\\\/www.libriparlanti.org\\\/wp-content\\\/uploads\\\/2020\\\/03\\\/Monica-e-Grazia-titiolari-di-Libri-parlanti.jpg\"},{\"@type\":\"BreadcrumbList\",\"@id\":\"https:\\\/\\\/www.libriparlanti.org\\\/index.php\\\/chi-siamo\\\/#breadcrumb\",\"itemListElement\":[{\"@type\":\"ListItem\",\"position\":1,\"name\":\"Home\",\"item\":\"https:\\\/\\\/www.libriparlanti.org\\\/\"},{\"@type\":\"ListItem\",\"position\":2,\"name\":\"Chi siamo\"}]},{\"@type\":\"WebSite\",\"@id\":\"https:\\\/\\\/www.libriparlanti.org\\\/#website\",\"url\":\"https:\\\/\\\/www.libriparlanti.org\\\/\",\"name\":\"Libreria Libri parlanti\",\"description\":\"Libreria in Castiglione del Lago (Pg)\",\"potentialAction\":[{\"@type\":\"SearchAction\",\"target\":{\"@type\":\"EntryPoint\",\"urlTemplate\":\"https:\\\/\\\/www.libriparlanti.org\\\/?s={search_term_string}\"},\"query-input\":{\"@type\":\"PropertyValueSpecification\",\"valueRequired\":true,\"valueName\":\"search_term_string\"}}],\"inLanguage\":\"it-IT\"}]}<\/script>\n<!-- \/ Yoast SEO plugin. -->","yoast_head_json":{"title":"Chi siamo - Libreria Libri parlanti","description":"Siamo una libreria per bambini e ragazzi e una caffetteria dove si organizzano laboratori, letture animate, feste di compleanno, gite e corsi.","robots":{"index":"index","follow":"follow","max-snippet":"max-snippet:-1","max-image-preview":"max-image-preview:large","max-video-preview":"max-video-preview:-1"},"canonical":"https:\/\/www.libriparlanti.org\/index.php\/chi-siamo\/","og_locale":"it_IT","og_type":"article","og_title":"Chi siamo - Libreria Libri parlanti","og_description":"Siamo una libreria per bambini e ragazzi e una caffetteria dove si organizzano laboratori, letture animate, feste di compleanno, gite e corsi.","og_url":"https:\/\/www.libriparlanti.org\/index.php\/chi-siamo\/","og_site_name":"Libreria Libri parlanti","article_publisher":"https:\/\/www.facebook.com\/LibriParlanti","article_modified_time":"2020-03-03T06:33:38+00:00","og_image":[{"url":"http:\/\/www.libriparlanti.org\/wp-content\/uploads\/2020\/03\/Monica-e-Grazia-titiolari-di-Libri-parlanti.jpg","type":"","width":"","height":""}],"twitter_card":"summary_large_image","twitter_misc":{"Tempo di lettura stimato":"2 minuti"},"schema":{"@context":"https:\/\/schema.org","@graph":[{"@type":"WebPage","@id":"https:\/\/www.libriparlanti.org\/index.php\/chi-siamo\/","url":"https:\/\/www.libriparlanti.org\/index.php\/chi-siamo\/","name":"Chi siamo - Libreria Libri parlanti","isPartOf":{"@id":"https:\/\/www.libriparlanti.org\/#website"},"primaryImageOfPage":{"@id":"https:\/\/www.libriparlanti.org\/index.php\/chi-siamo\/#primaryimage"},"image":{"@id":"https:\/\/www.libriparlanti.org\/index.php\/chi-siamo\/#primaryimage"},"thumbnailUrl":"http:\/\/www.libriparlanti.org\/wp-content\/uploads\/2020\/03\/Monica-e-Grazia-titiolari-di-Libri-parlanti.jpg","datePublished":"2011-08-30T13:43:25+00:00","dateModified":"2020-03-03T06:33:38+00:00","description":"Siamo una libreria per bambini e ragazzi e una caffetteria dove si organizzano laboratori, letture animate, feste di compleanno, gite e corsi.","breadcrumb":{"@id":"https:\/\/www.libriparlanti.org\/index.php\/chi-siamo\/#breadcrumb"},"inLanguage":"it-IT","potentialAction":[{"@type":"ReadAction","target":["https:\/\/www.libriparlanti.org\/index.php\/chi-siamo\/"]}]},{"@type":"ImageObject","inLanguage":"it-IT","@id":"https:\/\/www.libriparlanti.org\/index.php\/chi-siamo\/#primaryimage","url":"http:\/\/www.libriparlanti.org\/wp-content\/uploads\/2020\/03\/Monica-e-Grazia-titiolari-di-Libri-parlanti.jpg","contentUrl":"http:\/\/www.libriparlanti.org\/wp-content\/uploads\/2020\/03\/Monica-e-Grazia-titiolari-di-Libri-parlanti.jpg"},{"@type":"BreadcrumbList","@id":"https:\/\/www.libriparlanti.org\/index.php\/chi-siamo\/#breadcrumb","itemListElement":[{"@type":"ListItem","position":1,"name":"Home","item":"https:\/\/www.libriparlanti.org\/"},{"@type":"ListItem","position":2,"name":"Chi siamo"}]},{"@type":"WebSite","@id":"https:\/\/www.libriparlanti.org\/#website","url":"https:\/\/www.libriparlanti.org\/","name":"Libreria Libri parlanti","description":"Libreria in Castiglione del Lago (Pg)","potentialAction":[{"@type":"SearchAction","target":{"@type":"EntryPoint","urlTemplate":"https:\/\/www.libriparlanti.org\/?s={search_term_string}"},"query-input":{"@type":"PropertyValueSpecification","valueRequired":true,"valueName":"search_term_string"}}],"inLanguage":"it-IT"}]}},"_links":{"self":[{"href":"https:\/\/www.libriparlanti.org\/index.php\/wp-json\/wp\/v2\/pages\/31","targetHints":{"allow":["GET"]}}],"collection":[{"href":"https:\/\/www.libriparlanti.org\/index.php\/wp-json\/wp\/v2\/pages"}],"about":[{"href":"https:\/\/www.libriparlanti.org\/index.php\/wp-json\/wp\/v2\/types\/page"}],"author":[{"embeddable":true,"href":"https:\/\/www.libriparlanti.org\/index.php\/wp-json\/wp\/v2\/users\/1"}],"replies":[{"embeddable":true,"href":"https:\/\/www.libriparlanti.org\/index.php\/wp-json\/wp\/v2\/comments?post=31"}],"version-history":[{"count":23,"href":"https:\/\/www.libriparlanti.org\/index.php\/wp-json\/wp\/v2\/pages\/31\/revisions"}],"predecessor-version":[{"id":7693,"href":"https:\/\/www.libriparlanti.org\/index.php\/wp-json\/wp\/v2\/pages\/31\/revisions\/7693"}],"wp:attachment":[{"href":"https:\/\/www.libriparlanti.org\/index.php\/wp-json\/wp\/v2\/media?parent=31"}],"curies":[{"name":"wp","href":"https:\/\/api.w.org\/{rel}","templated":true}]}}